{"id":43528,"date":"2026-09-06T10:53:19","date_gmt":"2026-09-06T10:53:19","guid":{"rendered":"https:\/\/contemporary-arts.de\/?post_type=galerie&#038;p=43528"},"modified":"2026-09-06T12:34:18","modified_gmt":"2026-09-06T12:34:18","slug":"kunstverein-zu-rostock-e-v-galerie","status":"publish","type":"galerie","link":"https:\/\/contemporary-arts.de\/index.php\/galerie\/kunstverein-zu-rostock-e-v-galerie\/","title":{"rendered":"Kunstverein zu Rostock e.V. &#8211; Galerie"},"content":{"rendered":"<p>Kunstverein zu Rostock e.V. &#8211; Galerie zeigt in Rostock vor allem Editionen. Zum Programm geh\u00f6ren 3 K\u00fcnstlerinnen und K\u00fcnstler. Als Verein wird nicht verkauft, sondern vermittelt, was das Programm freier macht als im Galeriebetrieb.<\/p>\n","protected":false},"excerpt":{"rendered":"<p>Kunstverein zu Rostock e.V. &#8211; Galerie zeigt in Rostock vor allem Editionen. Zum Programm geh\u00f6ren 3 K\u00fcnstlerinnen und K\u00fcnstler. Als Verein wird nicht verkauft, sondern vermittelt, was das Programm freier macht als im Galeriebetrieb.<\/p>\n","protected":false},"author":1,"featured_media":0,"template":"","meta":{"_acf_changed":false,"galerie_place_id":"ChIJ6VyZHd5WrEcRuWBWS9aXtt0","galerie_address":"Amberg 13","galerie_city":"Rostock","galerie_zip":"18055","galerie_country":"DE","galerie_latitude":"54.0909881","galerie_longitude":"12.1464874","galerie_phone":"+493814591222","galerie_url":"http:\/\/www.kunstverein-rostock.de\/","galerie_domain":"www.kunstverein-rostock.de","galerie_rating_value":"4.4","galerie_rating_count":"19","galerie_galerist":"","galerie_gruendung":"","galerie_artists_url":"http:\/\/www.kunstverein-rostock.de\/jahresprogramm-2026","galerie_about_url":"","galerie_quelle_stadt":"Rostock","galerie_werk_typ":"unbestimmt","galerie_online_shop":"nein","galerie_werk_signale":"","galerie_ranking_score":"0","galerie_ranking_rang":"5007","galerie_claimed_by":""},"kuenstler":[19727,19728,19729],"galerie_stadt":[495],"galerie_typ":[],"galerie_land":[49],"class_list":["post-43528","galerie","type-galerie","status-publish","hentry","kuenstler-day-of-light","kuenstler-der-kunstverein","kuenstler-kunstverein-zu-rostock-e-v","galerie_stadt-rostock","galerie_land-de"],"acf":[],"_links":{"self":[{"href":"https:\/\/contemporary-arts.de\/index.php\/wp-json\/wp\/v2\/galerie\/43528","targetHints":{"allow":["GET"]}}],"collection":[{"href":"https:\/\/contemporary-arts.de\/index.php\/wp-json\/wp\/v2\/galerie"}],"about":[{"href":"https:\/\/contemporary-arts.de\/index.php\/wp-json\/wp\/v2\/types\/galerie"}],"author":[{"embeddable":true,"href":"https:\/\/contemporary-arts.de\/index.php\/wp-json\/wp\/v2\/users\/1"}],"wp:attachment":[{"href":"https:\/\/contemporary-arts.de\/index.php\/wp-json\/wp\/v2\/media?parent=43528"}],"wp:term":[{"taxonomy":"kuenstler","embeddable":true,"href":"https:\/\/contemporary-arts.de\/index.php\/wp-json\/wp\/v2\/kuenstler?post=43528"},{"taxonomy":"galerie_stadt","embeddable":true,"href":"https:\/\/contemporary-arts.de\/index.php\/wp-json\/wp\/v2\/galerie_stadt?post=43528"},{"taxonomy":"galerie_typ","embeddable":true,"href":"https:\/\/contemporary-arts.de\/index.php\/wp-json\/wp\/v2\/galerie_typ?post=43528"},{"taxonomy":"galerie_land","embeddable":true,"href":"https:\/\/contemporary-arts.de\/index.php\/wp-json\/wp\/v2\/galerie_land?post=43528"}],"curies":[{"name":"wp","href":"https:\/\/api.w.org\/{rel}","templated":true}]}}

<p>Kunstverein zu Rostock e.V. &#8211; Galerie zeigt in Rostock vor allem Editionen. Zum Programm gehören 3 Künstlerinnen und Künstler. Als Verein wird nicht verkauft, sondern vermittelt, was das Programm freier macht als im Galeriebetrieb.</p>
