{"id":43491,"date":"2026-09-06T10:53:19","date_gmt":"2026-09-06T10:53:19","guid":{"rendered":"https:\/\/contemporary-arts.de\/?post_type=galerie&#038;p=43491"},"modified":"2026-09-06T12:37:55","modified_gmt":"2026-09-06T12:37:55","slug":"galerie-cardemil","status":"publish","type":"galerie","link":"https:\/\/contemporary-arts.de\/index.php\/galerie\/galerie-cardemil\/","title":{"rendered":"GALERIE CARDEMIL"},"content":{"rendered":"<p>In Erfurt zeigt GALERIE CARDEMIL \u00fcberwiegend Druckgrafik und Fotografie. Vertreten werden 10 K\u00fcnstlerinnen und K\u00fcnstler.<\/p>\n","protected":false},"excerpt":{"rendered":"<p>In Erfurt zeigt GALERIE CARDEMIL \u00fcberwiegend Druckgrafik und Fotografie. Vertreten werden 10 K\u00fcnstlerinnen und K\u00fcnstler.<\/p>\n","protected":false},"author":1,"featured_media":0,"template":"","meta":{"_acf_changed":false,"galerie_place_id":"ChIJ_789EJVypEcRF1068BjourE","galerie_address":"Lange Br\u00fccke 43","galerie_city":"Erfurt","galerie_zip":"99084","galerie_country":"DE","galerie_latitude":"50.9746492","galerie_longitude":"11.0268781","galerie_phone":"+4917620410445","galerie_url":"https:\/\/www.galeriecardemil.de\/","galerie_domain":"www.galeriecardemil.de","galerie_rating_value":"5","galerie_rating_count":"1","galerie_galerist":"","galerie_gruendung":"","galerie_artists_url":"https:\/\/www.galeriecardemil.de\/artists","galerie_about_url":"","galerie_quelle_stadt":"Erfurt","galerie_werk_typ":"unbestimmt","galerie_online_shop":"nein","galerie_werk_signale":"","galerie_ranking_score":"0","galerie_ranking_rang":"5012","galerie_claimed_by":""},"kuenstler":[19769,3743,19764,19767,15578,19768,19766,19765,19770,7712],"galerie_stadt":[494],"galerie_typ":[],"galerie_land":[49],"class_list":["post-43491","galerie","type-galerie","status-publish","hentry","kuenstler-cristina-guerrero","kuenstler-follow-us","kuenstler-galerie-cardemil","kuenstler-gerd-lieder","kuenstler-gerd-mackensen","kuenstler-kolja-senteur","kuenstler-lezzueck-coosemans","kuenstler-our-gallery","kuenstler-valentina-andrees","kuenstler-visit-us","galerie_stadt-erfurt","galerie_land-de"],"acf":[],"_links":{"self":[{"href":"https:\/\/contemporary-arts.de\/index.php\/wp-json\/wp\/v2\/galerie\/43491","targetHints":{"allow":["GET"]}}],"collection":[{"href":"https:\/\/contemporary-arts.de\/index.php\/wp-json\/wp\/v2\/galerie"}],"about":[{"href":"https:\/\/contemporary-arts.de\/index.php\/wp-json\/wp\/v2\/types\/galerie"}],"author":[{"embeddable":true,"href":"https:\/\/contemporary-arts.de\/index.php\/wp-json\/wp\/v2\/users\/1"}],"wp:attachment":[{"href":"https:\/\/contemporary-arts.de\/index.php\/wp-json\/wp\/v2\/media?parent=43491"}],"wp:term":[{"taxonomy":"kuenstler","embeddable":true,"href":"https:\/\/contemporary-arts.de\/index.php\/wp-json\/wp\/v2\/kuenstler?post=43491"},{"taxonomy":"galerie_stadt","embeddable":true,"href":"https:\/\/contemporary-arts.de\/index.php\/wp-json\/wp\/v2\/galerie_stadt?post=43491"},{"taxonomy":"galerie_typ","embeddable":true,"href":"https:\/\/contemporary-arts.de\/index.php\/wp-json\/wp\/v2\/galerie_typ?post=43491"},{"taxonomy":"galerie_land","embeddable":true,"href":"https:\/\/contemporary-arts.de\/index.php\/wp-json\/wp\/v2\/galerie_land?post=43491"}],"curies":[{"name":"wp","href":"https:\/\/api.w.org\/{rel}","templated":true}]}}

<p>In Erfurt zeigt GALERIE CARDEMIL überwiegend Druckgrafik und Fotografie. Vertreten werden 10 Künstlerinnen und Künstler.</p>

Lange Brücke 43
