{"id":43461,"date":"2026-09-06T10:53:22","date_gmt":"2026-09-06T10:53:22","guid":{"rendered":"https:\/\/contemporary-arts.de\/?post_type=galerie&#038;p=43461"},"modified":"2026-09-06T12:35:03","modified_gmt":"2026-09-06T12:35:03","slug":"galerie-koch-westenhoff-gmbh-co-kg","status":"publish","type":"galerie","link":"https:\/\/contemporary-arts.de\/index.php\/galerie\/galerie-koch-westenhoff-gmbh-co-kg\/","title":{"rendered":"Galerie Koch-Westenhoff GmbH &amp; Co. KG"},"content":{"rendered":"<p>Gezeigt wird bei Galerie Koch-Westenhoff GmbH &#038; Co. KG in L\u00fcbeck \u00fcberwiegend Malerei, Druckgrafik und Skulptur. Das Programm umfasst 53 Positionen. Neben dem Programm vor Ort ist das Haus auf Kunstmessen vertreten.<\/p>\n","protected":false},"excerpt":{"rendered":"<p>Gezeigt wird bei Galerie Koch-Westenhoff GmbH &#038; Co. KG in L\u00fcbeck \u00fcberwiegend Malerei, Druckgrafik und Skulptur. Das Programm umfasst 53 Positionen. Neben dem Programm vor Ort ist das Haus auf Kunstmessen vertreten.<\/p>\n","protected":false},"author":1,"featured_media":0,"template":"","meta":{"_acf_changed":false,"galerie_place_id":"ChIJPcOpmVkJskcRhma_mZQbVN0","galerie_address":"H\u00fcxstra\u00dfe 29","galerie_city":"L\u00fcbeck","galerie_zip":"23552","galerie_country":"DE","galerie_latitude":"53.8661538","galerie_longitude":"10.687888","galerie_phone":"+4945172808","galerie_url":"http:\/\/www.galerie-koch-westenhoff.de\/","galerie_domain":"www.galerie-koch-westenhoff.de","galerie_rating_value":"5","galerie_rating_count":"4","galerie_galerist":"","galerie_gruendung":"","galerie_artists_url":"http:\/\/www.galerie-koch-westenhoff.de\/artists","galerie_about_url":"http:\/\/www.galerie-koch-westenhoff.de\/about","galerie_quelle_stadt":"L\u00fcbeck","galerie_werk_typ":"unbestimmt","galerie_online_shop":"nein","galerie_werk_signale":"","galerie_ranking_score":"0","galerie_ranking_rang":"5072","galerie_claimed_by":""},"kuenstler":[19899,19898,19896,19891,19876,9061,19882,10217,19874,15767,4933,10199,14841,4928,19886,19879,19840,19877,19883,19885,1909,19889,19887,12557,19881,19878,19900,19880,19884,19901,8914,15777,4924,15776,19873,1497,5602,19894,19903,19904,19892,19893,16974,19888,12550,19890,19902,19895,19897,5599,19905,15781,19875],"galerie_stadt":[487],"galerie_typ":[],"galerie_land":[49],"class_list":["post-43461","galerie","type-galerie","status-publish","hentry","kuenstler-andrea-neuman","kuenstler-andreas-maul","kuenstler-anja-klafki","kuenstler-anna-bogouchevskaia","kuenstler-august-gaul","kuenstler-bernhard-vogel","kuenstler-cesar-klein","kuenstler-christian-rohlfs","kuenstler-eduard-bargheer","kuenstler-elena-gatti","kuenstler-emil-nolde","kuenstler-erich-heckel","kuenstler-ernst-barlach","kuenstler-ernst-ludwig-kirchner","kuenstler-ewald-matare","kuenstler-franz-heckendorf","kuenstler-friedel-anderson","kuenstler-friedrich-karl-gotsch","kuenstler-fritz-klimsch","kuenstler-gerhard-marcks","kuenstler-guenther-uecker","kuenstler-hans-joachim-billib","kuenstler-heinrich-zille","kuenstler-horst-janssen","kuenstler-ida-kerkovius","kuenstler-ivo-hauptmann","kuenstler-jan-m-petersen","kuenstler-karl-hofer","kuenstler-kaethe-kollwitz","kuenstler-kim-reuter","kuenstler-klaus-fussmann","kuenstler-lars-moeller","kuenstler-lyonel-feininger","kuenstler-mathias-meinel","kuenstler-messen-vorschau","kuenstler-pablo-picasso","kuenstler-peter-hermann","kuenstler-petra-giesberg","kuenstler-puck-steinbrecher","kuenstler-reiner-wagner","kuenstler-sabine-burmester","kuenstler-sabine-christmann","kuenstler-sabine-liebchen","kuenstler-siegbert-amler","kuenstler-stefan-dobritz","kuenstler-steffen-blunk","kuenstler-stephan-siebers","kuenstler-stephanie-huellmann","kuenstler-susanne-kraisser","kuenstler-tamara-suhr","kuenstler-till-warwas","kuenstler-ulf-petermann","kuenstler-wilhelm-busch","galerie_stadt-luebeck","galerie_land-de"],"acf":[],"_links":{"self":[{"href":"https:\/\/contemporary-arts.de\/index.php\/wp-json\/wp\/v2\/galerie\/43461","targetHints":{"allow":["GET"]}}],"collection":[{"href":"https:\/\/contemporary-arts.de\/index.php\/wp-json\/wp\/v2\/galerie"}],"about":[{"href":"https:\/\/contemporary-arts.de\/index.php\/wp-json\/wp\/v2\/types\/galerie"}],"author":[{"embeddable":true,"href":"https:\/\/contemporary-arts.de\/index.php\/wp-json\/wp\/v2\/users\/1"}],"wp:attachment":[{"href":"https:\/\/contemporary-arts.de\/index.php\/wp-json\/wp\/v2\/media?parent=43461"}],"wp:term":[{"taxonomy":"kuenstler","embeddable":true,"href":"https:\/\/contemporary-arts.de\/index.php\/wp-json\/wp\/v2\/kuenstler?post=43461"},{"taxonomy":"galerie_stadt","embeddable":true,"href":"https:\/\/contemporary-arts.de\/index.php\/wp-json\/wp\/v2\/galerie_stadt?post=43461"},{"taxonomy":"galerie_typ","embeddable":true,"href":"https:\/\/contemporary-arts.de\/index.php\/wp-json\/wp\/v2\/galerie_typ?post=43461"},{"taxonomy":"galerie_land","embeddable":true,"href":"https:\/\/contemporary-arts.de\/index.php\/wp-json\/wp\/v2\/galerie_land?post=43461"}],"curies":[{"name":"wp","href":"https:\/\/api.w.org\/{rel}","templated":true}]}}

<p>Gezeigt wird bei Galerie Koch-Westenhoff GmbH &#038; Co. KG in Lübeck überwiegend Malerei, Druckgrafik und Skulptur. Das Programm umfasst 53 Positionen. Neben dem Programm vor Ort ist das Haus auf Kunstmessen vertreten.</p>

Hüxstraße 29

Lübeck
