{"id":43417,"date":"2026-09-06T10:53:23","date_gmt":"2026-09-06T10:53:23","guid":{"rendered":"https:\/\/contemporary-arts.de\/?post_type=galerie&#038;p=43417"},"modified":"2026-09-06T12:37:33","modified_gmt":"2026-09-06T12:37:33","slug":"t66-kulturwerk","status":"publish","type":"galerie","link":"https:\/\/contemporary-arts.de\/index.php\/galerie\/t66-kulturwerk\/","title":{"rendered":"T66 Kulturwerk"},"content":{"rendered":"<p>Die Galerie T66 Kulturwerk sitzt in Freiburg im Breisgau. Zum Programm geh\u00f6ren 3 K\u00fcnstlerinnen und K\u00fcnstler.<\/p>\n","protected":false},"excerpt":{"rendered":"<p>Die Galerie T66 Kulturwerk sitzt in Freiburg im Breisgau. Zum Programm geh\u00f6ren 3 K\u00fcnstlerinnen und K\u00fcnstler.<\/p>\n","protected":false},"author":1,"featured_media":0,"template":"","meta":{"_acf_changed":false,"galerie_place_id":"ChIJIQ1QuBcdkUcRxPdMptljBG8","galerie_address":"Talstra\u00dfe 66","galerie_city":"Freiburg im Breisgau","galerie_zip":"79102","galerie_country":"DE","galerie_latitude":"47.9885439","galerie_longitude":"7.8588106","galerie_phone":"","galerie_url":"https:\/\/www.t66-kulturwerk.de\/","galerie_domain":"www.t66-kulturwerk.de","galerie_rating_value":"5","galerie_rating_count":"3","galerie_galerist":"","galerie_gruendung":"","galerie_artists_url":"https:\/\/www.t66-kulturwerk.de\/jahresprogramm--.html","galerie_about_url":"","galerie_quelle_stadt":"Freiburg im Breisgau","galerie_werk_typ":"unbestimmt","galerie_online_shop":"nein","galerie_werk_signale":"","galerie_ranking_score":"0","galerie_ranking_rang":"5108","galerie_claimed_by":""},"kuenstler":[20040,12584,12597],"galerie_stadt":[471],"galerie_typ":[],"galerie_land":[49],"class_list":["post-43417","galerie","type-galerie","status-publish","hentry","kuenstler-atelier-mondial","kuenstler-direkt-zum-seiteninhalt","kuenstler-zurueck-zum-seiteninhalt","galerie_stadt-freiburg-im-breisgau","galerie_land-de"],"acf":[],"_links":{"self":[{"href":"https:\/\/contemporary-arts.de\/index.php\/wp-json\/wp\/v2\/galerie\/43417","targetHints":{"allow":["GET"]}}],"collection":[{"href":"https:\/\/contemporary-arts.de\/index.php\/wp-json\/wp\/v2\/galerie"}],"about":[{"href":"https:\/\/contemporary-arts.de\/index.php\/wp-json\/wp\/v2\/types\/galerie"}],"author":[{"embeddable":true,"href":"https:\/\/contemporary-arts.de\/index.php\/wp-json\/wp\/v2\/users\/1"}],"wp:attachment":[{"href":"https:\/\/contemporary-arts.de\/index.php\/wp-json\/wp\/v2\/media?parent=43417"}],"wp:term":[{"taxonomy":"kuenstler","embeddable":true,"href":"https:\/\/contemporary-arts.de\/index.php\/wp-json\/wp\/v2\/kuenstler?post=43417"},{"taxonomy":"galerie_stadt","embeddable":true,"href":"https:\/\/contemporary-arts.de\/index.php\/wp-json\/wp\/v2\/galerie_stadt?post=43417"},{"taxonomy":"galerie_typ","embeddable":true,"href":"https:\/\/contemporary-arts.de\/index.php\/wp-json\/wp\/v2\/galerie_typ?post=43417"},{"taxonomy":"galerie_land","embeddable":true,"href":"https:\/\/contemporary-arts.de\/index.php\/wp-json\/wp\/v2\/galerie_land?post=43417"}],"curies":[{"name":"wp","href":"https:\/\/api.w.org\/{rel}","templated":true}]}}

<p>Die Galerie T66 Kulturwerk sitzt in Freiburg im Breisgau. Zum Programm gehören 3 Künstlerinnen und Künstler.</p>

Talstraße 66
