{"id":43297,"date":"2026-09-06T10:53:33","date_gmt":"2026-09-06T10:53:33","guid":{"rendered":"https:\/\/contemporary-arts.de\/?post_type=galerie&#038;p=43297"},"modified":"2026-09-06T12:36:59","modified_gmt":"2026-09-06T12:36:59","slug":"blech-raum-fuer-kunst-halle-e-v","status":"publish","type":"galerie","link":"https:\/\/contemporary-arts.de\/index.php\/galerie\/blech-raum-fuer-kunst-halle-e-v\/","title":{"rendered":"BLECH &#8211; Raum f\u00fcr Kunst Halle e.V."},"content":{"rendered":"<p>Die Galerie BLECH &#8211; Raum f\u00fcr Kunst Halle e.V. sitzt in Halle (Saale). Vertreten werden 8 K\u00fcnstlerinnen und K\u00fcnstler.<\/p>\n","protected":false},"excerpt":{"rendered":"<p>Die Galerie BLECH &#8211; Raum f\u00fcr Kunst Halle e.V. sitzt in Halle (Saale). Vertreten werden 8 K\u00fcnstlerinnen und K\u00fcnstler.<\/p>\n","protected":false},"author":1,"featured_media":0,"template":"","meta":{"_acf_changed":false,"galerie_place_id":"ChIJF3enAqRjpkcR1AAToRbi46c","galerie_address":"Am Steintor 19","galerie_city":"Halle (Saale)","galerie_zip":"06112","galerie_country":"DE","galerie_latitude":"51.4881904","galerie_longitude":"11.9791158","galerie_phone":"","galerie_url":"https:\/\/raumfuerkunsthalle.de\/","galerie_domain":"raumfuerkunsthalle.de","galerie_rating_value":"4.2","galerie_rating_count":"16","galerie_galerist":"","galerie_gruendung":"","galerie_artists_url":"https:\/\/raumfuerkunsthalle.de","galerie_about_url":"https:\/\/raumfuerkunsthalle.de\/ueber-los-gehen-so_los\/","galerie_quelle_stadt":"Halle (Saale)","galerie_werk_typ":"unbestimmt","galerie_online_shop":"nein","galerie_werk_signale":"","galerie_ranking_score":"0","galerie_ranking_rang":"5216","galerie_claimed_by":""},"kuenstler":[20215,20126,20218,16370,20217,1413,20214,20216],"galerie_stadt":[463],"galerie_typ":[],"galerie_land":[49],"class_list":["post-43297","galerie","type-galerie","status-publish","hentry","kuenstler-eine-welt-aus-ton","kuenstler-open-call","kuenstler-privacy-policy-settings","kuenstler-seitennummerierung-der-beitraege","kuenstler-tapeten-und-andere-ablenkungsmanoever","kuenstler-ueber-uns","kuenstler-wir-sind-pappstadt","kuenstler-wo-waende-wackeln","galerie_stadt-halle-saale","galerie_land-de"],"acf":[],"_links":{"self":[{"href":"https:\/\/contemporary-arts.de\/index.php\/wp-json\/wp\/v2\/galerie\/43297","targetHints":{"allow":["GET"]}}],"collection":[{"href":"https:\/\/contemporary-arts.de\/index.php\/wp-json\/wp\/v2\/galerie"}],"about":[{"href":"https:\/\/contemporary-arts.de\/index.php\/wp-json\/wp\/v2\/types\/galerie"}],"author":[{"embeddable":true,"href":"https:\/\/contemporary-arts.de\/index.php\/wp-json\/wp\/v2\/users\/1"}],"wp:attachment":[{"href":"https:\/\/contemporary-arts.de\/index.php\/wp-json\/wp\/v2\/media?parent=43297"}],"wp:term":[{"taxonomy":"kuenstler","embeddable":true,"href":"https:\/\/contemporary-arts.de\/index.php\/wp-json\/wp\/v2\/kuenstler?post=43297"},{"taxonomy":"galerie_stadt","embeddable":true,"href":"https:\/\/contemporary-arts.de\/index.php\/wp-json\/wp\/v2\/galerie_stadt?post=43297"},{"taxonomy":"galerie_typ","embeddable":true,"href":"https:\/\/contemporary-arts.de\/index.php\/wp-json\/wp\/v2\/galerie_typ?post=43297"},{"taxonomy":"galerie_land","embeddable":true,"href":"https:\/\/contemporary-arts.de\/index.php\/wp-json\/wp\/v2\/galerie_land?post=43297"}],"curies":[{"name":"wp","href":"https:\/\/api.w.org\/{rel}","templated":true}]}}

BLECH &#8211; Raum für Kunst Halle e.V.

<p>Die Galerie BLECH &#8211; Raum für Kunst Halle e.V. sitzt in Halle (Saale). Vertreten werden 8 Künstlerinnen und Künstler.</p>
