{"id":43130,"date":"2026-09-06T10:53:39","date_gmt":"2026-09-06T10:53:39","guid":{"rendered":"https:\/\/contemporary-arts.de\/?post_type=galerie&#038;p=43130"},"modified":"2026-09-06T12:35:48","modified_gmt":"2026-09-06T12:35:48","slug":"galerie-walter-buecken-gemaeldegalerie","status":"publish","type":"galerie","link":"https:\/\/contemporary-arts.de\/index.php\/galerie\/galerie-walter-buecken-gemaeldegalerie\/","title":{"rendered":"Galerie Walter B\u00fccken | Gem\u00e4ldegalerie"},"content":{"rendered":"<p>Galerie Walter B\u00fccken | Gem\u00e4ldegalerie arbeitet in Herzogenrath mit Positionen aus Malerei, Skulptur und Keramik.<\/p>\n","protected":false},"excerpt":{"rendered":"<p>Galerie Walter B\u00fccken | Gem\u00e4ldegalerie arbeitet in Herzogenrath mit Positionen aus Malerei, Skulptur und Keramik.<\/p>\n","protected":false},"author":1,"featured_media":0,"template":"","meta":{"_acf_changed":false,"galerie_place_id":"ChIJR2Sv0_OYwEcRVXCtJicAfks","galerie_address":"S\u00fcdstra\u00dfe 182","galerie_city":"Herzogenrath","galerie_zip":"52134","galerie_country":"DE","galerie_latitude":"50.8278939","galerie_longitude":"6.0929273","galerie_phone":"+4924072249","galerie_url":"https:\/\/www.galerie-buecken.de\/","galerie_domain":"www.galerie-buecken.de","galerie_rating_value":"5","galerie_rating_count":"1","galerie_galerist":"","galerie_gruendung":"","galerie_artists_url":"https:\/\/www.galerie-buecken.de\/kunst-und-k\u00fcnstler\/","galerie_about_url":"https:\/\/www.galerie-buecken.de\/about\/","galerie_quelle_stadt":"Aachen","galerie_werk_typ":"originale","galerie_online_shop":"nein","galerie_werk_signale":"","galerie_ranking_score":"0","galerie_ranking_rang":"5433","galerie_claimed_by":""},"kuenstler":[20737,8187],"galerie_stadt":[437],"galerie_typ":[],"galerie_land":[49],"class_list":["post-43130","galerie","type-galerie","status-publish","hentry","kuenstler-kunst-und-kuenstler","kuenstler-vertrag-widerrufen","galerie_stadt-herzogenrath","galerie_land-de"],"acf":[],"_links":{"self":[{"href":"https:\/\/contemporary-arts.de\/index.php\/wp-json\/wp\/v2\/galerie\/43130","targetHints":{"allow":["GET"]}}],"collection":[{"href":"https:\/\/contemporary-arts.de\/index.php\/wp-json\/wp\/v2\/galerie"}],"about":[{"href":"https:\/\/contemporary-arts.de\/index.php\/wp-json\/wp\/v2\/types\/galerie"}],"author":[{"embeddable":true,"href":"https:\/\/contemporary-arts.de\/index.php\/wp-json\/wp\/v2\/users\/1"}],"wp:attachment":[{"href":"https:\/\/contemporary-arts.de\/index.php\/wp-json\/wp\/v2\/media?parent=43130"}],"wp:term":[{"taxonomy":"kuenstler","embeddable":true,"href":"https:\/\/contemporary-arts.de\/index.php\/wp-json\/wp\/v2\/kuenstler?post=43130"},{"taxonomy":"galerie_stadt","embeddable":true,"href":"https:\/\/contemporary-arts.de\/index.php\/wp-json\/wp\/v2\/galerie_stadt?post=43130"},{"taxonomy":"galerie_typ","embeddable":true,"href":"https:\/\/contemporary-arts.de\/index.php\/wp-json\/wp\/v2\/galerie_typ?post=43130"},{"taxonomy":"galerie_land","embeddable":true,"href":"https:\/\/contemporary-arts.de\/index.php\/wp-json\/wp\/v2\/galerie_land?post=43130"}],"curies":[{"name":"wp","href":"https:\/\/api.w.org\/{rel}","templated":true}]}}

Galerie Walter Bücken | Gemäldegalerie

<p>Galerie Walter Bücken | Gemäldegalerie arbeitet in Herzogenrath mit Positionen aus Malerei, Skulptur und Keramik.</p>

Südstraße 182

https://www.galerie-buecken.de/kunst-und-künstler/
