{"id":43019,"date":"2026-09-06T10:53:41","date_gmt":"2026-09-06T10:53:41","guid":{"rendered":"https:\/\/contemporary-arts.de\/?post_type=galerie&#038;p=43019"},"modified":"2026-09-06T12:38:04","modified_gmt":"2026-09-06T12:38:04","slug":"galerie-erhard-witzel","status":"publish","type":"galerie","link":"https:\/\/contemporary-arts.de\/index.php\/galerie\/galerie-erhard-witzel\/","title":{"rendered":"Galerie Erhard Witzel"},"content":{"rendered":"<p>In Wiesbaden zeigt Galerie Erhard Witzel \u00fcberwiegend Editionen. Gegr\u00fcndet 1981, geh\u00f6ren heute 85 Positionen zum Programm. Neben dem Programm vor Ort ist das Haus auf Kunstmessen vertreten.<\/p>\n","protected":false},"excerpt":{"rendered":"<p>In Wiesbaden zeigt Galerie Erhard Witzel \u00fcberwiegend Editionen. Gegr\u00fcndet 1981, geh\u00f6ren heute 85 Positionen zum Programm. Neben dem Programm vor Ort ist das Haus auf Kunstmessen vertreten.<\/p>\n","protected":false},"author":1,"featured_media":0,"template":"","meta":{"_acf_changed":false,"galerie_place_id":"ChIJKxpr9OG9vUcRFfpBkCckeFg","galerie_address":"Kaiser-Friedrich-Ring 63","galerie_city":"Wiesbaden","galerie_zip":"65185","galerie_country":"DE","galerie_latitude":"50.0719835","galerie_longitude":"8.2353557","galerie_phone":"+491716504690","galerie_url":"http:\/\/www.galerie-witzel.de\/","galerie_domain":"www.galerie-witzel.de","galerie_rating_value":"4","galerie_rating_count":"1","galerie_galerist":"","galerie_gruendung":"1981","galerie_artists_url":"http:\/\/www.galerie-witzel.de\/kuenstler-2012.htm","galerie_about_url":"http:\/\/www.galerie-witzel.de\/impressum.htm","galerie_quelle_stadt":"Wiesbaden","galerie_werk_typ":"editionen","galerie_online_shop":"nein","galerie_werk_signale":"","galerie_ranking_score":"0","galerie_ranking_rang":"5504","galerie_claimed_by":""},"kuenstler":[4008,20877,20876,12421,3487,19899,20873,20871,17939,17938,17937,20861,20838,11008,17771,16121,20854,1614,3644,3982,20863,20857,7984,17935,20839,20842,17944,20867,1730,16172,20850,20849,12557,20844,7447,6424,20868,20865,20846,20870,4150,3493,20848,20843,20856,9501,20853,20855,20840,20860,20875,20847,17831,7241,20859,1658,3513,8022,2680,18521,15843,9901,20836,20125,20869,20866,17945,16119,2772,17841,20872,20837,20852,5608,4487,20841,20851,1439,1678,20858,20874,20864,20845,20862,16164],"galerie_stadt":[420],"galerie_typ":[],"galerie_land":[49],"class_list":["post-43019","galerie","type-galerie","status-publish","hentry","kuenstler-a-r-penck","kuenstler-achim-zeman","kuenstler-albrecht-wild","kuenstler-albrecht-zauner","kuenstler-alex-katz","kuenstler-andrea-neuman","kuenstler-artur-stoll","kuenstler-beate-sillescu","kuenstler-ben-muthofer","kuenstler-birgit-luxenburger","kuenstler-camill-leberer","kuenstler-christian-piffrader","kuenstler-christoph-bouet","kuenstler-daniel-sigloch","kuenstler-dorothee-rocke","kuenstler-edgar-diehl","kuenstler-edgar-leissing","kuenstler-eduardo-chillida","kuenstler-franz-erhard-walther","kuenstler-georg-baselitz","kuenstler-george-pusenkoff","kuenstler-gerhard-mantz","kuenstler-gernot-riedmann","kuenstler-gisela-hoffmann","kuenstler-gloria-brand","kuenstler-hans-joerg-georgi","kuenstler-heiner-thiel","kuenstler-helga-schmidhuber","kuenstler-herbert-mehler","kuenstler-holger-schmidhuber","kuenstler-hong-sung-chul","kuenstler-hong-sung-do","kuenstler-horst-janssen","kuenstler-ilse-haider","kuenstler-imi-knoebel","kuenstler-jan-voss","kuenstler-jan-ulrich-schmidt","kuenstler-jens-ole-remmers","kuenstler-jockel-heenes","kuenstler-josef-schwaiger","kuenstler-joseph-beuys","kuenstler-julian-opie","kuenstler-karin-hoerler","kuenstler-katharina-gierlach","kuenstler-klaus-lomnitzer","kuenstler-konrad-winter","kuenstler-lee-seung-oh","kuenstler-liu-guangyun","kuenstler-marc-dittrich","kuenstler-marc-peschke","kuenstler-marco-wagner","kuenstler-marina-herrmann","kuenstler-marion-eichmann","kuenstler-martin-schwarz","kuenstler-martin-v-ostrowski","kuenstler-mel-ramos","kuenstler-michael-craig-martin","kuenstler-miriam-prantl","kuenstler-norbert-bisky","kuenstler-oskar-holweck","kuenstler-ottmar-hoerl","kuenstler-peter-weber","kuenstler-quadrart-dornbirn","kuenstler-ralph-fleck","kuenstler-regine-schumann","kuenstler-ren-hui","kuenstler-rolf-urban","kuenstler-sabine-dehnel","kuenstler-sam-francis","kuenstler-siegfried-kreitner","kuenstler-song-kwang-ik","kuenstler-stefan-balkenhol","kuenstler-theo-lambertin","kuenstler-thomas-bayrle","kuenstler-thomas-bohle","kuenstler-thomas-emde","kuenstler-thomas-hoor","kuenstler-till-augustin","kuenstler-tom-wesselmann","kuenstler-ueli-michel","kuenstler-uta-belina-waeger","kuenstler-uwe-rachow","kuenstler-valentin-ph-hauri","kuenstler-werner-pokorny","kuenstler-willi-siber","galerie_stadt-wiesbaden","galerie_land-de"],"acf":[],"_links":{"self":[{"href":"https:\/\/contemporary-arts.de\/index.php\/wp-json\/wp\/v2\/galerie\/43019","targetHints":{"allow":["GET"]}}],"collection":[{"href":"https:\/\/contemporary-arts.de\/index.php\/wp-json\/wp\/v2\/galerie"}],"about":[{"href":"https:\/\/contemporary-arts.de\/index.php\/wp-json\/wp\/v2\/types\/galerie"}],"author":[{"embeddable":true,"href":"https:\/\/contemporary-arts.de\/index.php\/wp-json\/wp\/v2\/users\/1"}],"wp:attachment":[{"href":"https:\/\/contemporary-arts.de\/index.php\/wp-json\/wp\/v2\/media?parent=43019"}],"wp:term":[{"taxonomy":"kuenstler","embeddable":true,"href":"https:\/\/contemporary-arts.de\/index.php\/wp-json\/wp\/v2\/kuenstler?post=43019"},{"taxonomy":"galerie_stadt","embeddable":true,"href":"https:\/\/contemporary-arts.de\/index.php\/wp-json\/wp\/v2\/galerie_stadt?post=43019"},{"taxonomy":"galerie_typ","embeddable":true,"href":"https:\/\/contemporary-arts.de\/index.php\/wp-json\/wp\/v2\/galerie_typ?post=43019"},{"taxonomy":"galerie_land","embeddable":true,"href":"https:\/\/contemporary-arts.de\/index.php\/wp-json\/wp\/v2\/galerie_land?post=43019"}],"curies":[{"name":"wp","href":"https:\/\/api.w.org\/{rel}","templated":true}]}}

<p>In Wiesbaden zeigt Galerie Erhard Witzel überwiegend Editionen. Gegründet 1981, gehören heute 85 Positionen zum Programm. Neben dem Programm vor Ort ist das Haus auf Kunstmessen vertreten.</p>
