{"id":43013,"date":"2026-09-06T10:53:41","date_gmt":"2026-09-06T10:53:41","guid":{"rendered":"https:\/\/contemporary-arts.de\/?post_type=galerie&#038;p=43013"},"modified":"2026-09-06T12:34:59","modified_gmt":"2026-09-06T12:34:59","slug":"weissraum-atelier-fuer-fotografie","status":"publish","type":"galerie","link":"https:\/\/contemporary-arts.de\/index.php\/galerie\/weissraum-atelier-fuer-fotografie\/","title":{"rendered":"weissraum. atelier f\u00fcr fotografie."},"content":{"rendered":"<p>Gezeigt wird bei weissraum. atelier f\u00fcr fotografie. in Eltville \u00fcberwiegend Fotografie und Editionen. Das Programm umfasst 5 Positionen. Editionen und Druckgrafik halten dabei einen festen Platz neben den Unikaten.<\/p>\n","protected":false},"excerpt":{"rendered":"<p>Gezeigt wird bei weissraum. atelier f\u00fcr fotografie. in Eltville \u00fcberwiegend Fotografie und Editionen. Das Programm umfasst 5 Positionen. Editionen und Druckgrafik halten dabei einen festen Platz neben den Unikaten.<\/p>\n","protected":false},"author":1,"featured_media":0,"template":"","meta":{"_acf_changed":false,"galerie_place_id":"ChIJx5XnAtWVvUcRQPK-b8By1kw","galerie_address":"Rosengasse 15","galerie_city":"Eltville","galerie_zip":"65343","galerie_country":"DE","galerie_latitude":"50.0250737","galerie_longitude":"8.1205082","galerie_phone":"+4917683416411","galerie_url":"https:\/\/www.weissraum.art\/","galerie_domain":"www.weissraum.art","galerie_rating_value":"5","galerie_rating_count":"5","galerie_galerist":"","galerie_gruendung":"","galerie_artists_url":"https:\/\/www.weissraum.art\/guest-artists","galerie_about_url":"","galerie_quelle_stadt":"Wiesbaden","galerie_werk_typ":"beides","galerie_online_shop":"nein","galerie_werk_signale":"","galerie_ranking_score":"0","galerie_ranking_rang":"5498","galerie_claimed_by":""},"kuenstler":[20929,20928,20926,20927,2060],"galerie_stadt":[423],"galerie_typ":[],"galerie_land":[49],"class_list":["post-43013","galerie","type-galerie","status-publish","hentry","kuenstler-agb-und-rechtliches","kuenstler-beate-leinmueller","kuenstler-daniela-schulz","kuenstler-natalie-graef","kuenstler-zum-inhalt-springen","galerie_stadt-eltville","galerie_land-de"],"acf":[],"_links":{"self":[{"href":"https:\/\/contemporary-arts.de\/index.php\/wp-json\/wp\/v2\/galerie\/43013","targetHints":{"allow":["GET"]}}],"collection":[{"href":"https:\/\/contemporary-arts.de\/index.php\/wp-json\/wp\/v2\/galerie"}],"about":[{"href":"https:\/\/contemporary-arts.de\/index.php\/wp-json\/wp\/v2\/types\/galerie"}],"author":[{"embeddable":true,"href":"https:\/\/contemporary-arts.de\/index.php\/wp-json\/wp\/v2\/users\/1"}],"wp:attachment":[{"href":"https:\/\/contemporary-arts.de\/index.php\/wp-json\/wp\/v2\/media?parent=43013"}],"wp:term":[{"taxonomy":"kuenstler","embeddable":true,"href":"https:\/\/contemporary-arts.de\/index.php\/wp-json\/wp\/v2\/kuenstler?post=43013"},{"taxonomy":"galerie_stadt","embeddable":true,"href":"https:\/\/contemporary-arts.de\/index.php\/wp-json\/wp\/v2\/galerie_stadt?post=43013"},{"taxonomy":"galerie_typ","embeddable":true,"href":"https:\/\/contemporary-arts.de\/index.php\/wp-json\/wp\/v2\/galerie_typ?post=43013"},{"taxonomy":"galerie_land","embeddable":true,"href":"https:\/\/contemporary-arts.de\/index.php\/wp-json\/wp\/v2\/galerie_land?post=43013"}],"curies":[{"name":"wp","href":"https:\/\/api.w.org\/{rel}","templated":true}]}}

weissraum. atelier für fotografie.

<p>Gezeigt wird bei weissraum. atelier für fotografie. in Eltville überwiegend Fotografie und Editionen. Das Programm umfasst 5 Positionen. Editionen und Druckgrafik halten dabei einen festen Platz neben den Unikaten.</p>
