{"id":42934,"date":"2026-09-06T10:53:44","date_gmt":"2026-09-06T10:53:44","guid":{"rendered":"https:\/\/contemporary-arts.de\/?post_type=galerie&#038;p=42934"},"modified":"2026-09-06T10:53:44","modified_gmt":"2026-09-06T10:53:44","slug":"konrad-oberlaender","status":"publish","type":"galerie","link":"https:\/\/contemporary-arts.de\/index.php\/galerie\/konrad-oberlaender\/","title":{"rendered":"Konrad Oberl\u00e4nder"},"content":{"rendered":"","protected":false},"excerpt":{"rendered":"","protected":false},"author":1,"featured_media":0,"template":"","meta":{"_acf_changed":false,"galerie_place_id":"ChIJzWcTm40SCUERp57pKQZz5GI","galerie_address":"F\u00e4rberg\u00e4\u00dfchen 5","galerie_city":"Augsburg","galerie_zip":"86150","galerie_country":"DE","galerie_latitude":"48.3668401","galerie_longitude":"10.8952342","galerie_phone":"+49821431859","galerie_url":"https:\/\/www.atelier-galerie-oberlaender.de\/","galerie_domain":"www.atelier-galerie-oberlaender.de","galerie_rating_value":"","galerie_rating_count":"","galerie_galerist":"","galerie_gruendung":"","galerie_artists_url":"https:\/\/www.atelier-galerie-oberlaender.de\/kuenstler","galerie_about_url":"","galerie_quelle_stadt":"Augsburg","galerie_werk_typ":"originale","galerie_online_shop":"nein","galerie_werk_signale":"","galerie_ranking_score":"0","galerie_ranking_rang":"5608","galerie_claimed_by":""},"kuenstler":[21131,21135,21139,21134,21136,16163,21143,5935,15770,13670,21138,9120,21130,9086,21141,9493,17849,18409,21140,21142,18513,16132,21128,21129,17859,18440,21145,21133,21137,21132,12649,21144,19377,7976],"galerie_stadt":[416],"galerie_typ":[],"galerie_land":[49],"class_list":["post-42934","galerie","type-galerie","status-publish","hentry","kuenstler-andreas-bindl","kuenstler-andreas-grunert","kuenstler-annette-lucks","kuenstler-barbara-ehrmann","kuenstler-beate-haupt","kuenstler-bernd-schwarting","kuenstler-christian-riebe","kuenstler-christofer-kochs","kuenstler-clemens-heinl","kuenstler-dietrich-klinge","kuenstler-eckhard-kremers","kuenstler-franz-hitzler","kuenstler-georg-bernhard","kuenstler-georg-kleber","kuenstler-georg-meissner","kuenstler-gerlinde-zantis","kuenstler-harry-meyer","kuenstler-hartwig-ebersbach","kuenstler-herbert-maier","kuenstler-joachim-palm","kuenstler-karl-bohrmann","kuenstler-klaus-hack","kuenstler-konrad-oberlaender","kuenstler-kunstraum-leitershofen","kuenstler-lothar-seruset","kuenstler-max-neumann","kuenstler-michael-schoenholtz","kuenstler-norbert-eberle","kuenstler-norbert-kleinlein","kuenstler-paul-breinig","kuenstler-richard-vogl","kuenstler-sibylle-schlageter","kuenstler-tillmann-damrau","kuenstler-zum-hauptinhalt-springen","galerie_stadt-augsburg","galerie_land-de"],"acf":[],"_links":{"self":[{"href":"https:\/\/contemporary-arts.de\/index.php\/wp-json\/wp\/v2\/galerie\/42934","targetHints":{"allow":["GET"]}}],"collection":[{"href":"https:\/\/contemporary-arts.de\/index.php\/wp-json\/wp\/v2\/galerie"}],"about":[{"href":"https:\/\/contemporary-arts.de\/index.php\/wp-json\/wp\/v2\/types\/galerie"}],"author":[{"embeddable":true,"href":"https:\/\/contemporary-arts.de\/index.php\/wp-json\/wp\/v2\/users\/1"}],"wp:attachment":[{"href":"https:\/\/contemporary-arts.de\/index.php\/wp-json\/wp\/v2\/media?parent=42934"}],"wp:term":[{"taxonomy":"kuenstler","embeddable":true,"href":"https:\/\/contemporary-arts.de\/index.php\/wp-json\/wp\/v2\/kuenstler?post=42934"},{"taxonomy":"galerie_stadt","embeddable":true,"href":"https:\/\/contemporary-arts.de\/index.php\/wp-json\/wp\/v2\/galerie_stadt?post=42934"},{"taxonomy":"galerie_typ","embeddable":true,"href":"https:\/\/contemporary-arts.de\/index.php\/wp-json\/wp\/v2\/galerie_typ?post=42934"},{"taxonomy":"galerie_land","embeddable":true,"href":"https:\/\/contemporary-arts.de\/index.php\/wp-json\/wp\/v2\/galerie_land?post=42934"}],"curies":[{"name":"wp","href":"https:\/\/api.w.org\/{rel}","templated":true}]}}

Konrad Oberländer

Färbergäßchen 5
