{"id":42633,"date":"2026-09-06T10:53:59","date_gmt":"2026-09-06T10:53:59","guid":{"rendered":"https:\/\/contemporary-arts.de\/?post_type=galerie&#038;p=42633"},"modified":"2026-09-06T12:33:54","modified_gmt":"2026-09-06T12:33:54","slug":"galerie-hunold","status":"publish","type":"galerie","link":"https:\/\/contemporary-arts.de\/index.php\/galerie\/galerie-hunold\/","title":{"rendered":"Galerie Hunold"},"content":{"rendered":"<p>In Greven findet sich mit Galerie Hunold eine Galerie. Zum Programm geh\u00f6ren 79 K\u00fcnstlerinnen und K\u00fcnstler.<\/p>\n","protected":false},"excerpt":{"rendered":"<p>In Greven findet sich mit Galerie Hunold eine Galerie. Zum Programm geh\u00f6ren 79 K\u00fcnstlerinnen und K\u00fcnstler.<\/p>\n","protected":false},"author":1,"featured_media":0,"template":"","meta":{"_acf_changed":false,"galerie_place_id":"ChIJm2hv35K3uUcRGUKq78RCkKI","galerie_address":"Martinistra\u00dfe 47","galerie_city":"Greven","galerie_zip":"48268","galerie_country":"DE","galerie_latitude":"52.0936186","galerie_longitude":"7.6076731","galerie_phone":"+492571986560","galerie_url":"http:\/\/www.galerie-hunold.de\/","galerie_domain":"www.galerie-hunold.de","galerie_rating_value":"4.8","galerie_rating_count":"68","galerie_galerist":"","galerie_gruendung":"","galerie_artists_url":"https:\/\/www.galerie-hunold.de\/kuenstler\/","galerie_about_url":"http:\/\/www.galerie-hunold.de\/ueber-uns\/","galerie_quelle_stadt":"M\u00fcnster","galerie_werk_typ":"unbestimmt","galerie_online_shop":"ja","galerie_werk_signale":"","galerie_ranking_score":"0","galerie_ranking_rang":"5895","galerie_claimed_by":""},"kuenstler":[16055,16059,15795,15796,21914,19858,9162,21816,15799,5418,15803,16057,6252,21920,21911,15807,18315,5598,15809,9164,21907,21913,2103,21925,12863,1909,1903,9181,7211,3519,21915,21921,15824,21912,21916,21919,13453,21905,21917,14527,15833,21923,7820,1658,9165,21908,9154,18414,21922,9183,1906,9152,9173,2938,16560,18893,18533,21909,9110,18538,7001,16967,9660,21910,21918,21906,3061,18534,10101,9159,6734,9178,1413,9151,12556,8187,8918,15787,21924],"galerie_stadt":[373],"galerie_typ":[],"galerie_land":[49],"class_list":["post-42633","galerie","type-galerie","status-publish","hentry","kuenstler-alfred-gockel","kuenstler-andrea-ottenjann","kuenstler-andreas-lichter","kuenstler-andrei-krioukov","kuenstler-anna-flores","kuenstler-antje-wichtrey","kuenstler-armin-mueller-stahl","kuenstler-armin-weinbrenner","kuenstler-baron-tariq","kuenstler-beratung-anfragen","kuenstler-charles-m-schulz","kuenstler-christian-herzog","kuenstler-christian-sommer","kuenstler-christina-thraen","kuenstler-christo-und-jeanne-claude","kuenstler-dan-pyle","kuenstler-das-kleine-format","kuenstler-devin-miles","kuenstler-ed-heck","kuenstler-elvira-bach","kuenstler-elvira-bach-bilder-kaufen","kuenstler-first-nations-art","kuenstler-folgen-sie-uns","kuenstler-geschenke-und-gutscheine","kuenstler-guenter-grass","kuenstler-guenther-uecker","kuenstler-heinz-mack","kuenstler-ilona-griss-schwaerzler","kuenstler-james-francis-gill","kuenstler-james-rizzi","kuenstler-jane-framer","kuenstler-jim-ter-kuile","kuenstler-jutta-votteler","kuenstler-karin-engel","kuenstler-karin-haslinger","kuenstler-kirsten-serowski","kuenstler-kunst-fuer-unternehmen","kuenstler-kunstberatung-anfragen","kuenstler-kurt-klamann","kuenstler-limitierte-editionen","kuenstler-martin-sonnleitner","kuenstler-matthias-weischer","kuenstler-mein-konto","kuenstler-mel-ramos","kuenstler-micha-baker","kuenstler-micha-baker-bilder-kaufen","kuenstler-michel-friess","kuenstler-moritz-goetze","kuenstler-nick-twaalfhoven","kuenstler-otmar-alt","kuenstler-otto-piene","kuenstler-otto-waalkes","kuenstler-patrick-preller","kuenstler-patrizia-casagranda","kuenstler-paul-thierry","kuenstler-persoenliche-beratung","kuenstler-peter-bauer","kuenstler-peter-bauer-bilder-kaufen","kuenstler-peter-gaymann","kuenstler-peter-wever","kuenstler-petra-roes-nickel","kuenstler-pinchas-jacenko","kuenstler-pop-art","kuenstler-ralf-birkelbach","kuenstler-sandra-rauch","kuenstler-sara-b","kuenstler-skip-to-content","kuenstler-stefan-becker","kuenstler-street-art","kuenstler-tanja-kiesewalter","kuenstler-thomas-jankowski","kuenstler-tim-davies","kuenstler-ueber-uns","kuenstler-udo-lindenberg","kuenstler-ute-hillenbrand","kuenstler-vertrag-widerrufen","kuenstler-volker-kuehn","kuenstler-wilhelm-schlote","kuenstler-wolfgang-zelmer","galerie_stadt-greven","galerie_land-de"],"acf":[],"_links":{"self":[{"href":"https:\/\/contemporary-arts.de\/index.php\/wp-json\/wp\/v2\/galerie\/42633","targetHints":{"allow":["GET"]}}],"collection":[{"href":"https:\/\/contemporary-arts.de\/index.php\/wp-json\/wp\/v2\/galerie"}],"about":[{"href":"https:\/\/contemporary-arts.de\/index.php\/wp-json\/wp\/v2\/types\/galerie"}],"author":[{"embeddable":true,"href":"https:\/\/contemporary-arts.de\/index.php\/wp-json\/wp\/v2\/users\/1"}],"wp:attachment":[{"href":"https:\/\/contemporary-arts.de\/index.php\/wp-json\/wp\/v2\/media?parent=42633"}],"wp:term":[{"taxonomy":"kuenstler","embeddable":true,"href":"https:\/\/contemporary-arts.de\/index.php\/wp-json\/wp\/v2\/kuenstler?post=42633"},{"taxonomy":"galerie_stadt","embeddable":true,"href":"https:\/\/contemporary-arts.de\/index.php\/wp-json\/wp\/v2\/galerie_stadt?post=42633"},{"taxonomy":"galerie_typ","embeddable":true,"href":"https:\/\/contemporary-arts.de\/index.php\/wp-json\/wp\/v2\/galerie_typ?post=42633"},{"taxonomy":"galerie_land","embeddable":true,"href":"https:\/\/contemporary-arts.de\/index.php\/wp-json\/wp\/v2\/galerie_land?post=42633"}],"curies":[{"name":"wp","href":"https:\/\/api.w.org\/{rel}","templated":true}]}}

<p>In Greven findet sich mit Galerie Hunold eine Galerie. Zum Programm gehören 79 Künstlerinnen und Künstler.</p>

Martinistraße 47

Münster
