{"id":42632,"date":"2026-09-06T10:53:59","date_gmt":"2026-09-06T10:53:59","guid":{"rendered":"https:\/\/contemporary-arts.de\/?post_type=galerie&#038;p=42632"},"modified":"2026-09-06T12:36:55","modified_gmt":"2026-09-06T12:36:55","slug":"galerie-artletstudio","status":"publish","type":"galerie","link":"https:\/\/contemporary-arts.de\/index.php\/galerie\/galerie-artletstudio\/","title":{"rendered":"Galerie ARTLETstudio"},"content":{"rendered":"<p>Galerie ARTLETstudio zeigt in M\u00fcnster vor allem Malerei und Skulptur. Zum Programm geh\u00f6ren 18 K\u00fcnstlerinnen und K\u00fcnstler.<\/p>\n","protected":false},"excerpt":{"rendered":"<p>Galerie ARTLETstudio zeigt in M\u00fcnster vor allem Malerei und Skulptur. Zum Programm geh\u00f6ren 18 K\u00fcnstlerinnen und K\u00fcnstler.<\/p>\n","protected":false},"author":1,"featured_media":0,"template":"","meta":{"_acf_changed":false,"galerie_place_id":"ChIJAV3h1cS6uUcRAeK0LrB3o6A","galerie_address":"Harsewinkelgasse 21","galerie_city":"M\u00fcnster","galerie_zip":"48143","galerie_country":"DE","galerie_latitude":"51.958832","galerie_longitude":"7.6282678","galerie_phone":"+4915115675232","galerie_url":"https:\/\/artletstudio.online\/","galerie_domain":"artletstudio.online","galerie_rating_value":"4.1","galerie_rating_count":"20","galerie_galerist":"","galerie_gruendung":"","galerie_artists_url":"https:\/\/artletstudio.online\/artists\/","galerie_about_url":"https:\/\/artletstudio.online\/showroom\/behind-the-mask\/behind-the-mask-\u00fcbersicht\/","galerie_quelle_stadt":"M\u00fcnster","galerie_werk_typ":"beides","galerie_online_shop":"nein","galerie_werk_signale":"","galerie_ranking_score":"0","galerie_ranking_rang":"5894","galerie_claimed_by":""},"kuenstler":[21931,14899,21932,21933,21934,21930,1402,21935,21936,21929,21937,21938,2603,2374,2399,21928,21939,8187],"galerie_stadt":[372],"galerie_typ":[],"galerie_land":[49],"class_list":["post-42632","galerie","type-galerie","status-publish","hentry","kuenstler-alix-bischoff","kuenstler-andrea-kraft","kuenstler-benjamin-burkard","kuenstler-brigitte-bollwein","kuenstler-christian-ahrens","kuenstler-das-aktuelle-interview","kuenstler-dominik-schmitt","kuenstler-guenter-rueckert","kuenstler-hirotoshi-itoh","kuenstler-iberischer-salon","kuenstler-javier-de-la-rosa","kuenstler-jesus-curia","kuenstler-liefer-und-zahlungsbedingungen","kuenstler-mixed-media","kuenstler-nach-oben-scrollen","kuenstler-printed-graphics","kuenstler-sonja-tines","kuenstler-vertrag-widerrufen","galerie_stadt-muenster","galerie_land-de"],"acf":[],"_links":{"self":[{"href":"https:\/\/contemporary-arts.de\/index.php\/wp-json\/wp\/v2\/galerie\/42632","targetHints":{"allow":["GET"]}}],"collection":[{"href":"https:\/\/contemporary-arts.de\/index.php\/wp-json\/wp\/v2\/galerie"}],"about":[{"href":"https:\/\/contemporary-arts.de\/index.php\/wp-json\/wp\/v2\/types\/galerie"}],"author":[{"embeddable":true,"href":"https:\/\/contemporary-arts.de\/index.php\/wp-json\/wp\/v2\/users\/1"}],"wp:attachment":[{"href":"https:\/\/contemporary-arts.de\/index.php\/wp-json\/wp\/v2\/media?parent=42632"}],"wp:term":[{"taxonomy":"kuenstler","embeddable":true,"href":"https:\/\/contemporary-arts.de\/index.php\/wp-json\/wp\/v2\/kuenstler?post=42632"},{"taxonomy":"galerie_stadt","embeddable":true,"href":"https:\/\/contemporary-arts.de\/index.php\/wp-json\/wp\/v2\/galerie_stadt?post=42632"},{"taxonomy":"galerie_typ","embeddable":true,"href":"https:\/\/contemporary-arts.de\/index.php\/wp-json\/wp\/v2\/galerie_typ?post=42632"},{"taxonomy":"galerie_land","embeddable":true,"href":"https:\/\/contemporary-arts.de\/index.php\/wp-json\/wp\/v2\/galerie_land?post=42632"}],"curies":[{"name":"wp","href":"https:\/\/api.w.org\/{rel}","templated":true}]}}

<p>Galerie ARTLETstudio zeigt in Münster vor allem Malerei und Skulptur. Zum Programm gehören 18 Künstlerinnen und Künstler.</p>

Münster

https://artletstudio.online/showroom/behind-the-mask/behind-the-mask-übersicht/
