{"id":42622,"date":"2026-09-06T10:54:00","date_gmt":"2026-09-06T10:54:00","guid":{"rendered":"https:\/\/contemporary-arts.de\/?post_type=galerie&#038;p=42622"},"modified":"2026-09-06T12:38:04","modified_gmt":"2026-09-06T12:38:04","slug":"zuhause-der-kunst","status":"publish","type":"galerie","link":"https:\/\/contemporary-arts.de\/index.php\/galerie\/zuhause-der-kunst\/","title":{"rendered":"Zuhause der Kunst"},"content":{"rendered":"<p>Die Galerie Zuhause der Kunst sitzt in K\u00f6nigswinter. Gezeigt werden Arbeiten von 4 K\u00fcnstlerinnen und K\u00fcnstlern.<\/p>\n","protected":false},"excerpt":{"rendered":"<p>Die Galerie Zuhause der Kunst sitzt in K\u00f6nigswinter. Gezeigt werden Arbeiten von 4 K\u00fcnstlerinnen und K\u00fcnstlern.<\/p>\n","protected":false},"author":1,"featured_media":0,"template":"","meta":{"_acf_changed":false,"galerie_place_id":"ChIJ19LBZrbovkcRBK9S6MNoz2Y","galerie_address":"K\u00f6nigswinterer Str. 14","galerie_city":"K\u00f6nigswinter","galerie_zip":"53639","galerie_country":"DE","galerie_latitude":"50.7082882","galerie_longitude":"7.2771853","galerie_phone":"+4916094938231","galerie_url":"http:\/\/www.zuhause-der-kunst.de\/","galerie_domain":"www.zuhause-der-kunst.de","galerie_rating_value":"5","galerie_rating_count":"1","galerie_galerist":"","galerie_gruendung":"","galerie_artists_url":"https:\/\/www.zuhause-der-kunst.de\/begleitung-von-k\u00fcnstler-innen\/","galerie_about_url":"https:\/\/www.zuhause-der-kunst.de\/reden-\u00fcber-kunst\/","galerie_quelle_stadt":"Bonn","galerie_werk_typ":"unbestimmt","galerie_online_shop":"nein","galerie_werk_signale":"","galerie_ranking_score":"0","galerie_ranking_rang":"5942","galerie_claimed_by":""},"kuenstler":[22054,22055,9774,22053],"galerie_stadt":[366],"galerie_typ":[],"galerie_land":[49],"class_list":["post-42622","galerie","type-galerie","status-publish","hentry","kuenstler-irina-wistoff","kuenstler-kuenstlerische-entwicklung","kuenstler-seite-bearbeiten","kuenstler-willkommen-im-zdk","galerie_stadt-koenigswinter","galerie_land-de"],"acf":[],"_links":{"self":[{"href":"https:\/\/contemporary-arts.de\/index.php\/wp-json\/wp\/v2\/galerie\/42622","targetHints":{"allow":["GET"]}}],"collection":[{"href":"https:\/\/contemporary-arts.de\/index.php\/wp-json\/wp\/v2\/galerie"}],"about":[{"href":"https:\/\/contemporary-arts.de\/index.php\/wp-json\/wp\/v2\/types\/galerie"}],"author":[{"embeddable":true,"href":"https:\/\/contemporary-arts.de\/index.php\/wp-json\/wp\/v2\/users\/1"}],"wp:attachment":[{"href":"https:\/\/contemporary-arts.de\/index.php\/wp-json\/wp\/v2\/media?parent=42622"}],"wp:term":[{"taxonomy":"kuenstler","embeddable":true,"href":"https:\/\/contemporary-arts.de\/index.php\/wp-json\/wp\/v2\/kuenstler?post=42622"},{"taxonomy":"galerie_stadt","embeddable":true,"href":"https:\/\/contemporary-arts.de\/index.php\/wp-json\/wp\/v2\/galerie_stadt?post=42622"},{"taxonomy":"galerie_typ","embeddable":true,"href":"https:\/\/contemporary-arts.de\/index.php\/wp-json\/wp\/v2\/galerie_typ?post=42622"},{"taxonomy":"galerie_land","embeddable":true,"href":"https:\/\/contemporary-arts.de\/index.php\/wp-json\/wp\/v2\/galerie_land?post=42622"}],"curies":[{"name":"wp","href":"https:\/\/api.w.org\/{rel}","templated":true}]}}

<p>Die Galerie Zuhause der Kunst sitzt in Königswinter. Gezeigt werden Arbeiten von 4 Künstlerinnen und Künstlern.</p>

Königswinterer Str. 14

Königswinter

https://www.zuhause-der-kunst.de/begleitung-von-künstler-innen/

https://www.zuhause-der-kunst.de/reden-über-kunst/
