{"id":42602,"date":"2026-09-06T10:54:00","date_gmt":"2026-09-06T10:54:00","guid":{"rendered":"https:\/\/contemporary-arts.de\/?post_type=galerie&#038;p=42602"},"modified":"2026-09-06T12:36:55","modified_gmt":"2026-09-06T12:36:55","slug":"galerie-gisela-clement","status":"publish","type":"galerie","link":"https:\/\/contemporary-arts.de\/index.php\/galerie\/galerie-gisela-clement\/","title":{"rendered":"Galerie Gisela Clement"},"content":{"rendered":"<p>Galerie Gisela Clement arbeitet in Bonn mit Positionen aus Malerei. Zum Programm geh\u00f6ren 28 K\u00fcnstlerinnen und K\u00fcnstler. Der Blick geht dabei eher auf j\u00fcngere Positionen als auf etablierte Namen.<\/p>\n","protected":false},"excerpt":{"rendered":"<p>Galerie Gisela Clement arbeitet in Bonn mit Positionen aus Malerei. Zum Programm geh\u00f6ren 28 K\u00fcnstlerinnen und K\u00fcnstler. Der Blick geht dabei eher auf j\u00fcngere Positionen als auf etablierte Namen.<\/p>\n","protected":false},"author":1,"featured_media":0,"template":"","meta":{"_acf_changed":false,"galerie_place_id":"ChIJi4LcO3_hvkcRDJEE3v6Or-A","galerie_address":"Lotharstra\u00dfe 104","galerie_city":"Bonn","galerie_zip":"53115","galerie_country":"DE","galerie_latitude":"50.7172278","galerie_longitude":"7.1007418","galerie_phone":"+491754171092","galerie_url":"https:\/\/www.galerie-clement.de\/","galerie_domain":"www.galerie-clement.de","galerie_rating_value":"4.9","galerie_rating_count":"20","galerie_galerist":"","galerie_gruendung":"","galerie_artists_url":"https:\/\/www.galerie-clement.de\/artists\/yasmina-assbane","galerie_about_url":"https:\/\/www.galerie-clement.de\/about","galerie_quelle_stadt":"Bonn","galerie_werk_typ":"unbestimmt","galerie_online_shop":"nein","galerie_werk_signale":"","galerie_ranking_score":"0","galerie_ranking_rang":"5922","galerie_claimed_by":""},"kuenstler":[22061,22062,22058,22068,15609,22056,22063,22076,22065,22059,22071,22069,22072,19802,22067,22060,13467,22075,20075,3744,10350,22064,7526,22074,22066,22073,22070,22057],"galerie_stadt":[136],"galerie_typ":[],"galerie_land":[49],"class_list":["post-42602","galerie","type-galerie","status-publish","hentry","kuenstler-alex-grein","kuenstler-alison-hall","kuenstler-detlef-beer","kuenstler-dora-maurer","kuenstler-gabriele-stoetzer","kuenstler-galerie-gisela-clement","kuenstler-georg-herold","kuenstler-john-zinsser","kuenstler-keti-kapanadze","kuenstler-lilah-fowler","kuenstler-lydia-schouten","kuenstler-margot-pilz","kuenstler-mariuccia-secol","kuenstler-martin-pfeifle","kuenstler-mel-e-logan","kuenstler-michelle-grabner","kuenstler-mike-meire","kuenstler-noa-yekutieli","kuenstler-peter-tollens","kuenstler-privacy-policies","kuenstler-renate-bertlmann","kuenstler-sabrina-jung","kuenstler-slawomir-elsner","kuenstler-stephen-westfall","kuenstler-timo-kube","kuenstler-trouble-inc","kuenstler-ulrike-rosenbach","kuenstler-yasmina-assbane","galerie_stadt-bonn","galerie_land-de"],"acf":[],"_links":{"self":[{"href":"https:\/\/contemporary-arts.de\/index.php\/wp-json\/wp\/v2\/galerie\/42602","targetHints":{"allow":["GET"]}}],"collection":[{"href":"https:\/\/contemporary-arts.de\/index.php\/wp-json\/wp\/v2\/galerie"}],"about":[{"href":"https:\/\/contemporary-arts.de\/index.php\/wp-json\/wp\/v2\/types\/galerie"}],"author":[{"embeddable":true,"href":"https:\/\/contemporary-arts.de\/index.php\/wp-json\/wp\/v2\/users\/1"}],"wp:attachment":[{"href":"https:\/\/contemporary-arts.de\/index.php\/wp-json\/wp\/v2\/media?parent=42602"}],"wp:term":[{"taxonomy":"kuenstler","embeddable":true,"href":"https:\/\/contemporary-arts.de\/index.php\/wp-json\/wp\/v2\/kuenstler?post=42602"},{"taxonomy":"galerie_stadt","embeddable":true,"href":"https:\/\/contemporary-arts.de\/index.php\/wp-json\/wp\/v2\/galerie_stadt?post=42602"},{"taxonomy":"galerie_typ","embeddable":true,"href":"https:\/\/contemporary-arts.de\/index.php\/wp-json\/wp\/v2\/galerie_typ?post=42602"},{"taxonomy":"galerie_land","embeddable":true,"href":"https:\/\/contemporary-arts.de\/index.php\/wp-json\/wp\/v2\/galerie_land?post=42602"}],"curies":[{"name":"wp","href":"https:\/\/api.w.org\/{rel}","templated":true}]}}

<p>Galerie Gisela Clement arbeitet in Bonn mit Positionen aus Malerei. Zum Programm gehören 28 Künstlerinnen und Künstler. Der Blick geht dabei eher auf jüngere Positionen als auf etablierte Namen.</p>

Lotharstraße 104
