{"id":42541,"date":"2026-09-06T10:54:02","date_gmt":"2026-09-06T10:54:02","guid":{"rendered":"https:\/\/contemporary-arts.de\/?post_type=galerie&#038;p=42541"},"modified":"2026-09-06T12:34:47","modified_gmt":"2026-09-06T12:34:47","slug":"galerie-elsa","status":"publish","type":"galerie","link":"https:\/\/contemporary-arts.de\/index.php\/galerie\/galerie-elsa\/","title":{"rendered":"Galerie Elsa"},"content":{"rendered":"<p>Gezeigt wird bei Galerie Elsa in Bielefeld \u00fcberwiegend Fotografie und Editionen. Gezeigt werden Arbeiten von 31 K\u00fcnstlerinnen und K\u00fcnstlern. Editionen und Druckgrafik halten dabei einen festen Platz neben den Unikaten.<\/p>\n","protected":false},"excerpt":{"rendered":"<p>Gezeigt wird bei Galerie Elsa in Bielefeld \u00fcberwiegend Fotografie und Editionen. Gezeigt werden Arbeiten von 31 K\u00fcnstlerinnen und K\u00fcnstlern. Editionen und Druckgrafik halten dabei einen festen Platz neben den Unikaten.<\/p>\n","protected":false},"author":1,"featured_media":0,"template":"","meta":{"_acf_changed":false,"galerie_place_id":"ChIJVVWF6BY9ukcRU6JsCBWIcrA","galerie_address":"Elsa-Br\u00e4ndstr\u00f6m-Stra\u00dfe 13","galerie_city":"Bielefeld","galerie_zip":"33602","galerie_country":"DE","galerie_latitude":"52.0241857","galerie_longitude":"8.5285518","galerie_phone":"+4952152146861","galerie_url":"https:\/\/elsa-art.de\/","galerie_domain":"elsa-art.de","galerie_rating_value":"4.7","galerie_rating_count":"7","galerie_galerist":"","galerie_gruendung":"","galerie_artists_url":"https:\/\/elsa-art.de\/kuenstlerinnen\/","galerie_about_url":"https:\/\/elsa-art.de\/die-galerie","galerie_quelle_stadt":"Bielefeld","galerie_werk_typ":"unbestimmt","galerie_online_shop":"nein","galerie_werk_signale":"","galerie_ranking_score":"0","galerie_ranking_rang":"5969","galerie_claimed_by":""},"kuenstler":[9242,22252,22253,22254,11668,8033,22255,22256,22257,22258,22259,22260,22261,22262,22264,22263,22265,22250,22249,22266,22267,22268,22251,22269,7833,22270,22271,22272,22273,22274,22275],"galerie_stadt":[359],"galerie_typ":[],"galerie_land":[49],"class_list":["post-42541","galerie","type-galerie","status-publish","hentry","kuenstler-accept-all","kuenstler-alexander-gehring","kuenstler-alexandra-negru","kuenstler-bettina-flitner","kuenstler-cookie-settings","kuenstler-die-galerie","kuenstler-elia-alba","kuenstler-emilia-hesse","kuenstler-erica-shires","kuenstler-female-photoclub","kuenstler-feminist-photography-network","kuenstler-fredy-utopia","kuenstler-ira-thiessen","kuenstler-jeff-desom","kuenstler-julika-rudelius","kuenstler-juergen-rehrmann","kuenstler-karsten-kronas","kuenstler-katharina-bosse","kuenstler-kunstraum-elsa-artspace-bielefeld","kuenstler-laura-bielau","kuenstler-lilly-urbat","kuenstler-lotte-reimann","kuenstler-martina-minette-dreier","kuenstler-paula-winkler","kuenstler-privacy-overview","kuenstler-rebecca-hackemann","kuenstler-regine-wolff","kuenstler-sandra-schubert","kuenstler-thorsten-hoening","kuenstler-uwe-goebel","kuenstler-yoon-sun-yang","galerie_stadt-bielefeld","galerie_land-de"],"acf":[],"_links":{"self":[{"href":"https:\/\/contemporary-arts.de\/index.php\/wp-json\/wp\/v2\/galerie\/42541","targetHints":{"allow":["GET"]}}],"collection":[{"href":"https:\/\/contemporary-arts.de\/index.php\/wp-json\/wp\/v2\/galerie"}],"about":[{"href":"https:\/\/contemporary-arts.de\/index.php\/wp-json\/wp\/v2\/types\/galerie"}],"author":[{"embeddable":true,"href":"https:\/\/contemporary-arts.de\/index.php\/wp-json\/wp\/v2\/users\/1"}],"wp:attachment":[{"href":"https:\/\/contemporary-arts.de\/index.php\/wp-json\/wp\/v2\/media?parent=42541"}],"wp:term":[{"taxonomy":"kuenstler","embeddable":true,"href":"https:\/\/contemporary-arts.de\/index.php\/wp-json\/wp\/v2\/kuenstler?post=42541"},{"taxonomy":"galerie_stadt","embeddable":true,"href":"https:\/\/contemporary-arts.de\/index.php\/wp-json\/wp\/v2\/galerie_stadt?post=42541"},{"taxonomy":"galerie_typ","embeddable":true,"href":"https:\/\/contemporary-arts.de\/index.php\/wp-json\/wp\/v2\/galerie_typ?post=42541"},{"taxonomy":"galerie_land","embeddable":true,"href":"https:\/\/contemporary-arts.de\/index.php\/wp-json\/wp\/v2\/galerie_land?post=42541"}],"curies":[{"name":"wp","href":"https:\/\/api.w.org\/{rel}","templated":true}]}}

<p>Gezeigt wird bei Galerie Elsa in Bielefeld überwiegend Fotografie und Editionen. Gezeigt werden Arbeiten von 31 Künstlerinnen und Künstlern. Editionen und Druckgrafik halten dabei einen festen Platz neben den Unikaten.</p>

Elsa-Brändström-Straße 13
