{"id":42537,"date":"2026-09-06T10:54:01","date_gmt":"2026-09-06T10:54:01","guid":{"rendered":"https:\/\/contemporary-arts.de\/?post_type=galerie&#038;p=42537"},"modified":"2026-09-06T12:34:05","modified_gmt":"2026-09-06T12:34:05","slug":"samuelis-baumgarte-galerie-e-k","status":"publish","type":"galerie","link":"https:\/\/contemporary-arts.de\/index.php\/galerie\/samuelis-baumgarte-galerie-e-k\/","title":{"rendered":"Samuelis Baumgarte Galerie e.K."},"content":{"rendered":"<p>Die Galerie Samuelis Baumgarte Galerie e.K. sitzt in Bielefeld. Zum Programm geh\u00f6ren 60 K\u00fcnstlerinnen und K\u00fcnstler.<\/p>\n","protected":false},"excerpt":{"rendered":"<p>Die Galerie Samuelis Baumgarte Galerie e.K. sitzt in Bielefeld. Zum Programm geh\u00f6ren 60 K\u00fcnstlerinnen und K\u00fcnstler.<\/p>\n","protected":false},"author":1,"featured_media":0,"template":"","meta":{"_acf_changed":false,"galerie_place_id":"ChIJ8bAEBZ89ukcRfilFGfKxAo4","galerie_address":"Niederwall 10","galerie_city":"Bielefeld","galerie_zip":"33602","galerie_country":"DE","galerie_latitude":"52.0216059","galerie_longitude":"8.5338508","galerie_phone":"+49521560310","galerie_url":"https:\/\/www.samuelis-baumgarte.com\/","galerie_domain":"www.samuelis-baumgarte.com","galerie_rating_value":"4.7","galerie_rating_count":"29","galerie_galerist":"","galerie_gruendung":"","galerie_artists_url":"https:\/\/www.samuelis-baumgarte.com\/kuenstler","galerie_about_url":"https:\/\/www.samuelis-baumgarte.com\/ueber-uns","galerie_quelle_stadt":"Bielefeld","galerie_werk_typ":"unbestimmt","galerie_online_shop":"nein","galerie_werk_signale":"","galerie_ranking_score":"0","galerie_ranking_rang":"5965","galerie_claimed_by":""},"kuenstler":[22317,2066,22319,22315,22332,18525,9039,22328,22336,4933,22324,4928,22327,1607,2082,21807,1822,22322,22329,22335,1909,22334,1903,22326,22333,3820,12317,1642,3986,22318,13557,1600,20442,22337,22321,22316,22338,1723,1486,1612,22325,22330,1491,1625,22331,22320,22323,1425,1906,1488,6404,2772,22314,15466,11586,3987,1413,1594,3978,21786],"galerie_stadt":[359],"galerie_typ":[],"galerie_land":[49],"class_list":["post-42537","galerie","type-galerie","status-publish","hentry","kuenstler-adela-andea","kuenstler-alexander-calder","kuenstler-amanda-chiarucci","kuenstler-art-to-know","kuenstler-astrid-lowack","kuenstler-bernard-schultze","kuenstler-christian-awe","kuenstler-christine-jackob-marks","kuenstler-christine-schindler","kuenstler-emil-nolde","kuenstler-emma-helle","kuenstler-ernst-ludwig-kirchner","kuenstler-feodora-hohenlohe","kuenstler-fernando-botero","kuenstler-frank-stella","kuenstler-fred-thieler","kuenstler-gerhard-richter","kuenstler-german-gomez","kuenstler-gudrun-kemsa","kuenstler-gunter-reski","kuenstler-guenther-uecker","kuenstler-hans-joerg-mayer","kuenstler-heinz-mack","kuenstler-janus-hochgesand","kuenstler-jarmo-maekilae","kuenstler-jean-tinguely","kuenstler-jim-dine","kuenstler-joan-miro","kuenstler-john-chamberlain","kuenstler-jonathan-apelbaum","kuenstler-josef-albers","kuenstler-karel-appel","kuenstler-karl-otto-goetz","kuenstler-kim-simonsson","kuenstler-kirsten-geisler","kuenstler-kuenstler-bewerbung","kuenstler-kurt-von-bley","kuenstler-lore-bert","kuenstler-lucio-fontana","kuenstler-marc-chagall","kuenstler-marguerite-hersberger","kuenstler-marie-jo-lafontaine","kuenstler-marino-marini","kuenstler-max-ernst","kuenstler-michel-lamoller","kuenstler-nathalia-edenmont","kuenstler-nicolas-grospierre","kuenstler-niki-de-saint-phalle","kuenstler-otto-piene","kuenstler-paul-klee","kuenstler-robert-motherwell","kuenstler-sam-francis","kuenstler-start-collecting","kuenstler-susanne-zuehlke","kuenstler-thomas-kilpper","kuenstler-tony-cragg","kuenstler-ueber-uns","kuenstler-victor-vasarely","kuenstler-viewing-rooms","kuenstler-yaacov-agam","galerie_stadt-bielefeld","galerie_land-de"],"acf":[],"_links":{"self":[{"href":"https:\/\/contemporary-arts.de\/index.php\/wp-json\/wp\/v2\/galerie\/42537","targetHints":{"allow":["GET"]}}],"collection":[{"href":"https:\/\/contemporary-arts.de\/index.php\/wp-json\/wp\/v2\/galerie"}],"about":[{"href":"https:\/\/contemporary-arts.de\/index.php\/wp-json\/wp\/v2\/types\/galerie"}],"author":[{"embeddable":true,"href":"https:\/\/contemporary-arts.de\/index.php\/wp-json\/wp\/v2\/users\/1"}],"wp:attachment":[{"href":"https:\/\/contemporary-arts.de\/index.php\/wp-json\/wp\/v2\/media?parent=42537"}],"wp:term":[{"taxonomy":"kuenstler","embeddable":true,"href":"https:\/\/contemporary-arts.de\/index.php\/wp-json\/wp\/v2\/kuenstler?post=42537"},{"taxonomy":"galerie_stadt","embeddable":true,"href":"https:\/\/contemporary-arts.de\/index.php\/wp-json\/wp\/v2\/galerie_stadt?post=42537"},{"taxonomy":"galerie_typ","embeddable":true,"href":"https:\/\/contemporary-arts.de\/index.php\/wp-json\/wp\/v2\/galerie_typ?post=42537"},{"taxonomy":"galerie_land","embeddable":true,"href":"https:\/\/contemporary-arts.de\/index.php\/wp-json\/wp\/v2\/galerie_land?post=42537"}],"curies":[{"name":"wp","href":"https:\/\/api.w.org\/{rel}","templated":true}]}}

<p>Die Galerie Samuelis Baumgarte Galerie e.K. sitzt in Bielefeld. Zum Programm gehören 60 Künstlerinnen und Künstler.</p>
