{"id":42427,"date":"2026-09-06T10:54:15","date_gmt":"2026-09-06T10:54:15","guid":{"rendered":"https:\/\/contemporary-arts.de\/?post_type=galerie&#038;p=42427"},"modified":"2026-09-06T12:34:34","modified_gmt":"2026-09-06T12:34:34","slug":"oechsner-galerie","status":"publish","type":"galerie","link":"https:\/\/contemporary-arts.de\/index.php\/galerie\/oechsner-galerie\/","title":{"rendered":"Oechsner Galerie"},"content":{"rendered":"<p>Die Galerie Oechsner Galerie sitzt in Nuremberg. Zum Programm geh\u00f6ren 19 K\u00fcnstlerinnen und K\u00fcnstler.<\/p>\n","protected":false},"excerpt":{"rendered":"<p>Die Galerie Oechsner Galerie sitzt in Nuremberg. Zum Programm geh\u00f6ren 19 K\u00fcnstlerinnen und K\u00fcnstler.<\/p>\n","protected":false},"author":1,"featured_media":0,"template":"","meta":{"_acf_changed":false,"galerie_place_id":"ChIJj6Ij7u5Wn0cRQ1Rm65mRaEg","galerie_address":"Gustav-Adolf-Stra\u00dfe 33","galerie_city":"Nuremberg","galerie_zip":"90439","galerie_country":"DE","galerie_latitude":"49.4364","galerie_longitude":"11.03879","galerie_phone":"+499119616966","galerie_url":"http:\/\/www.oechsner-galerie.de\/","galerie_domain":"www.oechsner-galerie.de","galerie_rating_value":"4.9","galerie_rating_count":"10","galerie_galerist":"","galerie_gruendung":"","galerie_artists_url":"http:\/\/www.oechsner-galerie.de\/kuenstler\/","galerie_about_url":"","galerie_quelle_stadt":"N\u00fcrnberg","galerie_werk_typ":"unbestimmt","galerie_online_shop":"nein","galerie_werk_signale":"","galerie_ranking_score":"0","galerie_ranking_rang":"6152","galerie_claimed_by":""},"kuenstler":[22736,22732,22730,22728,22739,22735,22733,22740,22746,22737,22731,22741,22744,22729,22742,22734,22743,22738,22745],"galerie_stadt":[344],"galerie_typ":[],"galerie_land":[49],"class_list":["post-42427","galerie","type-galerie","status-publish","hentry","kuenstler-andreas-oehlert","kuenstler-ben-huebsch","kuenstler-christian-faul","kuenstler-daniel-bischoff","kuenstler-dashdemed-sampil","kuenstler-gerhard-mayer","kuenstler-gisela-kleinlein","kuenstler-jasmin-schmidt","kuenstler-ladislav-zajac","kuenstler-markus-putze","kuenstler-michael-franz","kuenstler-michael-schrattenthaler","kuenstler-olaf-unverzart","kuenstler-oliver-boberg","kuenstler-peter-senoner","kuenstler-sebastian-kuhn","kuenstler-sebastian-troeger","kuenstler-susanne-roth","kuenstler-thilo-westermann","galerie_stadt-nuremberg","galerie_land-de"],"acf":[],"_links":{"self":[{"href":"https:\/\/contemporary-arts.de\/index.php\/wp-json\/wp\/v2\/galerie\/42427","targetHints":{"allow":["GET"]}}],"collection":[{"href":"https:\/\/contemporary-arts.de\/index.php\/wp-json\/wp\/v2\/galerie"}],"about":[{"href":"https:\/\/contemporary-arts.de\/index.php\/wp-json\/wp\/v2\/types\/galerie"}],"author":[{"embeddable":true,"href":"https:\/\/contemporary-arts.de\/index.php\/wp-json\/wp\/v2\/users\/1"}],"wp:attachment":[{"href":"https:\/\/contemporary-arts.de\/index.php\/wp-json\/wp\/v2\/media?parent=42427"}],"wp:term":[{"taxonomy":"kuenstler","embeddable":true,"href":"https:\/\/contemporary-arts.de\/index.php\/wp-json\/wp\/v2\/kuenstler?post=42427"},{"taxonomy":"galerie_stadt","embeddable":true,"href":"https:\/\/contemporary-arts.de\/index.php\/wp-json\/wp\/v2\/galerie_stadt?post=42427"},{"taxonomy":"galerie_typ","embeddable":true,"href":"https:\/\/contemporary-arts.de\/index.php\/wp-json\/wp\/v2\/galerie_typ?post=42427"},{"taxonomy":"galerie_land","embeddable":true,"href":"https:\/\/contemporary-arts.de\/index.php\/wp-json\/wp\/v2\/galerie_land?post=42427"}],"curies":[{"name":"wp","href":"https:\/\/api.w.org\/{rel}","templated":true}]}}

<p>Die Galerie Oechsner Galerie sitzt in Nuremberg. Zum Programm gehören 19 Künstlerinnen und Künstler.</p>

Gustav-Adolf-Straße 33

Nürnberg
