{"id":42361,"date":"2026-09-06T10:54:16","date_gmt":"2026-09-06T10:54:16","guid":{"rendered":"https:\/\/contemporary-arts.de\/?post_type=galerie&#038;p=42361"},"modified":"2026-09-06T12:37:15","modified_gmt":"2026-09-06T12:37:15","slug":"staedtische-galerie-schwabach","status":"publish","type":"galerie","link":"https:\/\/contemporary-arts.de\/index.php\/galerie\/staedtische-galerie-schwabach\/","title":{"rendered":"St\u00e4dtische Galerie Schwabach"},"content":{"rendered":"<p>St\u00e4dtische Galerie Schwabach arbeitet als Galerie in Schwabach. Zum Programm geh\u00f6ren 54 K\u00fcnstlerinnen und K\u00fcnstler.<\/p>\n","protected":false},"excerpt":{"rendered":"<p>St\u00e4dtische Galerie Schwabach arbeitet als Galerie in Schwabach. Zum Programm geh\u00f6ren 54 K\u00fcnstlerinnen und K\u00fcnstler.<\/p>\n","protected":false},"author":1,"featured_media":0,"template":"","meta":{"_acf_changed":false,"galerie_place_id":"ChIJ9WKGBypQn0cRdQ_X0HYqGME","galerie_address":"K\u00f6nigspl. 29a","galerie_city":"Schwabach","galerie_zip":"91126","galerie_country":"DE","galerie_latitude":"49.3282584","galerie_longitude":"11.0200623","galerie_phone":"","galerie_url":"http:\/\/kuenstlerbund-schwabach.de\/","galerie_domain":"kuenstlerbund-schwabach.de","galerie_rating_value":"3.8","galerie_rating_count":"6","galerie_galerist":"","galerie_gruendung":"","galerie_artists_url":"http:\/\/kuenstlerbund-schwabach.de\/kuenstler","galerie_about_url":"","galerie_quelle_stadt":"N\u00fcrnberg","galerie_werk_typ":"unbestimmt","galerie_online_shop":"nein","galerie_werk_signale":"","galerie_ranking_score":"0","galerie_ranking_rang":"6184","galerie_claimed_by":""},"kuenstler":[22769,22790,22776,22778,22785,22802,22796,15770,18284,22787,22783,22767,22781,22812,22772,22777,22810,16636,22789,22797,22793,22774,22800,22804,22770,22792,22750,22784,22779,22805,22798,22813,22795,22801,22782,22788,22791,22806,22771,22775,22809,22773,22764,22765,22766,22768,22780,22794,22807,22811,22786,22803,22799,22808],"galerie_stadt":[349],"galerie_typ":[],"galerie_land":[49],"class_list":["post-42361","galerie","type-galerie","status-publish","hentry","kuenstler-andre-debus","kuenstler-anneliese-kraft","kuenstler-axel-gercke","kuenstler-barbara-graber","kuenstler-bettina-jaenicke","kuenstler-brigitte-romann","kuenstler-changhee-nam","kuenstler-clemens-heinl","kuenstler-diego-bianconi","kuenstler-diethelm-kause","kuenstler-evelyn-hesselmann","kuenstler-frank-albert","kuenstler-frank-gerald-hegewald","kuenstler-gerhard-ziegler","kuenstler-gregor-eska","kuenstler-gudrun-gerstner","kuenstler-hanspeter-widrig","kuenstler-harald-kienle","kuenstler-inga-karen-kopf","kuenstler-jo-niklaus","kuenstler-jochen-lebert","kuenstler-kai-feldschur","kuenstler-kasia-prusik-lutz","kuenstler-kirsten-schoppmann","kuenstler-klaus-leo-drechsel","kuenstler-lisa-lang","kuenstler-manfred-huerlimann","kuenstler-manon-heupel","kuenstler-mara-gruber","kuenstler-margit-schuler","kuenstler-mathias-otto","kuenstler-michael-zirn","kuenstler-norbert-mager","kuenstler-olaf-prusik-lutz","kuenstler-peter-helmstetter","kuenstler-peter-koenig","kuenstler-petra-krischke","kuenstler-philipp-tim-selig","kuenstler-reinhard-eiber","kuenstler-renate-gehrcke","kuenstler-rosalinde-weber-hohengrund","kuenstler-sibylle-falkenberg","kuenstler-staedtische-galerie-schwabach","kuenstler-stadtkirche-schwabach","kuenstler-stadtmuseum-schwabach","kuenstler-stefan-atzl","kuenstler-stephanie-gruen","kuenstler-stephanie-loew","kuenstler-susanne-stiegeler","kuenstler-teresa-wiechova","kuenstler-ursula-juengst","kuenstler-uwe-schein","kuenstler-walli-popp","kuenstler-walter-thaler","galerie_stadt-schwabach","galerie_land-de"],"acf":[],"_links":{"self":[{"href":"https:\/\/contemporary-arts.de\/index.php\/wp-json\/wp\/v2\/galerie\/42361","targetHints":{"allow":["GET"]}}],"collection":[{"href":"https:\/\/contemporary-arts.de\/index.php\/wp-json\/wp\/v2\/galerie"}],"about":[{"href":"https:\/\/contemporary-arts.de\/index.php\/wp-json\/wp\/v2\/types\/galerie"}],"author":[{"embeddable":true,"href":"https:\/\/contemporary-arts.de\/index.php\/wp-json\/wp\/v2\/users\/1"}],"wp:attachment":[{"href":"https:\/\/contemporary-arts.de\/index.php\/wp-json\/wp\/v2\/media?parent=42361"}],"wp:term":[{"taxonomy":"kuenstler","embeddable":true,"href":"https:\/\/contemporary-arts.de\/index.php\/wp-json\/wp\/v2\/kuenstler?post=42361"},{"taxonomy":"galerie_stadt","embeddable":true,"href":"https:\/\/contemporary-arts.de\/index.php\/wp-json\/wp\/v2\/galerie_stadt?post=42361"},{"taxonomy":"galerie_typ","embeddable":true,"href":"https:\/\/contemporary-arts.de\/index.php\/wp-json\/wp\/v2\/galerie_typ?post=42361"},{"taxonomy":"galerie_land","embeddable":true,"href":"https:\/\/contemporary-arts.de\/index.php\/wp-json\/wp\/v2\/galerie_land?post=42361"}],"curies":[{"name":"wp","href":"https:\/\/api.w.org\/{rel}","templated":true}]}}

Städtische Galerie Schwabach

<p>Städtische Galerie Schwabach arbeitet als Galerie in Schwabach. Zum Programm gehören 54 Künstlerinnen und Künstler.</p>

Königspl. 29a

Nürnberg
