{"id":42348,"date":"2026-09-06T10:49:56","date_gmt":"2026-09-06T10:49:56","guid":{"rendered":"https:\/\/contemporary-arts.de\/?post_type=galerie&#038;p=42348"},"modified":"2026-09-06T10:49:56","modified_gmt":"2026-09-06T10:49:56","slug":"hoerspectrum-fiedler-gmbh","status":"publish","type":"galerie","link":"https:\/\/contemporary-arts.de\/index.php\/galerie\/hoerspectrum-fiedler-gmbh\/","title":{"rendered":"H\u00d6RSPECTRUM FIEDLER GmbH"},"content":{"rendered":"<p>H\u00f6rspectrum Fiedler in F\u00fcrth ist ein H\u00f6rakustiker. Mit bildender Kunst hat der Betrieb nichts zu tun, der Eintrag stammt aus einer fehlerhaften Kategorisierung.<\/p>\n","protected":false},"excerpt":{"rendered":"<p>H\u00f6rspectrum Fiedler in F\u00fcrth ist ein H\u00f6rakustiker. Mit bildender Kunst hat der Betrieb nichts zu tun, der Eintrag stammt aus einer fehlerhaften Kategorisierung.<\/p>\n","protected":false},"author":1,"featured_media":0,"template":"","meta":{"_acf_changed":false,"galerie_place_id":"ChIJK2krPc3_oUcRSfYmbYTbLKw","galerie_address":"barierrefreier Eingang, Stadelner Hauptstra\u00dfe 49","galerie_city":"F\u00fcrth","galerie_zip":"90765","galerie_country":"DE","galerie_latitude":"49.509366","galerie_longitude":"10.9755637","galerie_phone":"+4991181014555","galerie_url":"http:\/\/www.hoerspectrum-fiedler.de\/","galerie_domain":"www.hoerspectrum-fiedler.de","galerie_rating_value":"4.9","galerie_rating_count":"19","galerie_galerist":"","galerie_gruendung":"","galerie_artists_url":"https:\/\/www.hoerspectrum-fiedler.de\/bonusprogramm\/","galerie_about_url":"https:\/\/www.hoerspectrum-fiedler.de\/ueber-uns\/","galerie_quelle_stadt":"N\u00fcrnberg","galerie_werk_typ":"unbestimmt","galerie_online_shop":"nein","galerie_werk_signale":"","galerie_ranking_score":"0","galerie_ranking_rang":"6171","galerie_claimed_by":""},"kuenstler":[22815,22816,22814,22817,21231,1413],"galerie_stadt":[346],"galerie_typ":[],"galerie_land":[49],"class_list":["post-42348","galerie","type-galerie","status-publish","hentry","kuenstler-jetzt-persoenlich-beraten-lassen","kuenstler-mitteilung-an-uns","kuenstler-mitteilungan-uns","kuenstler-rueckruf-anfordern","kuenstler-termin-vereinbaren","kuenstler-ueber-uns","galerie_stadt-fuerth","galerie_land-de"],"acf":[],"_links":{"self":[{"href":"https:\/\/contemporary-arts.de\/index.php\/wp-json\/wp\/v2\/galerie\/42348","targetHints":{"allow":["GET"]}}],"collection":[{"href":"https:\/\/contemporary-arts.de\/index.php\/wp-json\/wp\/v2\/galerie"}],"about":[{"href":"https:\/\/contemporary-arts.de\/index.php\/wp-json\/wp\/v2\/types\/galerie"}],"author":[{"embeddable":true,"href":"https:\/\/contemporary-arts.de\/index.php\/wp-json\/wp\/v2\/users\/1"}],"wp:attachment":[{"href":"https:\/\/contemporary-arts.de\/index.php\/wp-json\/wp\/v2\/media?parent=42348"}],"wp:term":[{"taxonomy":"kuenstler","embeddable":true,"href":"https:\/\/contemporary-arts.de\/index.php\/wp-json\/wp\/v2\/kuenstler?post=42348"},{"taxonomy":"galerie_stadt","embeddable":true,"href":"https:\/\/contemporary-arts.de\/index.php\/wp-json\/wp\/v2\/galerie_stadt?post=42348"},{"taxonomy":"galerie_typ","embeddable":true,"href":"https:\/\/contemporary-arts.de\/index.php\/wp-json\/wp\/v2\/galerie_typ?post=42348"},{"taxonomy":"galerie_land","embeddable":true,"href":"https:\/\/contemporary-arts.de\/index.php\/wp-json\/wp\/v2\/galerie_land?post=42348"}],"curies":[{"name":"wp","href":"https:\/\/api.w.org\/{rel}","templated":true}]}}

HÖRSPECTRUM FIEDLER GmbH

<p>Hörspectrum Fiedler in Fürth ist ein Hörakustiker. Mit bildender Kunst hat der Betrieb nichts zu tun, der Eintrag stammt aus einer fehlerhaften Kategorisierung.</p>

barierrefreier Eingang, Stadelner Hauptstraße 49

Fürth

Nürnberg
