{"id":42335,"date":"2026-09-06T10:54:15","date_gmt":"2026-09-06T10:54:15","guid":{"rendered":"https:\/\/contemporary-arts.de\/?post_type=galerie&#038;p=42335"},"modified":"2026-09-06T12:34:27","modified_gmt":"2026-09-06T12:34:27","slug":"galerie-kunstkontor-nuernberg","status":"publish","type":"galerie","link":"https:\/\/contemporary-arts.de\/index.php\/galerie\/galerie-kunstkontor-nuernberg\/","title":{"rendered":"Galerie KunstKontor N\u00fcrnberg"},"content":{"rendered":"<p>Galerie KunstKontor N\u00fcrnberg ist eine Galerie in Nuremberg. Gezeigt werden Arbeiten von 40 K\u00fcnstlerinnen und K\u00fcnstlern.<\/p>\n","protected":false},"excerpt":{"rendered":"<p>Galerie KunstKontor N\u00fcrnberg ist eine Galerie in Nuremberg. Gezeigt werden Arbeiten von 40 K\u00fcnstlerinnen und K\u00fcnstlern.<\/p>\n","protected":false},"author":1,"featured_media":0,"template":"","meta":{"_acf_changed":false,"galerie_place_id":"ChIJ55qOzK9Xn0cR5i36k3COe5U","galerie_address":"F\u00fcll 12","galerie_city":"Nuremberg","galerie_zip":"90403","galerie_country":"DE","galerie_latitude":"49.4558302","galerie_longitude":"11.074928","galerie_phone":"+491625472670","galerie_url":"https:\/\/www.kunstkontor-nuernberg.de\/","galerie_domain":"www.kunstkontor-nuernberg.de","galerie_rating_value":"4.4","galerie_rating_count":"12","galerie_galerist":"","galerie_gruendung":"","galerie_artists_url":"https:\/\/www.kunstkontor-nuernberg.de\/kuenstler-innen","galerie_about_url":"https:\/\/www.kunstkontor-nuernberg.de\/ueber-uns","galerie_quelle_stadt":"N\u00fcrnberg","galerie_werk_typ":"unbestimmt","galerie_online_shop":"nein","galerie_werk_signale":"","galerie_ranking_score":"0","galerie_ranking_rang":"6158","galerie_claimed_by":""},"kuenstler":[22869,22877,22142,22855,22863,22875,22873,22864,22860,22876,11279,3407,7200,22872,22862,22861,22865,22868,5940,22881,22750,17943,22858,22857,22856,8706,22871,22866,12652,22867,1732,22878,22874,22859,16168,22870,22879,22854,12007,22880],"galerie_stadt":[344],"galerie_typ":[],"galerie_land":[49],"class_list":["post-42335","galerie","type-galerie","status-publish","hentry","kuenstler-aja-von-loeper","kuenstler-andreas-scholz","kuenstler-annette-sauermann","kuenstler-christian-barta","kuenstler-christian-hoehn","kuenstler-christian-roessner","kuenstler-christoph-rehm","kuenstler-clemens-hutter","kuenstler-daniel-engelberg","kuenstler-diet-sayler","kuenstler-esther-hagenmaier","kuenstler-gerhard-hotter","kuenstler-gerhard-riessbeck","kuenstler-harald-pompl","kuenstler-hubertus-hess","kuenstler-jan-gemeinhardt","kuenstler-jinran-kim","kuenstler-johannes-kersting","kuenstler-juergen-paas","kuenstler-kunstkontor-nuernberg-gbr","kuenstler-manfred-huerlimann","kuenstler-marco-stanke","kuenstler-marita-damkroeger","kuenstler-markus-birner","kuenstler-michael-barta","kuenstler-michael-kos","kuenstler-nazzarena-poli-maramotti","kuenstler-peter-kampehl","kuenstler-reinhard-woellmer","kuenstler-richard-kaplenig","kuenstler-rita-rohlfing","kuenstler-robert-scholz","kuenstler-sabine-richter","kuenstler-selcuk-dizlek","kuenstler-sonja-weber","kuenstler-stefanie-poellot","kuenstler-stephan-wurmer","kuenstler-thomas-bergner","kuenstler-tobias-stutz","kuenstler-zhu-xianwei","galerie_stadt-nuremberg","galerie_land-de"],"acf":[],"_links":{"self":[{"href":"https:\/\/contemporary-arts.de\/index.php\/wp-json\/wp\/v2\/galerie\/42335","targetHints":{"allow":["GET"]}}],"collection":[{"href":"https:\/\/contemporary-arts.de\/index.php\/wp-json\/wp\/v2\/galerie"}],"about":[{"href":"https:\/\/contemporary-arts.de\/index.php\/wp-json\/wp\/v2\/types\/galerie"}],"author":[{"embeddable":true,"href":"https:\/\/contemporary-arts.de\/index.php\/wp-json\/wp\/v2\/users\/1"}],"wp:attachment":[{"href":"https:\/\/contemporary-arts.de\/index.php\/wp-json\/wp\/v2\/media?parent=42335"}],"wp:term":[{"taxonomy":"kuenstler","embeddable":true,"href":"https:\/\/contemporary-arts.de\/index.php\/wp-json\/wp\/v2\/kuenstler?post=42335"},{"taxonomy":"galerie_stadt","embeddable":true,"href":"https:\/\/contemporary-arts.de\/index.php\/wp-json\/wp\/v2\/galerie_stadt?post=42335"},{"taxonomy":"galerie_typ","embeddable":true,"href":"https:\/\/contemporary-arts.de\/index.php\/wp-json\/wp\/v2\/galerie_typ?post=42335"},{"taxonomy":"galerie_land","embeddable":true,"href":"https:\/\/contemporary-arts.de\/index.php\/wp-json\/wp\/v2\/galerie_land?post=42335"}],"curies":[{"name":"wp","href":"https:\/\/api.w.org\/{rel}","templated":true}]}}

Galerie KunstKontor Nürnberg

<p>Galerie KunstKontor Nürnberg ist eine Galerie in Nuremberg. Gezeigt werden Arbeiten von 40 Künstlerinnen und Künstlern.</p>

Füll 12

Nürnberg
