{"id":42333,"date":"2026-09-06T10:54:15","date_gmt":"2026-09-06T10:54:15","guid":{"rendered":"https:\/\/contemporary-arts.de\/?post_type=galerie&#038;p=42333"},"modified":"2026-09-06T12:34:13","modified_gmt":"2026-09-06T12:34:13","slug":"galerie-von-von","status":"publish","type":"galerie","link":"https:\/\/contemporary-arts.de\/index.php\/galerie\/galerie-von-von\/","title":{"rendered":"GALERIE VON &amp; VON"},"content":{"rendered":"<p>Gezeigt wird bei GALERIE VON &#038; VON in Nuremberg \u00fcberwiegend Malerei, Skulptur und Zeichnung. Gezeigt werden Arbeiten von 17 K\u00fcnstlerinnen und K\u00fcnstlern. Als Verein wird nicht verkauft, sondern vermittelt, was das Programm freier macht als im Galeriebetrieb.<\/p>\n","protected":false},"excerpt":{"rendered":"<p>Gezeigt wird bei GALERIE VON &#038; VON in Nuremberg \u00fcberwiegend Malerei, Skulptur und Zeichnung. Gezeigt werden Arbeiten von 17 K\u00fcnstlerinnen und K\u00fcnstlern. Als Verein wird nicht verkauft, sondern vermittelt, was das Programm freier macht als im Galeriebetrieb.<\/p>\n","protected":false},"author":1,"featured_media":0,"template":"","meta":{"_acf_changed":false,"galerie_place_id":"ChIJSUZCsqZXn0cRPoLSNECWy5A","galerie_address":"K\u00f6nigstra\u00dfe 5","galerie_city":"Nuremberg","galerie_zip":"90402","galerie_country":"DE","galerie_latitude":"49.4519331","galerie_longitude":"11.0780671","galerie_phone":"+4991199288558","galerie_url":"http:\/\/www.galerie-vonundvon.de\/","galerie_domain":"www.galerie-vonundvon.de","galerie_rating_value":"4.7","galerie_rating_count":"24","galerie_galerist":"","galerie_gruendung":"","galerie_artists_url":"http:\/\/www.galerie-vonundvon.de\/kuenstler","galerie_about_url":"","galerie_quelle_stadt":"N\u00fcrnberg","galerie_werk_typ":"originale","galerie_online_shop":"nein","galerie_werk_signale":"","galerie_ranking_score":"0","galerie_ranking_rang":"6156","galerie_claimed_by":""},"kuenstler":[4033,22822,16525,22820,22823,22824,22825,22826,15444,15974,9122,15725,16538,22821,22827,1413,22828],"galerie_stadt":[344],"galerie_typ":[],"galerie_land":[49],"class_list":["post-42333","galerie","type-galerie","status-publish","hentry","kuenstler-alfred-haberpointner","kuenstler-andy-rementer","kuenstler-angelika-platen","kuenstler-art-weekend","kuenstler-christine-gallmetzer","kuenstler-constantin-schroeder","kuenstler-dorothee-liebscher","kuenstler-gunda-foerster","kuenstler-josef-hirthammer","kuenstler-laura-aberham","kuenstler-leif-trenkler","kuenstler-leszek-skurski","kuenstler-miriam-vlaming","kuenstler-playground-art-prize","kuenstler-sophia-mainka","kuenstler-ueber-uns","kuenstler-yijie-gong","galerie_stadt-nuremberg","galerie_land-de"],"acf":[],"_links":{"self":[{"href":"https:\/\/contemporary-arts.de\/index.php\/wp-json\/wp\/v2\/galerie\/42333","targetHints":{"allow":["GET"]}}],"collection":[{"href":"https:\/\/contemporary-arts.de\/index.php\/wp-json\/wp\/v2\/galerie"}],"about":[{"href":"https:\/\/contemporary-arts.de\/index.php\/wp-json\/wp\/v2\/types\/galerie"}],"author":[{"embeddable":true,"href":"https:\/\/contemporary-arts.de\/index.php\/wp-json\/wp\/v2\/users\/1"}],"wp:attachment":[{"href":"https:\/\/contemporary-arts.de\/index.php\/wp-json\/wp\/v2\/media?parent=42333"}],"wp:term":[{"taxonomy":"kuenstler","embeddable":true,"href":"https:\/\/contemporary-arts.de\/index.php\/wp-json\/wp\/v2\/kuenstler?post=42333"},{"taxonomy":"galerie_stadt","embeddable":true,"href":"https:\/\/contemporary-arts.de\/index.php\/wp-json\/wp\/v2\/galerie_stadt?post=42333"},{"taxonomy":"galerie_typ","embeddable":true,"href":"https:\/\/contemporary-arts.de\/index.php\/wp-json\/wp\/v2\/galerie_typ?post=42333"},{"taxonomy":"galerie_land","embeddable":true,"href":"https:\/\/contemporary-arts.de\/index.php\/wp-json\/wp\/v2\/galerie_land?post=42333"}],"curies":[{"name":"wp","href":"https:\/\/api.w.org\/{rel}","templated":true}]}}

<p>Gezeigt wird bei GALERIE VON &#038; VON in Nuremberg überwiegend Malerei, Skulptur und Zeichnung. Gezeigt werden Arbeiten von 17 Künstlerinnen und Künstlern. Als Verein wird nicht verkauft, sondern vermittelt, was das Programm freier macht als im Galeriebetrieb.</p>

Königstraße 5

Nürnberg
