{"id":42203,"date":"2026-09-06T10:54:21","date_gmt":"2026-09-06T10:54:21","guid":{"rendered":"https:\/\/contemporary-arts.de\/?post_type=galerie&#038;p=42203"},"modified":"2026-09-06T12:37:26","modified_gmt":"2026-09-06T12:37:26","slug":"galerie-am-damm-peter-eisermann","status":"publish","type":"galerie","link":"https:\/\/contemporary-arts.de\/index.php\/galerie\/galerie-am-damm-peter-eisermann\/","title":{"rendered":"Galerie am Damm Peter Eisermann"},"content":{"rendered":"<p>In Dresden findet sich mit Galerie am Damm Peter Eisermann eine Galerie. Zum Programm geh\u00f6ren 24 K\u00fcnstlerinnen und K\u00fcnstler.<\/p>\n","protected":false},"excerpt":{"rendered":"<p>In Dresden findet sich mit Galerie am Damm Peter Eisermann eine Galerie. Zum Programm geh\u00f6ren 24 K\u00fcnstlerinnen und K\u00fcnstler.<\/p>\n","protected":false},"author":1,"featured_media":0,"template":"","meta":{"_acf_changed":false,"galerie_place_id":"ChIJm1nvOe3ICUcRdgW6-ijkx4Q","galerie_address":"K\u00f6rnerpl. 10","galerie_city":"Dresden","galerie_zip":"01326","galerie_country":"DE","galerie_latitude":"51.0546805","galerie_longitude":"13.8140828","galerie_phone":"+493512679218","galerie_url":"http:\/\/www.galerie-am-damm.de\/","galerie_domain":"www.galerie-am-damm.de","galerie_rating_value":"5","galerie_rating_count":"4","galerie_galerist":"","galerie_gruendung":"","galerie_artists_url":"http:\/\/www.galerie-am-damm.de\/kuenstler.html","galerie_about_url":"","galerie_quelle_stadt":"Dresden","galerie_werk_typ":"unbestimmt","galerie_online_shop":"nein","galerie_werk_signale":"","galerie_ranking_score":"0","galerie_ranking_rang":"6349","galerie_claimed_by":""},"kuenstler":[23425,23441,23421,23435,23303,23426,23428,23442,23423,23427,23424,23434,23431,23436,23432,20321,23422,23437,23440,23438,23439,23430,23433,23429],"galerie_stadt":[315],"galerie_typ":[],"galerie_land":[49],"class_list":["post-42203","galerie","type-galerie","status-publish","hentry","kuenstler-adreas-garn","kuenstler-andreas-seeliger","kuenstler-detlef-reinemer","kuenstler-florian-keller","kuenstler-frank-maasdorf","kuenstler-franz-zadnicek","kuenstler-fritz-springefeld","kuenstler-gertraude-seidel","kuenstler-gudrun-piper","kuenstler-hans-joachim-hennig","kuenstler-jan-kretzschmar","kuenstler-klaus-dieter-weber","kuenstler-kristine-wischniowski","kuenstler-luc-saalfeld","kuenstler-maria-mahlmann","kuenstler-michael-hofmann","kuenstler-priscilla-ann-siebert","kuenstler-reinhold-herrmann","kuenstler-rose-marijke-weiss","kuenstler-sabine-gumnitz","kuenstler-ullrich-wannhoff","kuenstler-volker-dietrich","kuenstler-volker-lenkeit","kuenstler-wolfgang-bosse","galerie_stadt-dresden","galerie_land-de"],"acf":[],"_links":{"self":[{"href":"https:\/\/contemporary-arts.de\/index.php\/wp-json\/wp\/v2\/galerie\/42203","targetHints":{"allow":["GET"]}}],"collection":[{"href":"https:\/\/contemporary-arts.de\/index.php\/wp-json\/wp\/v2\/galerie"}],"about":[{"href":"https:\/\/contemporary-arts.de\/index.php\/wp-json\/wp\/v2\/types\/galerie"}],"author":[{"embeddable":true,"href":"https:\/\/contemporary-arts.de\/index.php\/wp-json\/wp\/v2\/users\/1"}],"wp:attachment":[{"href":"https:\/\/contemporary-arts.de\/index.php\/wp-json\/wp\/v2\/media?parent=42203"}],"wp:term":[{"taxonomy":"kuenstler","embeddable":true,"href":"https:\/\/contemporary-arts.de\/index.php\/wp-json\/wp\/v2\/kuenstler?post=42203"},{"taxonomy":"galerie_stadt","embeddable":true,"href":"https:\/\/contemporary-arts.de\/index.php\/wp-json\/wp\/v2\/galerie_stadt?post=42203"},{"taxonomy":"galerie_typ","embeddable":true,"href":"https:\/\/contemporary-arts.de\/index.php\/wp-json\/wp\/v2\/galerie_typ?post=42203"},{"taxonomy":"galerie_land","embeddable":true,"href":"https:\/\/contemporary-arts.de\/index.php\/wp-json\/wp\/v2\/galerie_land?post=42203"}],"curies":[{"name":"wp","href":"https:\/\/api.w.org\/{rel}","templated":true}]}}

<p>In Dresden findet sich mit Galerie am Damm Peter Eisermann eine Galerie. Zum Programm gehören 24 Künstlerinnen und Künstler.</p>

Körnerpl. 10
