{"id":42202,"date":"2026-09-06T10:54:21","date_gmt":"2026-09-06T10:54:21","guid":{"rendered":"https:\/\/contemporary-arts.de\/?post_type=galerie&#038;p=42202"},"modified":"2026-09-06T12:36:34","modified_gmt":"2026-09-06T12:36:34","slug":"galerie-mitte-dresden","status":"publish","type":"galerie","link":"https:\/\/contemporary-arts.de\/index.php\/galerie\/galerie-mitte-dresden\/","title":{"rendered":"Galerie MITTE Dresden"},"content":{"rendered":"<p>Galerie MITTE Dresden arbeitet in Dresden mit Positionen aus Malerei, Druckgrafik und Fotografie. Zum Programm geh\u00f6ren 24 K\u00fcnstlerinnen und K\u00fcnstler.<\/p>\n","protected":false},"excerpt":{"rendered":"<p>Galerie MITTE Dresden arbeitet in Dresden mit Positionen aus Malerei, Druckgrafik und Fotografie. Zum Programm geh\u00f6ren 24 K\u00fcnstlerinnen und K\u00fcnstler.<\/p>\n","protected":false},"author":1,"featured_media":0,"template":"","meta":{"_acf_changed":false,"galerie_place_id":"ChIJveGMn63ICUcRmuV_KOKS_IM","galerie_address":"Striesener Str. 49","galerie_city":"Dresden","galerie_zip":"01307","galerie_country":"DE","galerie_latitude":"51.0471303","galerie_longitude":"13.7717528","galerie_phone":"+493514590052","galerie_url":"https:\/\/www.galerie-mitte.de\/","galerie_domain":"www.galerie-mitte.de","galerie_rating_value":"4.7","galerie_rating_count":"24","galerie_galerist":"","galerie_gruendung":"","galerie_artists_url":"https:\/\/www.galerie-mitte.de\/kuenstler","galerie_about_url":"https:\/\/www.galerie-mitte.de\/geschichte","galerie_quelle_stadt":"Dresden","galerie_werk_typ":"beides","galerie_online_shop":"nein","galerie_werk_signale":"","galerie_ranking_score":"0","galerie_ranking_rang":"6348","galerie_claimed_by":""},"kuenstler":[23319,16134,23324,7822,23330,23335,23328,23332,23322,23320,23331,23334,23333,23326,3616,7821,23327,23329,15558,23323,23321,23325,8187,15571],"galerie_stadt":[315],"galerie_typ":[],"galerie_land":[49],"class_list":["post-42202","galerie","type-galerie","status-publish","hentry","kuenstler-andreas-dress","kuenstler-angela-hampel","kuenstler-christiane-latendorf","kuenstler-dienste-verwalten","kuenstler-eveline-jahn","kuenstler-galerie-mitte","kuenstler-gila-abutalebi","kuenstler-gregor-kunz","kuenstler-gudrun-trendafilov","kuenstler-inge-thiess-boettner","kuenstler-mads-svendsen-merbeth","kuenstler-mehr-details","kuenstler-michael-klose","kuenstler-michele-cyranka","kuenstler-my-account","kuenstler-optionen-verwalten","kuenstler-oskar-staudinger","kuenstler-reinhard-springer","kuenstler-roger-bonnard","kuenstler-roland-staab","kuenstler-steffen-fischer","kuenstler-steffen-lipski","kuenstler-vertrag-widerrufen","kuenstler-wieland-richter","galerie_stadt-dresden","galerie_land-de"],"acf":[],"_links":{"self":[{"href":"https:\/\/contemporary-arts.de\/index.php\/wp-json\/wp\/v2\/galerie\/42202","targetHints":{"allow":["GET"]}}],"collection":[{"href":"https:\/\/contemporary-arts.de\/index.php\/wp-json\/wp\/v2\/galerie"}],"about":[{"href":"https:\/\/contemporary-arts.de\/index.php\/wp-json\/wp\/v2\/types\/galerie"}],"author":[{"embeddable":true,"href":"https:\/\/contemporary-arts.de\/index.php\/wp-json\/wp\/v2\/users\/1"}],"wp:attachment":[{"href":"https:\/\/contemporary-arts.de\/index.php\/wp-json\/wp\/v2\/media?parent=42202"}],"wp:term":[{"taxonomy":"kuenstler","embeddable":true,"href":"https:\/\/contemporary-arts.de\/index.php\/wp-json\/wp\/v2\/kuenstler?post=42202"},{"taxonomy":"galerie_stadt","embeddable":true,"href":"https:\/\/contemporary-arts.de\/index.php\/wp-json\/wp\/v2\/galerie_stadt?post=42202"},{"taxonomy":"galerie_typ","embeddable":true,"href":"https:\/\/contemporary-arts.de\/index.php\/wp-json\/wp\/v2\/galerie_typ?post=42202"},{"taxonomy":"galerie_land","embeddable":true,"href":"https:\/\/contemporary-arts.de\/index.php\/wp-json\/wp\/v2\/galerie_land?post=42202"}],"curies":[{"name":"wp","href":"https:\/\/api.w.org\/{rel}","templated":true}]}}

<p>Galerie MITTE Dresden arbeitet in Dresden mit Positionen aus Malerei, Druckgrafik und Fotografie. Zum Programm gehören 24 Künstlerinnen und Künstler.</p>
