{"id":42201,"date":"2026-09-06T10:54:21","date_gmt":"2026-09-06T10:54:21","guid":{"rendered":"https:\/\/contemporary-arts.de\/?post_type=galerie&#038;p=42201"},"modified":"2026-09-06T12:36:34","modified_gmt":"2026-09-06T12:36:34","slug":"galerie-himmel","status":"publish","type":"galerie","link":"https:\/\/contemporary-arts.de\/index.php\/galerie\/galerie-himmel\/","title":{"rendered":"Galerie Himmel"},"content":{"rendered":"<p>Der Schwerpunkt von Galerie Himmel in Dresden liegt auf Druckgrafik und Zeichnung. Zum Programm geh\u00f6ren 68 K\u00fcnstlerinnen und K\u00fcnstler.<\/p>\n","protected":false},"excerpt":{"rendered":"<p>Der Schwerpunkt von Galerie Himmel in Dresden liegt auf Druckgrafik und Zeichnung. Zum Programm geh\u00f6ren 68 K\u00fcnstlerinnen und K\u00fcnstler.<\/p>\n","protected":false},"author":1,"featured_media":0,"template":"","meta":{"_acf_changed":false,"galerie_place_id":"ChIJu0o7VF3PCUcRWwRXeOioTwE","galerie_address":"Obergraben 8","galerie_city":"","galerie_zip":"01097","galerie_country":"DE","galerie_latitude":"51.0600365","galerie_longitude":"13.7421134","galerie_phone":"+493514843578","galerie_url":"http:\/\/www.galerie-himmel.de\/","galerie_domain":"www.galerie-himmel.de","galerie_rating_value":"4.6","galerie_rating_count":"25","galerie_galerist":"","galerie_gruendung":"","galerie_artists_url":"http:\/\/www.galerie-himmel.de\/kuenstler\/","galerie_about_url":"","galerie_quelle_stadt":"Dresden","galerie_werk_typ":"beides","galerie_online_shop":"ja","galerie_werk_signale":"","galerie_ranking_score":"0","galerie_ranking_rang":"6347","galerie_claimed_by":""},"kuenstler":[23293,23295,7651,14742,16134,23285,23314,18407,23289,23309,23311,23307,23306,23312,10199,14841,23297,23303,23318,15567,23291,23288,23298,23300,23316,19887,23294,23296,23304,20311,23301,23280,23284,23313,23281,5883,19884,23277,18285,23276,23278,23279,23302,23286,4918,2337,23317,20494,18438,17337,10209,23282,23290,15568,23299,23305,23283,23287,23292,21806,20327,20328,15560,23315,23308,23310,20329,7976],"galerie_stadt":[315],"galerie_typ":[],"galerie_land":[49],"class_list":["post-42201","galerie","type-galerie","status-publish","hentry","kuenstler-agathe-boettcher","kuenstler-albert-ebert","kuenstler-allgemeine-geschaeftsbedingungen","kuenstler-andreas-wachter","kuenstler-angela-hampel","kuenstler-anne-kern","kuenstler-bernhard-kretzschmar","kuenstler-carlfriedrich-claus","kuenstler-christiane-wachter","kuenstler-claus-weidensdorfer","kuenstler-conrad-felixmueller","kuenstler-curt-querner","kuenstler-egon-pukall","kuenstler-erich-fraass","kuenstler-erich-heckel","kuenstler-ernst-barlach","kuenstler-ernst-hassebrauk","kuenstler-frank-maasdorf","kuenstler-fritz-troeger","kuenstler-gerda-lepke","kuenstler-gerhard-altenbourg","kuenstler-gundula-schulze-eldowy","kuenstler-hans-juechser","kuenstler-hans-koernig","kuenstler-hans-theo-richter","kuenstler-heinrich-zille","kuenstler-heinz-drache","kuenstler-hermann-gloeckner","kuenstler-hermann-naumann","kuenstler-herta-guenther","kuenstler-horst-leifer","kuenstler-hubertus-giebe","kuenstler-johannes-heisig","kuenstler-josef-hegenbarth","kuenstler-karen-graf","kuenstler-karl-schmidt-rottluff","kuenstler-kaethe-kollwitz","kuenstler-klaus-drechsler","kuenstler-lovis-corinth","kuenstler-lutz-bleidorn","kuenstler-lutz-friedel","kuenstler-mandy-friedrich","kuenstler-manfred-luther","kuenstler-marten-kirbach","kuenstler-max-beckmann","kuenstler-max-liebermann","kuenstler-max-schwimmer","kuenstler-max-uhlig","kuenstler-michael-morgner","kuenstler-otto-dix","kuenstler-otto-mueller","kuenstler-peter-graf","kuenstler-roland-zigan","kuenstler-rolf-muenzner","kuenstler-siegfried-klotz","kuenstler-stefan-plenkers","kuenstler-sylvia-hagen","kuenstler-tanja-pohl","kuenstler-walter-arnold","kuenstler-werner-stoetzer","kuenstler-werner-tuebke","kuenstler-werner-wittig","kuenstler-wieland-foerster","kuenstler-wilhelm-lachnit","kuenstler-wilhelm-rudolph","kuenstler-willy-wolff","kuenstler-wolfgang-mattheuer","kuenstler-zum-hauptinhalt-springen","galerie_stadt-dresden","galerie_land-de"],"acf":[],"_links":{"self":[{"href":"https:\/\/contemporary-arts.de\/index.php\/wp-json\/wp\/v2\/galerie\/42201","targetHints":{"allow":["GET"]}}],"collection":[{"href":"https:\/\/contemporary-arts.de\/index.php\/wp-json\/wp\/v2\/galerie"}],"about":[{"href":"https:\/\/contemporary-arts.de\/index.php\/wp-json\/wp\/v2\/types\/galerie"}],"author":[{"embeddable":true,"href":"https:\/\/contemporary-arts.de\/index.php\/wp-json\/wp\/v2\/users\/1"}],"wp:attachment":[{"href":"https:\/\/contemporary-arts.de\/index.php\/wp-json\/wp\/v2\/media?parent=42201"}],"wp:term":[{"taxonomy":"kuenstler","embeddable":true,"href":"https:\/\/contemporary-arts.de\/index.php\/wp-json\/wp\/v2\/kuenstler?post=42201"},{"taxonomy":"galerie_stadt","embeddable":true,"href":"https:\/\/contemporary-arts.de\/index.php\/wp-json\/wp\/v2\/galerie_stadt?post=42201"},{"taxonomy":"galerie_typ","embeddable":true,"href":"https:\/\/contemporary-arts.de\/index.php\/wp-json\/wp\/v2\/galerie_typ?post=42201"},{"taxonomy":"galerie_land","embeddable":true,"href":"https:\/\/contemporary-arts.de\/index.php\/wp-json\/wp\/v2\/galerie_land?post=42201"}],"curies":[{"name":"wp","href":"https:\/\/api.w.org\/{rel}","templated":true}]}}

<p>Der Schwerpunkt von Galerie Himmel in Dresden liegt auf Druckgrafik und Zeichnung. Zum Programm gehören 68 Künstlerinnen und Künstler.</p>
