{"id":42191,"date":"2026-09-06T10:54:21","date_gmt":"2026-09-06T10:54:21","guid":{"rendered":"https:\/\/contemporary-arts.de\/?post_type=galerie&#038;p=42191"},"modified":"2026-09-06T12:34:22","modified_gmt":"2026-09-06T12:34:22","slug":"kunstausstellung-kuehl","status":"publish","type":"galerie","link":"https:\/\/contemporary-arts.de\/index.php\/galerie\/kunstausstellung-kuehl\/","title":{"rendered":"KUNSTAUSSTELLUNG K\u00dcHL"},"content":{"rendered":"<p>KUNSTAUSSTELLUNG K\u00dcHL konzentriert sich in Dresden auf Malerei, Druckgrafik und Skulptur. Gezeigt werden Arbeiten von 43 K\u00fcnstlerinnen und K\u00fcnstlern.<\/p>\n","protected":false},"excerpt":{"rendered":"<p>KUNSTAUSSTELLUNG K\u00dcHL konzentriert sich in Dresden auf Malerei, Druckgrafik und Skulptur. Gezeigt werden Arbeiten von 43 K\u00fcnstlerinnen und K\u00fcnstlern.<\/p>\n","protected":false},"author":1,"featured_media":0,"template":"","meta":{"_acf_changed":false,"galerie_place_id":"ChIJ_1M9CDHPCUcRBNC8Qe8gHXQ","galerie_address":"Nordstra\u00dfe 5","galerie_city":"","galerie_zip":"01099","galerie_country":"DE","galerie_latitude":"51.0674282","galerie_longitude":"13.7681718","galerie_phone":"+493518045588","galerie_url":"https:\/\/www.kunstausstellung-kuehl.de\/ausstellungen\/","galerie_domain":"www.kunstausstellung-kuehl.de","galerie_rating_value":"4.8","galerie_rating_count":"15","galerie_galerist":"","galerie_gruendung":"","galerie_artists_url":"https:\/\/www.kunstausstellung-kuehl.de\/Unsere-Kuenstler","galerie_about_url":"https:\/\/www.kunstausstellung-kuehl.de\/galerie","galerie_quelle_stadt":"Dresden","galerie_werk_typ":"originale","galerie_online_shop":"ja","galerie_werk_signale":"","galerie_ranking_score":"0","galerie_ranking_rang":"6337","galerie_claimed_by":""},"kuenstler":[23524,23505,23519,23523,23307,23509,23499,23512,23518,23297,23500,23511,23516,23506,23497,15567,23522,23504,23515,23494,23313,23496,23507,23510,9150,23502,23503,23517,20321,9504,23495,14678,23513,23501,23299,23520,23521,23508,23514,23498,8187,20328,23315],"galerie_stadt":[315],"galerie_typ":[],"galerie_land":[49],"class_list":["post-42191","galerie","type-galerie","status-publish","hentry","kuenstler-albert-wigand","kuenstler-brian-curling","kuenstler-carl-lohse","kuenstler-christine-schlegel","kuenstler-curt-querner","kuenstler-dieter-goltzsche","kuenstler-druckgrafik-und-handzeichnungen","kuenstler-erhard-hippold","kuenstler-erna-lincke","kuenstler-ernst-hassebrauk","kuenstler-farbige-unikate-auf-papier","kuenstler-franziska-hesse","kuenstler-franziska-kunath","kuenstler-friederike-curling-aust","kuenstler-galerie-oder-auktionshaus","kuenstler-gerda-lepke","kuenstler-gottfried-reinhardt","kuenstler-hans-christoph","kuenstler-ingo-kraft","kuenstler-jetzt-registrieren","kuenstler-josef-hegenbarth","kuenstler-junge-freunde-der-kunst","kuenstler-klaus-dennhardt","kuenstler-konrad-henker","kuenstler-kunst-kaufen","kuenstler-lothar-beck","kuenstler-maria-chepisheva","kuenstler-max-lachnit","kuenstler-michael-hofmann","kuenstler-michael-lauterjung","kuenstler-ostdt-kunsthandel","kuenstler-passwort-vergessen","kuenstler-peter-hofmann","kuenstler-plastik-und-skulptur","kuenstler-siegfried-klotz","kuenstler-stephanie-marx","kuenstler-thomas-matauschek","kuenstler-tilo-ettl","kuenstler-veit-hofmann","kuenstler-verkauf-ihrer-kunstobjekte","kuenstler-vertrag-widerrufen","kuenstler-werner-wittig","kuenstler-wilhelm-lachnit","galerie_stadt-dresden","galerie_land-de"],"acf":[],"_links":{"self":[{"href":"https:\/\/contemporary-arts.de\/index.php\/wp-json\/wp\/v2\/galerie\/42191","targetHints":{"allow":["GET"]}}],"collection":[{"href":"https:\/\/contemporary-arts.de\/index.php\/wp-json\/wp\/v2\/galerie"}],"about":[{"href":"https:\/\/contemporary-arts.de\/index.php\/wp-json\/wp\/v2\/types\/galerie"}],"author":[{"embeddable":true,"href":"https:\/\/contemporary-arts.de\/index.php\/wp-json\/wp\/v2\/users\/1"}],"wp:attachment":[{"href":"https:\/\/contemporary-arts.de\/index.php\/wp-json\/wp\/v2\/media?parent=42191"}],"wp:term":[{"taxonomy":"kuenstler","embeddable":true,"href":"https:\/\/contemporary-arts.de\/index.php\/wp-json\/wp\/v2\/kuenstler?post=42191"},{"taxonomy":"galerie_stadt","embeddable":true,"href":"https:\/\/contemporary-arts.de\/index.php\/wp-json\/wp\/v2\/galerie_stadt?post=42191"},{"taxonomy":"galerie_typ","embeddable":true,"href":"https:\/\/contemporary-arts.de\/index.php\/wp-json\/wp\/v2\/galerie_typ?post=42191"},{"taxonomy":"galerie_land","embeddable":true,"href":"https:\/\/contemporary-arts.de\/index.php\/wp-json\/wp\/v2\/galerie_land?post=42191"}],"curies":[{"name":"wp","href":"https:\/\/api.w.org\/{rel}","templated":true}]}}

KUNSTAUSSTELLUNG KÜHL

<p>KUNSTAUSSTELLUNG KÜHL konzentriert sich in Dresden auf Malerei, Druckgrafik und Skulptur. Gezeigt werden Arbeiten von 43 Künstlerinnen und Künstlern.</p>

Nordstraße 5
