{"id":42163,"date":"2026-09-06T10:54:23","date_gmt":"2026-09-06T10:54:23","guid":{"rendered":"https:\/\/contemporary-arts.de\/?post_type=galerie&#038;p=42163"},"modified":"2026-09-06T12:36:26","modified_gmt":"2026-09-06T12:36:26","slug":"galerie-inspire-art","status":"publish","type":"galerie","link":"https:\/\/contemporary-arts.de\/index.php\/galerie\/galerie-inspire-art\/","title":{"rendered":"Galerie Inspire ART"},"content":{"rendered":"<p>In Dresden zeigt Galerie Inspire ART \u00fcberwiegend Malerei, Druckgrafik und Skulptur. Vertreten werden 104 K\u00fcnstlerinnen und K\u00fcnstler.<\/p>\n","protected":false},"excerpt":{"rendered":"<p>In Dresden zeigt Galerie Inspire ART \u00fcberwiegend Malerei, Druckgrafik und Skulptur. Vertreten werden 104 K\u00fcnstlerinnen und K\u00fcnstler.<\/p>\n","protected":false},"author":1,"featured_media":0,"template":"","meta":{"_acf_changed":false,"galerie_place_id":"ChIJs-6pVEfPCUcRRF7_L7e4L0k","galerie_address":"Hoyerswerdaer Str. 21","galerie_city":"","galerie_zip":"01099","galerie_country":"DE","galerie_latitude":"51.060937","galerie_longitude":"13.7522519","galerie_phone":"+493513393959","galerie_url":"https:\/\/www.inspire-art.de\/","galerie_domain":"www.inspire-art.de","galerie_rating_value":"5","galerie_rating_count":"46","galerie_galerist":"","galerie_gruendung":"","galerie_artists_url":"https:\/\/www.inspire-art.de\/kuenstler-der-galerie","galerie_about_url":"https:\/\/www.inspire-art.de\/kuenstler-der-galerie","galerie_quelle_stadt":"Dresden","galerie_werk_typ":"originale","galerie_online_shop":"nein","galerie_werk_signale":"","galerie_ranking_score":"0","galerie_ranking_rang":"6389","galerie_claimed_by":""},"kuenstler":[15928,23693,15793,23634,11033,23635,15796,23636,9162,23637,23255,15807,22238,5598,23683,15809,2529,9164,23638,23690,23639,23640,23632,23641,23642,23643,23644,9181,23645,3519,23646,23647,23648,23649,23631,23691,9150,23650,23651,14527,23652,23653,23266,6206,23654,23655,17159,23677,23679,23674,23680,23681,23676,23682,23685,23686,23687,23688,23672,23673,23684,23678,23689,9165,23268,23656,23675,16237,23692,23657,23658,23659,23694,23633,9183,9152,23660,19993,23661,15844,23662,9660,23269,15849,23663,23664,23665,23666,23667,23668,23669,23271,1413,9151,15856,23670,12555,8187,23254,23251,23671,23273,2562,16373],"galerie_stadt":[315],"galerie_typ":[],"galerie_land":[49],"class_list":["post-42163","galerie","type-galerie","status-publish","hentry","kuenstler-abstrakte-kunst","kuenstler-acrylbilder-abstrakt","kuenstler-ad-van-hassel","kuenstler-agnes-lang","kuenstler-alle-werke","kuenstler-almut-basta","kuenstler-andrei-krioukov","kuenstler-annette-schmucker","kuenstler-armin-mueller-stahl","kuenstler-christine-meinhold","kuenstler-conny-niehoff","kuenstler-dan-pyle","kuenstler-david-tollmann","kuenstler-devin-miles","kuenstler-diana-stutzke","kuenstler-ed-heck","kuenstler-edelgard-wittkowski","kuenstler-elvira-bach","kuenstler-etienne-donnay","kuenstler-faq-kunstkauf","kuenstler-francisco-santana","kuenstler-gabriele-schmalfeldt","kuenstler-grafiken-und-radierungen","kuenstler-guillermo-mordillo","kuenstler-hans-heinze","kuenstler-heather-fazzino","kuenstler-henry-hadamzick","kuenstler-ilona-griss-schwaerzler","kuenstler-inge-philippin","kuenstler-james-rizzi","kuenstler-jana-wagner","kuenstler-katharina-henker","kuenstler-katrin-jaehne","kuenstler-kim-dieu","kuenstler-kunst-gutscheine","kuenstler-kunst-gutscheine-kaufen","kuenstler-kunst-kaufen","kuenstler-lena-ludmilowa","kuenstler-lene-morgenstern","kuenstler-limitierte-editionen","kuenstler-manuela-pilz","kuenstler-marcin-marz","kuenstler-marita-tobner","kuenstler-markus-luepertz","kuenstler-martin-hermeling","kuenstler-martina-krupickova","kuenstler-mascha-de-haas","kuenstler-mehr-von-agnes-lang","kuenstler-mehr-von-almut-basta","kuenstler-mehr-von-andrei-krioukov","kuenstler-mehr-von-annette-schmucker","kuenstler-mehr-von-christine-meinhold","kuenstler-mehr-von-conny-niehoff","kuenstler-mehr-von-david-tollmann","kuenstler-mehr-von-ed-heck","kuenstler-mehr-von-edelgard-wittkowski","kuenstler-mehr-von-gabriele-schmalfeldt","kuenstler-mehr-von-guillermo-mordillo","kuenstler-mehr-von-james-rizzi","kuenstler-mehr-von-janosch","kuenstler-mehr-von-kim-dieu","kuenstler-mehr-von-nicole-ahrens","kuenstler-mehr-von-thomas-stephan","kuenstler-micha-baker","kuenstler-michaela-steinacher","kuenstler-miguel-fernando-lopez","kuenstler-mila-veljaca-plaickner","kuenstler-moderne-kunst","kuenstler-moderne-malerei","kuenstler-natalie-fedrau","kuenstler-nicole-glueck","kuenstler-nina-damell","kuenstler-nude-art-figurative-painting","kuenstler-nude-paintings-and-portraits","kuenstler-otmar-alt","kuenstler-otto-waalkes","kuenstler-patricia-frida","kuenstler-persoenliches-profil","kuenstler-peter-sander","kuenstler-peter-wolframm","kuenstler-petra-klos","kuenstler-pop-art","kuenstler-rene-theurich","kuenstler-robert-bailey","kuenstler-roman-goss","kuenstler-sabrina-seck","kuenstler-sebastian-hartmann","kuenstler-sergej-khyzun","kuenstler-stella-hettner","kuenstler-susann-kasten-jerke","kuenstler-sylvia-galos","kuenstler-thomas-stephan","kuenstler-ueber-uns","kuenstler-udo-lindenberg","kuenstler-ulrike-langen","kuenstler-ulrike-rendle","kuenstler-uwe-herbst","kuenstler-vertrag-widerrufen","kuenstler-werke-der-kuenstlerin","kuenstler-werke-des-kuenstlers","kuenstler-wim-van-de-wege","kuenstler-yosi-losaij","kuenstler-zur-hauptnavigation-springen","kuenstler-zur-suche-springen","galerie_stadt-dresden","galerie_land-de"],"acf":[],"_links":{"self":[{"href":"https:\/\/contemporary-arts.de\/index.php\/wp-json\/wp\/v2\/galerie\/42163","targetHints":{"allow":["GET"]}}],"collection":[{"href":"https:\/\/contemporary-arts.de\/index.php\/wp-json\/wp\/v2\/galerie"}],"about":[{"href":"https:\/\/contemporary-arts.de\/index.php\/wp-json\/wp\/v2\/types\/galerie"}],"author":[{"embeddable":true,"href":"https:\/\/contemporary-arts.de\/index.php\/wp-json\/wp\/v2\/users\/1"}],"wp:attachment":[{"href":"https:\/\/contemporary-arts.de\/index.php\/wp-json\/wp\/v2\/media?parent=42163"}],"wp:term":[{"taxonomy":"kuenstler","embeddable":true,"href":"https:\/\/contemporary-arts.de\/index.php\/wp-json\/wp\/v2\/kuenstler?post=42163"},{"taxonomy":"galerie_stadt","embeddable":true,"href":"https:\/\/contemporary-arts.de\/index.php\/wp-json\/wp\/v2\/galerie_stadt?post=42163"},{"taxonomy":"galerie_typ","embeddable":true,"href":"https:\/\/contemporary-arts.de\/index.php\/wp-json\/wp\/v2\/galerie_typ?post=42163"},{"taxonomy":"galerie_land","embeddable":true,"href":"https:\/\/contemporary-arts.de\/index.php\/wp-json\/wp\/v2\/galerie_land?post=42163"}],"curies":[{"name":"wp","href":"https:\/\/api.w.org\/{rel}","templated":true}]}}

<p>In Dresden zeigt Galerie Inspire ART überwiegend Malerei, Druckgrafik und Skulptur. Vertreten werden 104 Künstlerinnen und Künstler.</p>
