{"id":42117,"date":"2026-09-06T10:54:24","date_gmt":"2026-09-06T10:54:24","guid":{"rendered":"https:\/\/contemporary-arts.de\/?post_type=galerie&#038;p=42117"},"modified":"2026-09-06T12:34:43","modified_gmt":"2026-09-06T12:34:43","slug":"kunstverein-meissen-e-v","status":"publish","type":"galerie","link":"https:\/\/contemporary-arts.de\/index.php\/galerie\/kunstverein-meissen-e-v\/","title":{"rendered":"Kunstverein Mei\u00dfen E.V."},"content":{"rendered":"<p>Gezeigt wird bei Kunstverein Mei\u00dfen E.V. in Meissen \u00fcberwiegend Skulptur. Als Verein wird nicht verkauft, sondern vermittelt, was das Programm freier macht als im Galeriebetrieb.<\/p>\n","protected":false},"excerpt":{"rendered":"<p>Gezeigt wird bei Kunstverein Mei\u00dfen E.V. in Meissen \u00fcberwiegend Skulptur. Als Verein wird nicht verkauft, sondern vermittelt, was das Programm freier macht als im Galeriebetrieb.<\/p>\n","protected":false},"author":1,"featured_media":0,"template":"","meta":{"_acf_changed":false,"galerie_place_id":"ChIJ0ybmMP_VCUcR0cRQRTvn0_A","galerie_address":"Burgstra\u00dfe 2","galerie_city":"Meissen","galerie_zip":"01662","galerie_country":"DE","galerie_latitude":"51.163465","galerie_longitude":"13.469998","galerie_phone":"+493521476650","galerie_url":"http:\/\/www.kunstverein-meissen.de\/","galerie_domain":"www.kunstverein-meissen.de","galerie_rating_value":"4.4","galerie_rating_count":"8","galerie_galerist":"","galerie_gruendung":"","galerie_artists_url":"http:\/\/www.kunstverein-meissen.de\/programm.html","galerie_about_url":"","galerie_quelle_stadt":"Dresden","galerie_werk_typ":"originale","galerie_online_shop":"nein","galerie_werk_signale":"","galerie_ranking_score":"0","galerie_ranking_rang":"6440","galerie_claimed_by":""},"kuenstler":[23930,2567],"galerie_stadt":[317],"galerie_typ":[],"galerie_land":[49],"class_list":["post-42117","galerie","type-galerie","status-publish","hentry","kuenstler-kulturelle-bildung","kuenstler-mitglied-werden","galerie_stadt-meissen","galerie_land-de"],"acf":[],"_links":{"self":[{"href":"https:\/\/contemporary-arts.de\/index.php\/wp-json\/wp\/v2\/galerie\/42117","targetHints":{"allow":["GET"]}}],"collection":[{"href":"https:\/\/contemporary-arts.de\/index.php\/wp-json\/wp\/v2\/galerie"}],"about":[{"href":"https:\/\/contemporary-arts.de\/index.php\/wp-json\/wp\/v2\/types\/galerie"}],"author":[{"embeddable":true,"href":"https:\/\/contemporary-arts.de\/index.php\/wp-json\/wp\/v2\/users\/1"}],"wp:attachment":[{"href":"https:\/\/contemporary-arts.de\/index.php\/wp-json\/wp\/v2\/media?parent=42117"}],"wp:term":[{"taxonomy":"kuenstler","embeddable":true,"href":"https:\/\/contemporary-arts.de\/index.php\/wp-json\/wp\/v2\/kuenstler?post=42117"},{"taxonomy":"galerie_stadt","embeddable":true,"href":"https:\/\/contemporary-arts.de\/index.php\/wp-json\/wp\/v2\/galerie_stadt?post=42117"},{"taxonomy":"galerie_typ","embeddable":true,"href":"https:\/\/contemporary-arts.de\/index.php\/wp-json\/wp\/v2\/galerie_typ?post=42117"},{"taxonomy":"galerie_land","embeddable":true,"href":"https:\/\/contemporary-arts.de\/index.php\/wp-json\/wp\/v2\/galerie_land?post=42117"}],"curies":[{"name":"wp","href":"https:\/\/api.w.org\/{rel}","templated":true}]}}

Kunstverein Meißen E.V.

<p>Gezeigt wird bei Kunstverein Meißen E.V. in Meissen überwiegend Skulptur. Als Verein wird nicht verkauft, sondern vermittelt, was das Programm freier macht als im Galeriebetrieb.</p>

Burgstraße 2
