{"id":42107,"date":"2026-09-06T10:54:24","date_gmt":"2026-09-06T10:54:24","guid":{"rendered":"https:\/\/contemporary-arts.de\/?post_type=galerie&#038;p=42107"},"modified":"2026-09-06T12:35:07","modified_gmt":"2026-09-06T12:35:07","slug":"kunst-raum-pilnitz","status":"publish","type":"galerie","link":"https:\/\/contemporary-arts.de\/index.php\/galerie\/kunst-raum-pilnitz\/","title":{"rendered":"Kunst Raum Pilnitz"},"content":{"rendered":"<p>In Dresden zeigt Kunst Raum Pilnitz \u00fcberwiegend Malerei, Druckgrafik und Skulptur. Zum Programm geh\u00f6ren 41 K\u00fcnstlerinnen und K\u00fcnstler.<\/p>\n","protected":false},"excerpt":{"rendered":"<p>In Dresden zeigt Kunst Raum Pilnitz \u00fcberwiegend Malerei, Druckgrafik und Skulptur. Zum Programm geh\u00f6ren 41 K\u00fcnstlerinnen und K\u00fcnstler.<\/p>\n","protected":false},"author":1,"featured_media":0,"template":"","meta":{"_acf_changed":false,"galerie_place_id":"ChIJqclU_gu4CUcRo_sLuuIilOY","galerie_address":"Wilhelm-Wolf-Stra\u00dfe 1b","galerie_city":"Dresden","galerie_zip":"01326","galerie_country":"DE","galerie_latitude":"51.0092752","galerie_longitude":"13.8761101","galerie_phone":"","galerie_url":"http:\/\/kunstraum-pillnitz.de\/","galerie_domain":"kunstraum-pillnitz.de","galerie_rating_value":"5","galerie_rating_count":"4","galerie_galerist":"","galerie_gruendung":"","galerie_artists_url":"https:\/\/kunstraum-pillnitz.de\/kuenstler-kunstraum-pillnitz-dresden\/","galerie_about_url":"","galerie_quelle_stadt":"Dresden","galerie_werk_typ":"originale","galerie_online_shop":"nein","galerie_werk_signale":"","galerie_ranking_score":"0","galerie_ranking_rang":"6430","galerie_claimed_by":""},"kuenstler":[23891,23898,23909,23879,23505,23887,23904,23906,23901,7822,23899,23890,23889,23905,23907,23884,23900,23903,23902,23885,23895,23883,23896,23897,23882,23893,23491,7776,7821,2927,23880,23886,23888,23908,23894,23881,16946,23521,23430,23892,2060],"galerie_stadt":[315],"galerie_typ":[],"galerie_land":[49],"class_list":["post-42107","galerie","type-galerie","status-publish","hentry","kuenstler-andreas-hegewald","kuenstler-anke-peters","kuenstler-arend-zwicker","kuenstler-bernward-gruner","kuenstler-brian-curling","kuenstler-carsten-gille","kuenstler-carsten-storm","kuenstler-christoph-wedding","kuenstler-detlef-schweiger","kuenstler-dienste-verwalten","kuenstler-dirk-richter","kuenstler-doris-granz","kuenstler-else-gold","kuenstler-gerhard-weber","kuenstler-gerhard-wichler","kuenstler-gunter-freyse","kuenstler-hans-wolfgang-roth","kuenstler-ingrid-sperrle","kuenstler-irene-sohler","kuenstler-karen-gaebler","kuenstler-katrin-lau","kuenstler-kerstin-franke-gneuss","kuenstler-klaus-mand","kuenstler-knut-mueller","kuenstler-matthias-creutziger","kuenstler-matthias-jackisch","kuenstler-mechthild-mansel","kuenstler-nach-oben","kuenstler-optionen-verwalten","kuenstler-page-load-link","kuenstler-peter-albert","kuenstler-rita-geissler","kuenstler-sebastian-glockmann","kuenstler-simone-zeidler","kuenstler-stefan-kuebler","kuenstler-susanne-besch","kuenstler-susanne-werdin","kuenstler-thomas-matauschek","kuenstler-volker-dietrich","kuenstler-wolfgang-e-herbstsilesius","kuenstler-zum-inhalt-springen","galerie_stadt-dresden","galerie_land-de"],"acf":[],"_links":{"self":[{"href":"https:\/\/contemporary-arts.de\/index.php\/wp-json\/wp\/v2\/galerie\/42107","targetHints":{"allow":["GET"]}}],"collection":[{"href":"https:\/\/contemporary-arts.de\/index.php\/wp-json\/wp\/v2\/galerie"}],"about":[{"href":"https:\/\/contemporary-arts.de\/index.php\/wp-json\/wp\/v2\/types\/galerie"}],"author":[{"embeddable":true,"href":"https:\/\/contemporary-arts.de\/index.php\/wp-json\/wp\/v2\/users\/1"}],"wp:attachment":[{"href":"https:\/\/contemporary-arts.de\/index.php\/wp-json\/wp\/v2\/media?parent=42107"}],"wp:term":[{"taxonomy":"kuenstler","embeddable":true,"href":"https:\/\/contemporary-arts.de\/index.php\/wp-json\/wp\/v2\/kuenstler?post=42107"},{"taxonomy":"galerie_stadt","embeddable":true,"href":"https:\/\/contemporary-arts.de\/index.php\/wp-json\/wp\/v2\/galerie_stadt?post=42107"},{"taxonomy":"galerie_typ","embeddable":true,"href":"https:\/\/contemporary-arts.de\/index.php\/wp-json\/wp\/v2\/galerie_typ?post=42107"},{"taxonomy":"galerie_land","embeddable":true,"href":"https:\/\/contemporary-arts.de\/index.php\/wp-json\/wp\/v2\/galerie_land?post=42107"}],"curies":[{"name":"wp","href":"https:\/\/api.w.org\/{rel}","templated":true}]}}

<p>In Dresden zeigt Kunst Raum Pilnitz überwiegend Malerei, Druckgrafik und Skulptur. Zum Programm gehören 41 Künstlerinnen und Künstler.</p>

Wilhelm-Wolf-Straße 1b
