{"id":42026,"date":"2026-09-06T10:54:27","date_gmt":"2026-09-06T10:54:27","guid":{"rendered":"https:\/\/contemporary-arts.de\/?post_type=galerie&#038;p=42026"},"modified":"2026-09-06T12:35:07","modified_gmt":"2026-09-06T12:35:07","slug":"galerie-plac-art-bremen","status":"publish","type":"galerie","link":"https:\/\/contemporary-arts.de\/index.php\/galerie\/galerie-plac-art-bremen\/","title":{"rendered":"Galerie Plac-Art Bremen"},"content":{"rendered":"<p>Galerie Plac-Art Bremen arbeitet als Galerie in Bremen. Zum Programm geh\u00f6ren 7 K\u00fcnstlerinnen und K\u00fcnstler. Zum Gesch\u00e4ft geh\u00f6rt auch der Handel mit Arbeiten aus zweiter Hand, was den Betrieb vom reinen Ausstellungsbetrieb unterscheidet.<\/p>\n","protected":false},"excerpt":{"rendered":"<p>Galerie Plac-Art Bremen arbeitet als Galerie in Bremen. Zum Programm geh\u00f6ren 7 K\u00fcnstlerinnen und K\u00fcnstler. Zum Gesch\u00e4ft geh\u00f6rt auch der Handel mit Arbeiten aus zweiter Hand, was den Betrieb vom reinen Ausstellungsbetrieb unterscheidet.<\/p>\n","protected":false},"author":1,"featured_media":0,"template":"","meta":{"_acf_changed":false,"galerie_place_id":"ChIJ6ZOLSQ8osUcRtlEK_Q7yIXA","galerie_address":"Auf den H\u00e4fen 29","galerie_city":"Bremen","galerie_zip":"28203","galerie_country":"DE","galerie_latitude":"53.0758989","galerie_longitude":"8.8195768","galerie_phone":"+49421704087","galerie_url":"https:\/\/www.galerie-placart.com\/","galerie_domain":"www.galerie-placart.com","galerie_rating_value":"5","galerie_rating_count":"4","galerie_galerist":"","galerie_gruendung":"","galerie_artists_url":"https:\/\/www.galerie-placart.com\/k\u00fcnstler","galerie_about_url":"https:\/\/www.galerie-placart.com\/ueber-plac-art","galerie_quelle_stadt":"Bremen","galerie_werk_typ":"unbestimmt","galerie_online_shop":"nein","galerie_werk_signale":"","galerie_ranking_score":"0","galerie_ranking_rang":"6502","galerie_claimed_by":""},"kuenstler":[24140,4307,24142,24139,24138,24143,24141],"galerie_stadt":[303],"galerie_typ":[],"galerie_land":[49],"class_list":["post-42026","galerie","type-galerie","status-publish","hentry","kuenstler-cornelia-riepshoff","kuenstler-google-maps","kuenstler-klassische-pop-art","kuenstler-michael-rippl","kuenstler-monika-schlerkmann","kuenstler-skulpturen-und-industriedesign","kuenstler-stefanie-rocke","galerie_stadt-bremen","galerie_land-de"],"acf":[],"_links":{"self":[{"href":"https:\/\/contemporary-arts.de\/index.php\/wp-json\/wp\/v2\/galerie\/42026","targetHints":{"allow":["GET"]}}],"collection":[{"href":"https:\/\/contemporary-arts.de\/index.php\/wp-json\/wp\/v2\/galerie"}],"about":[{"href":"https:\/\/contemporary-arts.de\/index.php\/wp-json\/wp\/v2\/types\/galerie"}],"author":[{"embeddable":true,"href":"https:\/\/contemporary-arts.de\/index.php\/wp-json\/wp\/v2\/users\/1"}],"wp:attachment":[{"href":"https:\/\/contemporary-arts.de\/index.php\/wp-json\/wp\/v2\/media?parent=42026"}],"wp:term":[{"taxonomy":"kuenstler","embeddable":true,"href":"https:\/\/contemporary-arts.de\/index.php\/wp-json\/wp\/v2\/kuenstler?post=42026"},{"taxonomy":"galerie_stadt","embeddable":true,"href":"https:\/\/contemporary-arts.de\/index.php\/wp-json\/wp\/v2\/galerie_stadt?post=42026"},{"taxonomy":"galerie_typ","embeddable":true,"href":"https:\/\/contemporary-arts.de\/index.php\/wp-json\/wp\/v2\/galerie_typ?post=42026"},{"taxonomy":"galerie_land","embeddable":true,"href":"https:\/\/contemporary-arts.de\/index.php\/wp-json\/wp\/v2\/galerie_land?post=42026"}],"curies":[{"name":"wp","href":"https:\/\/api.w.org\/{rel}","templated":true}]}}

<p>Galerie Plac-Art Bremen arbeitet als Galerie in Bremen. Zum Programm gehören 7 Künstlerinnen und Künstler. Zum Geschäft gehört auch der Handel mit Arbeiten aus zweiter Hand, was den Betrieb vom reinen Ausstellungsbetrieb unterscheidet.</p>

Auf den Häfen 29

https://www.galerie-placart.com/künstler
