{"id":41993,"date":"2026-09-06T10:54:28","date_gmt":"2026-09-06T10:54:28","guid":{"rendered":"https:\/\/contemporary-arts.de\/?post_type=galerie&#038;p=41993"},"modified":"2026-09-06T12:37:26","modified_gmt":"2026-09-06T12:37:26","slug":"dr-birk-ohnesorge","status":"publish","type":"galerie","link":"https:\/\/contemporary-arts.de\/index.php\/galerie\/dr-birk-ohnesorge\/","title":{"rendered":"Dr. Birk Ohnesorge"},"content":{"rendered":"<p>In Bremen findet sich mit Dr. Birk Ohnesorge eine Galerie. Zum Programm geh\u00f6ren 48 K\u00fcnstlerinnen und K\u00fcnstler.<\/p>\n","protected":false},"excerpt":{"rendered":"<p>In Bremen findet sich mit Dr. Birk Ohnesorge eine Galerie. Zum Programm geh\u00f6ren 48 K\u00fcnstlerinnen und K\u00fcnstler.<\/p>\n","protected":false},"author":1,"featured_media":0,"template":"","meta":{"_acf_changed":false,"galerie_place_id":"ChIJbZnd7dCFZEERZM9S9qzifSs","galerie_address":"Contrescarpe 36","galerie_city":"Bremen","galerie_zip":"28203","galerie_country":"DE","galerie_latitude":"53.07623","galerie_longitude":"8.81504","galerie_phone":"+49421327550","galerie_url":"http:\/\/www.galerie-ohnesorge.de\/","galerie_domain":"www.galerie-ohnesorge.de","galerie_rating_value":"4","galerie_rating_count":"4","galerie_galerist":"","galerie_gruendung":"","galerie_artists_url":"http:\/\/www.galerie-ohnesorge.de\/kuenstler.html","galerie_about_url":"","galerie_quelle_stadt":"Bremen","galerie_werk_typ":"","galerie_online_shop":"","galerie_werk_signale":"","galerie_ranking_score":"0","galerie_ranking_rang":"6562","galerie_claimed_by":""},"kuenstler":[16869,24323,17031,8821,24313,23202,24310,24328,21457,16129,24308,24309,24305,6360,24324,23209,24318,24314,24316,20459,24317,24320,24327,24325,24304,14799,6424,21525,10196,21588,24319,24311,16132,24303,24315,24321,24306,20455,23203,13645,12649,24312,17100,24307,24326,20327,20943,24322],"galerie_stadt":[303],"galerie_typ":[],"galerie_land":[49],"class_list":["post-41993","galerie","type-galerie","status-publish","hentry","kuenstler-andre-schweers","kuenstler-anja-schindler","kuenstler-barbara-deutschmann","kuenstler-clemens-kaletsch","kuenstler-dietrich-heller","kuenstler-emil-cimiotti","kuenstler-felicitas-gerstner","kuenstler-frank-michael-zeidler","kuenstler-franz-bernhard","kuenstler-friedemann-grieshaber","kuenstler-friedrich-einhoff","kuenstler-gerson-fehrenbach","kuenstler-gonzalez-bravo","kuenstler-gunter-damisch","kuenstler-gustav-seitz","kuenstler-hans-steinbrenner","kuenstler-hans-r-lehmphul","kuenstler-heiko-herrmann","kuenstler-heinrich-kirchner","kuenstler-heinz-kreutz","kuenstler-henning-kuerschner","kuenstler-herbert-peters","kuenstler-hermann-teuber","kuenstler-horst-skodlerrak","kuenstler-hubert-berke","kuenstler-jan-kollwitz","kuenstler-jan-voss","kuenstler-jens-trimpin","kuenstler-joannis-avramidis","kuenstler-johannes-geccelli","kuenstler-johannes-oberthuer","kuenstler-karl-hartung","kuenstler-klaus-hack","kuenstler-kuenstler-der-galerie-ohnesorge","kuenstler-margaret-kelley","kuenstler-maria-pohlkemper","kuenstler-markus-daum","kuenstler-max-kaus","kuenstler-michael-croissant","kuenstler-more-child","kuenstler-richard-vogl","kuenstler-roland-helmus","kuenstler-sabine-schellhorn","kuenstler-thomas-duttenhoefer","kuenstler-toni-stadler","kuenstler-werner-tuebke","kuenstler-wilhelm-loth","kuenstler-wolfram-scheffel","galerie_stadt-bremen","galerie_land-de"],"acf":[],"_links":{"self":[{"href":"https:\/\/contemporary-arts.de\/index.php\/wp-json\/wp\/v2\/galerie\/41993","targetHints":{"allow":["GET"]}}],"collection":[{"href":"https:\/\/contemporary-arts.de\/index.php\/wp-json\/wp\/v2\/galerie"}],"about":[{"href":"https:\/\/contemporary-arts.de\/index.php\/wp-json\/wp\/v2\/types\/galerie"}],"author":[{"embeddable":true,"href":"https:\/\/contemporary-arts.de\/index.php\/wp-json\/wp\/v2\/users\/1"}],"wp:attachment":[{"href":"https:\/\/contemporary-arts.de\/index.php\/wp-json\/wp\/v2\/media?parent=41993"}],"wp:term":[{"taxonomy":"kuenstler","embeddable":true,"href":"https:\/\/contemporary-arts.de\/index.php\/wp-json\/wp\/v2\/kuenstler?post=41993"},{"taxonomy":"galerie_stadt","embeddable":true,"href":"https:\/\/contemporary-arts.de\/index.php\/wp-json\/wp\/v2\/galerie_stadt?post=41993"},{"taxonomy":"galerie_typ","embeddable":true,"href":"https:\/\/contemporary-arts.de\/index.php\/wp-json\/wp\/v2\/galerie_typ?post=41993"},{"taxonomy":"galerie_land","embeddable":true,"href":"https:\/\/contemporary-arts.de\/index.php\/wp-json\/wp\/v2\/galerie_land?post=41993"}],"curies":[{"name":"wp","href":"https:\/\/api.w.org\/{rel}","templated":true}]}}

<p>In Bremen findet sich mit Dr. Birk Ohnesorge eine Galerie. Zum Programm gehören 48 Künstlerinnen und Künstler.</p>
