{"id":41881,"date":"2026-09-06T10:54:37","date_gmt":"2026-09-06T10:54:37","guid":{"rendered":"https:\/\/contemporary-arts.de\/?post_type=galerie&#038;p=41881"},"modified":"2026-09-06T12:34:13","modified_gmt":"2026-09-06T12:34:13","slug":"galerie-klose","status":"publish","type":"galerie","link":"https:\/\/contemporary-arts.de\/index.php\/galerie\/galerie-klose\/","title":{"rendered":"Galerie Klose"},"content":{"rendered":"<p>Galerie Klose arbeitet als Galerie in Essen. Zum Programm geh\u00f6ren 29 K\u00fcnstlerinnen und K\u00fcnstler.<\/p>\n","protected":false},"excerpt":{"rendered":"<p>Galerie Klose arbeitet als Galerie in Essen. Zum Programm geh\u00f6ren 29 K\u00fcnstlerinnen und K\u00fcnstler.<\/p>\n","protected":false},"author":1,"featured_media":0,"template":"","meta":{"_acf_changed":false,"galerie_place_id":"ChIJpyJh5tDCuEcRy3b6DYVNdE0","galerie_address":"R\u00fcttenscheider Str. 221","galerie_city":"Essen","galerie_zip":"45131","galerie_country":"DE","galerie_latitude":"51.4286317","galerie_longitude":"7.0032349","galerie_phone":"+49201794080","galerie_url":"http:\/\/www.galerie-klose.de\/","galerie_domain":"www.galerie-klose.de","galerie_rating_value":"4.5","galerie_rating_count":"22","galerie_galerist":"","galerie_gruendung":"","galerie_artists_url":"http:\/\/www.galerie-klose.de\/artists","galerie_about_url":"http:\/\/www.galerie-klose.de\/virtuelle-galerie","galerie_quelle_stadt":"Essen","galerie_werk_typ":"","galerie_online_shop":"","galerie_werk_signale":"","galerie_ranking_score":"0","galerie_ranking_rang":"6663","galerie_claimed_by":""},"kuenstler":[24769,20410,9860,24763,24760,22094,24774,24765,24759,24775,24772,24768,24762,24766,24773,15778,15437,24771,24770,24776,15453,20494,24767,24764,7589,16147,17207,12007,24761],"galerie_stadt":[257],"galerie_typ":[],"galerie_land":[49],"class_list":["post-41881","galerie","type-galerie","status-publish","hentry","kuenstler-aeri-lee","kuenstler-ansgar-skiba","kuenstler-anton-petz","kuenstler-carole-a-feuerman","kuenstler-christa-bremer","kuenstler-esther-miranda-garrido","kuenstler-eun-jung-seo-zimmermann","kuenstler-frank-hohmann","kuenstler-galerie-klose","kuenstler-gan-erdene-tsend","kuenstler-georg-pieron","kuenstler-hanna-kim","kuenstler-jesus-de-la-torre","kuenstler-joanna-jesse","kuenstler-joerg-w-schirmer","kuenstler-jub-moenster","kuenstler-kirsten-van-den-bogaard","kuenstler-kwang-sung-park","kuenstler-louis-ortwein","kuenstler-mariano-vargas","kuenstler-marina-sailer","kuenstler-max-uhlig","kuenstler-meli-kuhn","kuenstler-peter-handel","kuenstler-philipp-liehr","kuenstler-ralf-koenemann","kuenstler-titus-lerner","kuenstler-tobias-stutz","kuenstler-yongtak-choi","galerie_stadt-essen","galerie_land-de"],"acf":[],"_links":{"self":[{"href":"https:\/\/contemporary-arts.de\/index.php\/wp-json\/wp\/v2\/galerie\/41881","targetHints":{"allow":["GET"]}}],"collection":[{"href":"https:\/\/contemporary-arts.de\/index.php\/wp-json\/wp\/v2\/galerie"}],"about":[{"href":"https:\/\/contemporary-arts.de\/index.php\/wp-json\/wp\/v2\/types\/galerie"}],"author":[{"embeddable":true,"href":"https:\/\/contemporary-arts.de\/index.php\/wp-json\/wp\/v2\/users\/1"}],"wp:attachment":[{"href":"https:\/\/contemporary-arts.de\/index.php\/wp-json\/wp\/v2\/media?parent=41881"}],"wp:term":[{"taxonomy":"kuenstler","embeddable":true,"href":"https:\/\/contemporary-arts.de\/index.php\/wp-json\/wp\/v2\/kuenstler?post=41881"},{"taxonomy":"galerie_stadt","embeddable":true,"href":"https:\/\/contemporary-arts.de\/index.php\/wp-json\/wp\/v2\/galerie_stadt?post=41881"},{"taxonomy":"galerie_typ","embeddable":true,"href":"https:\/\/contemporary-arts.de\/index.php\/wp-json\/wp\/v2\/galerie_typ?post=41881"},{"taxonomy":"galerie_land","embeddable":true,"href":"https:\/\/contemporary-arts.de\/index.php\/wp-json\/wp\/v2\/galerie_land?post=41881"}],"curies":[{"name":"wp","href":"https:\/\/api.w.org\/{rel}","templated":true}]}}

<p>Galerie Klose arbeitet als Galerie in Essen. Zum Programm gehören 29 Künstlerinnen und Künstler.</p>

Rüttenscheider Str. 221
