{"id":41788,"date":"2026-09-06T10:54:39","date_gmt":"2026-09-06T10:54:39","guid":{"rendered":"https:\/\/contemporary-arts.de\/?post_type=galerie&#038;p=41788"},"modified":"2026-09-06T12:34:23","modified_gmt":"2026-09-06T12:34:23","slug":"galerie-obrist","status":"publish","type":"galerie","link":"https:\/\/contemporary-arts.de\/index.php\/galerie\/galerie-obrist\/","title":{"rendered":"Galerie Obrist"},"content":{"rendered":"<p>Galerie Obrist hat sich in Essen auf Malerei, Fotografie und Skulptur ausgerichtet. Gezeigt werden Arbeiten von 37 K\u00fcnstlerinnen und K\u00fcnstlern. Neben Messebeteiligungen bleibt der Schwerpunkt bei j\u00fcngeren Positionen, die noch nicht am Markt etabliert sind.<\/p>\n","protected":false},"excerpt":{"rendered":"<p>Galerie Obrist hat sich in Essen auf Malerei, Fotografie und Skulptur ausgerichtet. Gezeigt werden Arbeiten von 37 K\u00fcnstlerinnen und K\u00fcnstlern. Neben Messebeteiligungen bleibt der Schwerpunkt bei j\u00fcngeren Positionen, die noch nicht am Markt etabliert sind.<\/p>\n","protected":false},"author":1,"featured_media":0,"template":"","meta":{"_acf_changed":false,"galerie_place_id":"ChIJ71RQ6NrCuEcRWqD9xWj1baM","galerie_address":"Kahrstra\u00dfe 59","galerie_city":"Essen","galerie_zip":"45128","galerie_country":"DE","galerie_latitude":"51.4415356","galerie_longitude":"7.0010995","galerie_phone":"+492017266203","galerie_url":"https:\/\/www.galerie-obrist.de\/","galerie_domain":"www.galerie-obrist.de","galerie_rating_value":"4.5","galerie_rating_count":"15","galerie_galerist":"","galerie_gruendung":"","galerie_artists_url":"https:\/\/www.galerie-obrist.de\/artists\/","galerie_about_url":"https:\/\/www.galerie-obrist.de\/galerie-obrist\/","galerie_quelle_stadt":"Essen","galerie_werk_typ":"","galerie_online_shop":"","galerie_werk_signale":"","galerie_ranking_score":"0","galerie_ranking_rang":"6743","galerie_claimed_by":""},"kuenstler":[1721,24963,7651,24953,22142,24955,5905,7366,7822,21780,8025,7365,3743,11886,24956,24954,5940,24962,16140,24949,24950,2676,24952,24959,14433,7821,15843,24958,24961,2039,24957,24960,17841,23861,1439,24951,2060],"galerie_stadt":[257],"galerie_typ":[],"galerie_land":[49],"class_list":["post-41788","galerie","type-galerie","status-publish","hentry","kuenstler-about-us","kuenstler-all-artists","kuenstler-allgemeine-geschaeftsbedingungen","kuenstler-anke-eilergerhard","kuenstler-annette-sauermann","kuenstler-armin-hartenstein","kuenstler-bodo-korsig","kuenstler-deutsch-de","kuenstler-dienste-verwalten","kuenstler-dieter-nuhr","kuenstler-dirk-salz","kuenstler-english-en","kuenstler-follow-us","kuenstler-hanna-roeckle","kuenstler-ilka-helmig","kuenstler-jachym-fleig","kuenstler-juergen-paas","kuenstler-julia-willms","kuenstler-juergen-jansen","kuenstler-kunst-sammeln","kuenstler-kunstwerk-kaufen","kuenstler-legal-notice","kuenstler-marcela-boehm","kuenstler-martin-schwenk","kuenstler-neueste-beitraege","kuenstler-optionen-verwalten","kuenstler-ottmar-hoerl","kuenstler-peter-schloer","kuenstler-petra-deta-weidemann","kuenstler-powered-by-wordpress","kuenstler-sander-reijgers","kuenstler-shinichi-tsuchiya","kuenstler-siegfried-kreitner","kuenstler-simone-haack","kuenstler-till-augustin","kuenstler-wiebke-bartsch","kuenstler-zum-inhalt-springen","galerie_stadt-essen","galerie_land-de"],"acf":[],"_links":{"self":[{"href":"https:\/\/contemporary-arts.de\/index.php\/wp-json\/wp\/v2\/galerie\/41788","targetHints":{"allow":["GET"]}}],"collection":[{"href":"https:\/\/contemporary-arts.de\/index.php\/wp-json\/wp\/v2\/galerie"}],"about":[{"href":"https:\/\/contemporary-arts.de\/index.php\/wp-json\/wp\/v2\/types\/galerie"}],"author":[{"embeddable":true,"href":"https:\/\/contemporary-arts.de\/index.php\/wp-json\/wp\/v2\/users\/1"}],"wp:attachment":[{"href":"https:\/\/contemporary-arts.de\/index.php\/wp-json\/wp\/v2\/media?parent=41788"}],"wp:term":[{"taxonomy":"kuenstler","embeddable":true,"href":"https:\/\/contemporary-arts.de\/index.php\/wp-json\/wp\/v2\/kuenstler?post=41788"},{"taxonomy":"galerie_stadt","embeddable":true,"href":"https:\/\/contemporary-arts.de\/index.php\/wp-json\/wp\/v2\/galerie_stadt?post=41788"},{"taxonomy":"galerie_typ","embeddable":true,"href":"https:\/\/contemporary-arts.de\/index.php\/wp-json\/wp\/v2\/galerie_typ?post=41788"},{"taxonomy":"galerie_land","embeddable":true,"href":"https:\/\/contemporary-arts.de\/index.php\/wp-json\/wp\/v2\/galerie_land?post=41788"}],"curies":[{"name":"wp","href":"https:\/\/api.w.org\/{rel}","templated":true}]}}

<p>Galerie Obrist hat sich in Essen auf Malerei, Fotografie und Skulptur ausgerichtet. Gezeigt werden Arbeiten von 37 Künstlerinnen und Künstlern. Neben Messebeteiligungen bleibt der Schwerpunkt bei jüngeren Positionen, die noch nicht am Markt etabliert sind.</p>

Kahrstraße 59
