{"id":41715,"date":"2026-09-06T10:54:42","date_gmt":"2026-09-06T10:54:42","guid":{"rendered":"https:\/\/contemporary-arts.de\/?post_type=galerie&#038;p=41715"},"modified":"2026-09-06T12:35:28","modified_gmt":"2026-09-06T12:35:28","slug":"galerie-januar","status":"publish","type":"galerie","link":"https:\/\/contemporary-arts.de\/index.php\/galerie\/galerie-januar\/","title":{"rendered":"Galerie Januar"},"content":{"rendered":"<p>In Dortmund zeigt Galerie Januar \u00fcberwiegend Malerei. Vertreten werden 150 K\u00fcnstlerinnen und K\u00fcnstler.<\/p>\n","protected":false},"excerpt":{"rendered":"<p>In Dortmund zeigt Galerie Januar \u00fcberwiegend Malerei. Vertreten werden 150 K\u00fcnstlerinnen und K\u00fcnstler.<\/p>\n","protected":false},"author":1,"featured_media":0,"template":"","meta":{"_acf_changed":false,"galerie_place_id":"ChIJpZ9XenMfuUcRFDvtll5Rov8","galerie_address":"Eislebener Str. 9","galerie_city":"","galerie_zip":"44892","galerie_country":"DE","galerie_latitude":"51.4752517","galerie_longitude":"7.301831","galerie_phone":"+492343600578","galerie_url":"https:\/\/www.galerie-januar.de\/","galerie_domain":"www.galerie-januar.de","galerie_rating_value":"4.5","galerie_rating_count":"2","galerie_galerist":"","galerie_gruendung":"","galerie_artists_url":"https:\/\/www.galerie-januar.de\/archiv\/2019-2015\/artisten\/","galerie_about_url":"","galerie_quelle_stadt":"Dortmund","galerie_werk_typ":"","galerie_online_shop":"","galerie_werk_signale":"","galerie_ranking_score":"0","galerie_ranking_rang":"6798","galerie_claimed_by":""},"kuenstler":[25487,25386,25422,25388,25531,25440,25508,25528,25501,25438,25453,25484,25408,25467,25460,25499,25427,25391,25389,16114,25456,25516,25435,25526,25421,25482,25533,25452,25513,25450,25470,25459,25409,25412,25472,25399,25525,19803,25384,25500,25418,25447,25527,25444,25449,25383,25424,7022,25535,25475,25457,17184,24344,25455,25404,25529,25411,25405,25485,25403,25491,25474,22329,17758,25502,25519,25426,25406,16137,25522,25417,25410,25463,25434,20056,25506,25439,25428,25433,25380,25414,25437,25419,25401,17807,25462,25471,25441,25387,5940,25496,25398,25442,25524,25492,25432,25512,25523,25395,25396,25402,11655,25510,19386,25511,25445,25446,25429,25498,25466,25477,25407,25488,25483,11248,25393,25382,25392,25458,25448,16849,25505,25473,25469,2567,25517,25454,25379,25489,25503,25385,25431,25451,20049,25495,25515,25381,25436,25530,25520,25430,25423,25479,25390,25514,25443,25534,20066,25494,25461,25518,25509,25521,25397,25416,25532,25420,25400,9774,25464,25394,25507,24859,25481,25486,25480,25425,25493,18553,25497,10169,25504,25468,25415,25413,25465,25476,25478,25490],"galerie_stadt":[284],"galerie_typ":[],"galerie_land":[49],"class_list":["post-41715","galerie","type-galerie","status-publish","hentry","kuenstler-achim-bertenburg","kuenstler-aduni-ogunsan","kuenstler-ail-hwang","kuenstler-aleks-polonskaja","kuenstler-alischa-diana-leutner","kuenstler-alke-reeh","kuenstler-alles-gerahmt","kuenstler-andreas-drewer","kuenstler-andreas-helfer","kuenstler-andreas-k-schulze","kuenstler-andreas-nann","kuenstler-anette-haas","kuenstler-angelika-rauf","kuenstler-anke-menck","kuenstler-anke-moormann","kuenstler-anke-schulte-steinberg","kuenstler-anna-holzhauer","kuenstler-anna-schuetten","kuenstler-annemarie-lange","kuenstler-annette-besgen","kuenstler-annette-hurst","kuenstler-axel-heibel","kuenstler-barbara-hoheisel","kuenstler-bart-lodewijks","kuenstler-benjamin-greber","kuenstler-bertin-strothjohann","kuenstler-blowin-free","kuenstler-caroline-bayer","kuenstler-caroline-brault","kuenstler-changwon-lee","kuenstler-christel-bloemeke","kuenstler-christel-koerdt","kuenstler-christian-boegelmann","kuenstler-christian-keinstar","kuenstler-christiane-laun","kuenstler-christine-moldrickx","kuenstler-christine-schulz","kuenstler-christoph-westermeier","kuenstler-chu-chun-hsu","kuenstler-claudia-seibert","kuenstler-clemens-botho-goldbach","kuenstler-dai-goang-chen","kuenstler-daniel-burkhardt","kuenstler-daniel-rode","kuenstler-daniela-loebbert","kuenstler-david-mergelmeyer","kuenstler-denise-winter","kuenstler-der-verein","kuenstler-die-raeume","kuenstler-dirk-schlichting","kuenstler-dong-yeon-kim","kuenstler-dorothee-joachim","kuenstler-ekkehard-neumann","kuenstler-eva-weinert","kuenstler-evelina-velkaite","kuenstler-fabian-heitzhausen","kuenstler-felicia-duerbusch","kuenstler-felix-contzen","kuenstler-foti-kiometzis","kuenstler-gabi-rottes","kuenstler-gabriele-stirl","kuenstler-georg-schmidt","kuenstler-gudrun-kemsa","kuenstler-hannes-forster","kuenstler-hans-dirk-hotzel","kuenstler-harald-schmitz","kuenstler-heinrich-koch","kuenstler-helena-biermann","kuenstler-helge-hommes","kuenstler-heribert-heere","kuenstler-ines-hock","kuenstler-inga-krueger","kuenstler-inge-schmidt","kuenstler-jaimun-kim","kuenstler-james-geccelli","kuenstler-jan-kolata","kuenstler-jan-linnemann","kuenstler-jan-rischke","kuenstler-janine-tobueren","kuenstler-jaromil-wiest","kuenstler-javkhlan-ariunbold","kuenstler-jerome-thome","kuenstler-johanna-honisch","kuenstler-johannes-specks","kuenstler-jonas-hohnke","kuenstler-jonksuk-yoon","kuenstler-josef-schulz","kuenstler-joung-en-huh","kuenstler-judith-kaminski","kuenstler-juergen-paas","kuenstler-jung-kug-seo","kuenstler-justyna-janetzek","kuenstler-keiko-koana","kuenstler-klaus-dauven","kuenstler-klaus-gaertner","kuenstler-klaus-kleine","kuenstler-kristina-hoppe","kuenstler-kunst-im-oeffentlichen-raum","kuenstler-liska-schwermer-funke","kuenstler-lukas-zerbst","kuenstler-malte-frey","kuenstler-malte-van-de-water","kuenstler-manfred-schueler","kuenstler-manfred-vogel","kuenstler-marga-dehnen","kuenstler-maria-franziska-von-hasselbach","kuenstler-maria-gamper","kuenstler-marina-schell","kuenstler-marion-niessing","kuenstler-markus-kleine-vehn","kuenstler-markus-mussinghoff","kuenstler-marta-colombo","kuenstler-martin-bartel","kuenstler-martin-brueger","kuenstler-martin-noel","kuenstler-max-van-dorsten","kuenstler-maximilian-hallermann","kuenstler-meike-schulze-hobeling","kuenstler-mi-kyung-lee","kuenstler-mi-ryeon-kim","kuenstler-michael-cleff","kuenstler-michael-growe","kuenstler-michael-kortlaender","kuenstler-mira-schumann","kuenstler-mitglied-werden","kuenstler-monica-lista","kuenstler-moonho-lee","kuenstler-nachruf-hugo-koch","kuenstler-neringa-naujokaite","kuenstler-neue-arbeiten-auf-papier","kuenstler-nijole-schaffmeister","kuenstler-nikola-dicke","kuenstler-nol-hennissen","kuenstler-olga-allenstein","kuenstler-oliver-post","kuenstler-otto-voelker","kuenstler-pascale-feitner","kuenstler-patricia-murawski","kuenstler-paul-baartmans","kuenstler-peter-bormann","kuenstler-peter-gros","kuenstler-peter-schloss","kuenstler-peter-stueckenschneider","kuenstler-philipp-valenta","kuenstler-rainer-tappeser","kuenstler-ralf-brueck","kuenstler-ralf-wittaus","kuenstler-ralph-merschmann","kuenstler-raymund-kaiser","kuenstler-reduziert-ii","kuenstler-reinhard-omir","kuenstler-renate-paulsen","kuenstler-rene-goffin","kuenstler-rene-haustein","kuenstler-roman-podeszwa","kuenstler-rona-rangsch","kuenstler-sara-dietrich","kuenstler-sebastian-dannenberg","kuenstler-seite-bearbeiten","kuenstler-sen-chung","kuenstler-susanne-cirkel","kuenstler-susanne-windelen","kuenstler-sybille-berke","kuenstler-sybille-pattschek","kuenstler-takakazu-takeuchi","kuenstler-thomas-klegin","kuenstler-tim-cierpiszewski","kuenstler-udo-hoffmann","kuenstler-unsere-oeffnungszeiten","kuenstler-ursula-d-bauer","kuenstler-ursula-neugebauer","kuenstler-uta-gerlach","kuenstler-vanessa-jack","kuenstler-vera-drebusch","kuenstler-viktoria-strecker","kuenstler-volker-saul","kuenstler-volker-thies","kuenstler-walther-schwiete","kuenstler-zwei-mal-drei","galerie_stadt-dortmund","galerie_land-de"],"acf":[],"_links":{"self":[{"href":"https:\/\/contemporary-arts.de\/index.php\/wp-json\/wp\/v2\/galerie\/41715","targetHints":{"allow":["GET"]}}],"collection":[{"href":"https:\/\/contemporary-arts.de\/index.php\/wp-json\/wp\/v2\/galerie"}],"about":[{"href":"https:\/\/contemporary-arts.de\/index.php\/wp-json\/wp\/v2\/types\/galerie"}],"author":[{"embeddable":true,"href":"https:\/\/contemporary-arts.de\/index.php\/wp-json\/wp\/v2\/users\/1"}],"wp:attachment":[{"href":"https:\/\/contemporary-arts.de\/index.php\/wp-json\/wp\/v2\/media?parent=41715"}],"wp:term":[{"taxonomy":"kuenstler","embeddable":true,"href":"https:\/\/contemporary-arts.de\/index.php\/wp-json\/wp\/v2\/kuenstler?post=41715"},{"taxonomy":"galerie_stadt","embeddable":true,"href":"https:\/\/contemporary-arts.de\/index.php\/wp-json\/wp\/v2\/galerie_stadt?post=41715"},{"taxonomy":"galerie_typ","embeddable":true,"href":"https:\/\/contemporary-arts.de\/index.php\/wp-json\/wp\/v2\/galerie_typ?post=41715"},{"taxonomy":"galerie_land","embeddable":true,"href":"https:\/\/contemporary-arts.de\/index.php\/wp-json\/wp\/v2\/galerie_land?post=41715"}],"curies":[{"name":"wp","href":"https:\/\/api.w.org\/{rel}","templated":true}]}}

<p>In Dortmund zeigt Galerie Januar überwiegend Malerei. Vertreten werden 150 Künstlerinnen und Künstler.</p>
