{"id":41610,"date":"2026-09-06T10:54:46","date_gmt":"2026-09-06T10:54:46","guid":{"rendered":"https:\/\/contemporary-arts.de\/?post_type=galerie&#038;p=41610"},"modified":"2026-09-06T12:35:03","modified_gmt":"2026-09-06T12:35:03","slug":"charter-projektgalerie","status":"publish","type":"galerie","link":"https:\/\/contemporary-arts.de\/index.php\/galerie\/charter-projektgalerie\/","title":{"rendered":"CHARTER &#8211; Projektgalerie"},"content":{"rendered":"<p>CHARTER &#8211; Projektgalerie arbeitet in Leipzig mit Positionen aus Malerei, Druckgrafik und Skulptur. Zum Programm geh\u00f6ren 22 K\u00fcnstlerinnen und K\u00fcnstler.<\/p>\n","protected":false},"excerpt":{"rendered":"<p>CHARTER &#8211; Projektgalerie arbeitet in Leipzig mit Positionen aus Malerei, Druckgrafik und Skulptur. Zum Programm geh\u00f6ren 22 K\u00fcnstlerinnen und K\u00fcnstler.<\/p>\n","protected":false},"author":1,"featured_media":0,"template":"","meta":{"_acf_changed":false,"galerie_place_id":"ChIJgf9JvKH3pkcRo9vKr9pItV0","galerie_address":"Merseburger Str. 37","galerie_city":"Leipzig","galerie_zip":"04177","galerie_country":"DE","galerie_latitude":"51.3321468","galerie_longitude":"12.3325701","galerie_phone":"","galerie_url":"http:\/\/www.charter-jungekunst.de\/","galerie_domain":"www.charter-jungekunst.de","galerie_rating_value":"5","galerie_rating_count":"4","galerie_galerist":"","galerie_gruendung":"","galerie_artists_url":"https:\/\/www.charter-jungekunst.de\/kuenstler\/","galerie_about_url":"https:\/\/www.charter-jungekunst.de\/ueber-uns\/","galerie_quelle_stadt":"Leipzig","galerie_werk_typ":"","galerie_online_shop":"","galerie_werk_signale":"","galerie_ranking_score":"0","galerie_ranking_rang":"6935","galerie_claimed_by":""},"kuenstler":[25727,25717,25724,25723,25716,25718,25722,25730,5720,25728,23276,16934,25720,23576,25719,25726,25725,25721,25731,1413,25729,16348],"galerie_stadt":[269],"galerie_typ":[],"galerie_land":[49],"class_list":["post-41610","galerie","type-galerie","status-publish","hentry","kuenstler-anton-schoen","kuenstler-carla-maruscha-fellenz","kuenstler-carolin-okon","kuenstler-charlott-meisel","kuenstler-denny-brueckner","kuenstler-dmytro-geshengorin","kuenstler-heinrich-mauersberger","kuenstler-hendrik-voerkel","kuenstler-johan-schaefer","kuenstler-katharina-schreiter","kuenstler-lutz-bleidorn","kuenstler-magdalena-cichon","kuenstler-marlet-heckhoff","kuenstler-martin-paul-mueller","kuenstler-mayjia-gille","kuenstler-melanie-schindler","kuenstler-philipp-orlowski","kuenstler-rebecca-korb","kuenstler-tilmann-walther","kuenstler-ueber-uns","kuenstler-veronika-spleiss","kuenstler-werner-schinko","galerie_stadt-leipzig","galerie_land-de"],"acf":[],"_links":{"self":[{"href":"https:\/\/contemporary-arts.de\/index.php\/wp-json\/wp\/v2\/galerie\/41610","targetHints":{"allow":["GET"]}}],"collection":[{"href":"https:\/\/contemporary-arts.de\/index.php\/wp-json\/wp\/v2\/galerie"}],"about":[{"href":"https:\/\/contemporary-arts.de\/index.php\/wp-json\/wp\/v2\/types\/galerie"}],"author":[{"embeddable":true,"href":"https:\/\/contemporary-arts.de\/index.php\/wp-json\/wp\/v2\/users\/1"}],"wp:attachment":[{"href":"https:\/\/contemporary-arts.de\/index.php\/wp-json\/wp\/v2\/media?parent=41610"}],"wp:term":[{"taxonomy":"kuenstler","embeddable":true,"href":"https:\/\/contemporary-arts.de\/index.php\/wp-json\/wp\/v2\/kuenstler?post=41610"},{"taxonomy":"galerie_stadt","embeddable":true,"href":"https:\/\/contemporary-arts.de\/index.php\/wp-json\/wp\/v2\/galerie_stadt?post=41610"},{"taxonomy":"galerie_typ","embeddable":true,"href":"https:\/\/contemporary-arts.de\/index.php\/wp-json\/wp\/v2\/galerie_typ?post=41610"},{"taxonomy":"galerie_land","embeddable":true,"href":"https:\/\/contemporary-arts.de\/index.php\/wp-json\/wp\/v2\/galerie_land?post=41610"}],"curies":[{"name":"wp","href":"https:\/\/api.w.org\/{rel}","templated":true}]}}

<p>CHARTER &#8211; Projektgalerie arbeitet in Leipzig mit Positionen aus Malerei, Druckgrafik und Skulptur. Zum Programm gehören 22 Künstlerinnen und Künstler.</p>
