{"id":41465,"date":"2026-09-06T10:54:59","date_gmt":"2026-09-06T10:54:59","guid":{"rendered":"https:\/\/contemporary-arts.de\/?post_type=galerie&#038;p=41465"},"modified":"2026-09-06T12:34:06","modified_gmt":"2026-09-06T12:34:06","slug":"galerie-art-limited","status":"publish","type":"galerie","link":"https:\/\/contemporary-arts.de\/index.php\/galerie\/galerie-art-limited\/","title":{"rendered":"Galerie ART-LIMITED"},"content":{"rendered":"<p>Galerie ART-LIMITED ist eine Galerie in Ratingen. Zum Programm geh\u00f6ren 22 K\u00fcnstlerinnen und K\u00fcnstler.<\/p>\n","protected":false},"excerpt":{"rendered":"<p>Galerie ART-LIMITED ist eine Galerie in Ratingen. Zum Programm geh\u00f6ren 22 K\u00fcnstlerinnen und K\u00fcnstler.<\/p>\n","protected":false},"author":1,"featured_media":0,"template":"","meta":{"_acf_changed":false,"galerie_place_id":"ChIJhVIRPfzJuEcR3gWFrlnGMIc","galerie_address":"Neanderstra\u00dfe 33","galerie_city":"Ratingen","galerie_zip":"40878","galerie_country":"DE","galerie_latitude":"51.28447","galerie_longitude":"6.85697","galerie_phone":"+49210230778220","galerie_url":"https:\/\/www.art-limited.shop\/","galerie_domain":"www.art-limited.shop","galerie_rating_value":"4.9","galerie_rating_count":"27","galerie_galerist":"","galerie_gruendung":"","galerie_artists_url":"https:\/\/www.art-limited.shop\/kuenstler","galerie_about_url":"https:\/\/www.art-limited.shop\/ueber-art-limited","galerie_quelle_stadt":"D\u00fcsseldorf","galerie_werk_typ":"","galerie_online_shop":"","galerie_werk_signale":"","galerie_ranking_score":"0","galerie_ranking_rang":"7066","galerie_claimed_by":""},"kuenstler":[4008,28361,28359,28358,28360,28356,28355,1909,1903,7447,28363,6203,4150,9701,28362,6206,1658,28357,1906,16560,28354,17871],"galerie_stadt":[259],"galerie_typ":[],"galerie_land":[49],"class_list":["post-41465","galerie","type-galerie","status-publish","hentry","kuenstler-a-r-penck","kuenstler-annelore-bensink","kuenstler-babette-jansen","kuenstler-christo-jeanne-claude","kuenstler-fredrik-erichsen","kuenstler-georg-baselitzgeorg-baselitz","kuenstler-gerhard-richtergerhard-richter","kuenstler-guenther-uecker","kuenstler-heinz-mack","kuenstler-imi-knoebel","kuenstler-janos-schaab","kuenstler-joerg-immendorff","kuenstler-joseph-beuys","kuenstler-kunst-verkaufen","kuenstler-laura-isaza","kuenstler-markus-luepertz","kuenstler-mel-ramos","kuenstler-michael-kmoth","kuenstler-otto-piene","kuenstler-paul-thierry","kuenstler-rupprecht-geigerrupprecht-geiger","kuenstler-thomas-baumgaertel","galerie_stadt-ratingen","galerie_land-de"],"acf":[],"_links":{"self":[{"href":"https:\/\/contemporary-arts.de\/index.php\/wp-json\/wp\/v2\/galerie\/41465","targetHints":{"allow":["GET"]}}],"collection":[{"href":"https:\/\/contemporary-arts.de\/index.php\/wp-json\/wp\/v2\/galerie"}],"about":[{"href":"https:\/\/contemporary-arts.de\/index.php\/wp-json\/wp\/v2\/types\/galerie"}],"author":[{"embeddable":true,"href":"https:\/\/contemporary-arts.de\/index.php\/wp-json\/wp\/v2\/users\/1"}],"wp:attachment":[{"href":"https:\/\/contemporary-arts.de\/index.php\/wp-json\/wp\/v2\/media?parent=41465"}],"wp:term":[{"taxonomy":"kuenstler","embeddable":true,"href":"https:\/\/contemporary-arts.de\/index.php\/wp-json\/wp\/v2\/kuenstler?post=41465"},{"taxonomy":"galerie_stadt","embeddable":true,"href":"https:\/\/contemporary-arts.de\/index.php\/wp-json\/wp\/v2\/galerie_stadt?post=41465"},{"taxonomy":"galerie_typ","embeddable":true,"href":"https:\/\/contemporary-arts.de\/index.php\/wp-json\/wp\/v2\/galerie_typ?post=41465"},{"taxonomy":"galerie_land","embeddable":true,"href":"https:\/\/contemporary-arts.de\/index.php\/wp-json\/wp\/v2\/galerie_land?post=41465"}],"curies":[{"name":"wp","href":"https:\/\/api.w.org\/{rel}","templated":true}]}}

<p>Galerie ART-LIMITED ist eine Galerie in Ratingen. Zum Programm gehören 22 Künstlerinnen und Künstler.</p>

Neanderstraße 33

Düsseldorf
