{"id":41453,"date":"2026-09-06T10:55:01","date_gmt":"2026-09-06T10:55:01","guid":{"rendered":"https:\/\/contemporary-arts.de\/?post_type=galerie&#038;p=41453"},"modified":"2026-09-06T12:34:43","modified_gmt":"2026-09-06T12:34:43","slug":"petra-rinck-galerie","status":"publish","type":"galerie","link":"https:\/\/contemporary-arts.de\/index.php\/galerie\/petra-rinck-galerie\/","title":{"rendered":"Petra Rinck Galerie"},"content":{"rendered":"<p>In D\u00fcsseldorf findet sich mit Petra Rinck Galerie eine Galerie. Gezeigt werden Arbeiten von 25 K\u00fcnstlerinnen und K\u00fcnstlern.<\/p>\n","protected":false},"excerpt":{"rendered":"<p>In D\u00fcsseldorf findet sich mit Petra Rinck Galerie eine Galerie. Gezeigt werden Arbeiten von 25 K\u00fcnstlerinnen und K\u00fcnstlern.<\/p>\n","protected":false},"author":1,"featured_media":0,"template":"","meta":{"_acf_changed":false,"galerie_place_id":"ChIJ91VhS9TLuEcRKSAEjvWW8H8","galerie_address":"Birkenstra\u00dfe 45","galerie_city":"D\u00fcsseldorf","galerie_zip":"40233","galerie_country":"DE","galerie_latitude":"51.2271112","galerie_longitude":"6.8022851","galerie_phone":"+4921115776916","galerie_url":"http:\/\/www.petrarinckgalerie.de\/","galerie_domain":"www.petrarinckgalerie.de","galerie_rating_value":"4.8","galerie_rating_count":"8","galerie_galerist":"","galerie_gruendung":"","galerie_artists_url":"https:\/\/www.petrarinckgalerie.de\/artists\/","galerie_about_url":"","galerie_quelle_stadt":"D\u00fcsseldorf","galerie_werk_typ":"","galerie_online_shop":"","galerie_werk_signale":"","galerie_ranking_score":"0","galerie_ranking_rang":"7119","galerie_claimed_by":""},"kuenstler":[5594,28405,28408,28401,28396,28410,28403,28407,12310,28392,28402,28400,28404,28409,28395,28393,12295,28391,1767,28394,28399,12309,28398,28397,28406],"galerie_stadt":[139],"galerie_typ":[],"galerie_land":[49],"class_list":["post-41453","galerie","type-galerie","status-publish","hentry","kuenstler-albrecht-schaefer","kuenstler-aurel-dahlgruen","kuenstler-bernhard-fuchs","kuenstler-carmen-schaich","kuenstler-dana-greiner","kuenstler-emma-talbot","kuenstler-guy-bar-amotz","kuenstler-jakob-forster","kuenstler-jenni-tischer","kuenstler-johannes-bendzulla","kuenstler-joern-stoya","kuenstler-jugoslav-mitevski","kuenstler-laurenz-berges","kuenstler-line-lyhne","kuenstler-lothar-goetz","kuenstler-marsha-cottrell","kuenstler-melanie-ender","kuenstler-petra-rinck-galerie","kuenstler-privacy-policy","kuenstler-ralf-broeg","kuenstler-rosilene-luduvico","kuenstler-sofie-thorsen","kuenstler-tomas-kleiner","kuenstler-toulu-hassani","kuenstler-tugce-dayioglu","galerie_stadt-duesseldorf","galerie_land-de"],"acf":[],"_links":{"self":[{"href":"https:\/\/contemporary-arts.de\/index.php\/wp-json\/wp\/v2\/galerie\/41453","targetHints":{"allow":["GET"]}}],"collection":[{"href":"https:\/\/contemporary-arts.de\/index.php\/wp-json\/wp\/v2\/galerie"}],"about":[{"href":"https:\/\/contemporary-arts.de\/index.php\/wp-json\/wp\/v2\/types\/galerie"}],"author":[{"embeddable":true,"href":"https:\/\/contemporary-arts.de\/index.php\/wp-json\/wp\/v2\/users\/1"}],"wp:attachment":[{"href":"https:\/\/contemporary-arts.de\/index.php\/wp-json\/wp\/v2\/media?parent=41453"}],"wp:term":[{"taxonomy":"kuenstler","embeddable":true,"href":"https:\/\/contemporary-arts.de\/index.php\/wp-json\/wp\/v2\/kuenstler?post=41453"},{"taxonomy":"galerie_stadt","embeddable":true,"href":"https:\/\/contemporary-arts.de\/index.php\/wp-json\/wp\/v2\/galerie_stadt?post=41453"},{"taxonomy":"galerie_typ","embeddable":true,"href":"https:\/\/contemporary-arts.de\/index.php\/wp-json\/wp\/v2\/galerie_typ?post=41453"},{"taxonomy":"galerie_land","embeddable":true,"href":"https:\/\/contemporary-arts.de\/index.php\/wp-json\/wp\/v2\/galerie_land?post=41453"}],"curies":[{"name":"wp","href":"https:\/\/api.w.org\/{rel}","templated":true}]}}

<p>In Düsseldorf findet sich mit Petra Rinck Galerie eine Galerie. Gezeigt werden Arbeiten von 25 Künstlerinnen und Künstlern.</p>

Birkenstraße 45

Düsseldorf
