{"id":41419,"date":"2026-09-06T10:54:59","date_gmt":"2026-09-06T10:54:59","guid":{"rendered":"https:\/\/contemporary-arts.de\/?post_type=galerie&#038;p=41419"},"modified":"2026-09-06T12:34:18","modified_gmt":"2026-09-06T12:34:18","slug":"galerie-breckner","status":"publish","type":"galerie","link":"https:\/\/contemporary-arts.de\/index.php\/galerie\/galerie-breckner\/","title":{"rendered":"Galerie Breckner"},"content":{"rendered":"<p>In D\u00fcsseldorf zeigt Galerie Breckner \u00fcberwiegend Skulptur. Zum Programm geh\u00f6ren 40 K\u00fcnstlerinnen und K\u00fcnstler.<\/p>\n","protected":false},"excerpt":{"rendered":"<p>In D\u00fcsseldorf zeigt Galerie Breckner \u00fcberwiegend Skulptur. Zum Programm geh\u00f6ren 40 K\u00fcnstlerinnen und K\u00fcnstler.<\/p>\n","protected":false},"author":1,"featured_media":0,"template":"","meta":{"_acf_changed":false,"galerie_place_id":"ChIJKeXxZxnKuEcRWGpNJWBt7W8","galerie_address":"Altestadt 7","galerie_city":"D\u00fcsseldorf","galerie_zip":"40213","galerie_country":"DE","galerie_latitude":"51.228558","galerie_longitude":"6.7720389","galerie_phone":"+4921154221310","galerie_url":"http:\/\/www.galerie-breckner.de\/","galerie_domain":"www.galerie-breckner.de","galerie_rating_value":"4.7","galerie_rating_count":"18","galerie_galerist":"","galerie_gruendung":"","galerie_artists_url":"https:\/\/www.galerie-breckner.de\/kategorie\/christo-und-jeanne-claude-kuenstler\/","galerie_about_url":"https:\/\/www.galerie-breckner.de\/nachruf-paul-van-hoeydonck\/","galerie_quelle_stadt":"D\u00fcsseldorf","galerie_werk_typ":"","galerie_online_shop":"","galerie_werk_signale":"","galerie_ranking_score":"0","galerie_ranking_rang":"7085","galerie_claimed_by":""},"kuenstler":[4008,3500,3487,5500,28365,28366,8664,21911,28374,28373,5944,3485,8053,28370,5499,18408,28367,28368,1909,1903,28369,7447,5501,17872,3140,6203,7401,28372,20442,18458,28364,6206,8832,1906,28371,1631,5232,6377,3987,1413],"galerie_stadt":[139],"galerie_typ":[],"galerie_land":[49],"class_list":["post-41419","galerie","type-galerie","status-publish","hentry","kuenstler-a-r-penck","kuenstler-ai-weiwei","kuenstler-alex-katz","kuenstler-alle-akzeptieren","kuenstler-andreas-muehe","kuenstler-ar-penck","kuenstler-arnulf-rainer","kuenstler-christo-und-jeanne-claude","kuenstler-christo-und-jeanne-claude-kaufen","kuenstler-christo-wrapped-volkswagen","kuenstler-cornelia-schleime","kuenstler-damien-hirst","kuenstler-erwin-wurm","kuenstler-etienne-salome","kuenstler-externe-medien","kuenstler-felix-droese","kuenstler-florian-reinhardt","kuenstler-franziska-stuenkel","kuenstler-guenther-uecker","kuenstler-heinz-mack","kuenstler-ilya-und-emilia-kabakov","kuenstler-imi-knoebel","kuenstler-individuelle-datenschutzeinstellungen","kuenstler-jan-henderikse","kuenstler-jeff-koons","kuenstler-joerg-immendorff","kuenstler-john-baldessari","kuenstler-jr-kuenstler","kuenstler-karl-otto-goetz","kuenstler-katharina-sieverding","kuenstler-kuenstler-ai-weiwei","kuenstler-markus-luepertz","kuenstler-norbert-tadeusz","kuenstler-otto-piene","kuenstler-paul-van-hoeydonck","kuenstler-robert-indiana","kuenstler-robert-wilson","kuenstler-stephan-balkenhol","kuenstler-tony-cragg","kuenstler-ueber-uns","galerie_stadt-duesseldorf","galerie_land-de"],"acf":[],"_links":{"self":[{"href":"https:\/\/contemporary-arts.de\/index.php\/wp-json\/wp\/v2\/galerie\/41419","targetHints":{"allow":["GET"]}}],"collection":[{"href":"https:\/\/contemporary-arts.de\/index.php\/wp-json\/wp\/v2\/galerie"}],"about":[{"href":"https:\/\/contemporary-arts.de\/index.php\/wp-json\/wp\/v2\/types\/galerie"}],"author":[{"embeddable":true,"href":"https:\/\/contemporary-arts.de\/index.php\/wp-json\/wp\/v2\/users\/1"}],"wp:attachment":[{"href":"https:\/\/contemporary-arts.de\/index.php\/wp-json\/wp\/v2\/media?parent=41419"}],"wp:term":[{"taxonomy":"kuenstler","embeddable":true,"href":"https:\/\/contemporary-arts.de\/index.php\/wp-json\/wp\/v2\/kuenstler?post=41419"},{"taxonomy":"galerie_stadt","embeddable":true,"href":"https:\/\/contemporary-arts.de\/index.php\/wp-json\/wp\/v2\/galerie_stadt?post=41419"},{"taxonomy":"galerie_typ","embeddable":true,"href":"https:\/\/contemporary-arts.de\/index.php\/wp-json\/wp\/v2\/galerie_typ?post=41419"},{"taxonomy":"galerie_land","embeddable":true,"href":"https:\/\/contemporary-arts.de\/index.php\/wp-json\/wp\/v2\/galerie_land?post=41419"}],"curies":[{"name":"wp","href":"https:\/\/api.w.org\/{rel}","templated":true}]}}

<p>In Düsseldorf zeigt Galerie Breckner überwiegend Skulptur. Zum Programm gehören 40 Künstlerinnen und Künstler.</p>

Düsseldorf
