{"id":41267,"date":"2026-09-06T10:55:06","date_gmt":"2026-09-06T10:55:06","guid":{"rendered":"https:\/\/contemporary-arts.de\/?post_type=galerie&#038;p=41267"},"modified":"2026-09-06T12:35:58","modified_gmt":"2026-09-06T12:35:58","slug":"raumsechs-gmbh","status":"publish","type":"galerie","link":"https:\/\/contemporary-arts.de\/index.php\/galerie\/raumsechs-gmbh\/","title":{"rendered":"Raumsechs GmbH"},"content":{"rendered":"<p>In Neuss zeigt Raumsechs GmbH \u00fcberwiegend Malerei und Fotografie. Vertreten werden 12 K\u00fcnstlerinnen und K\u00fcnstler.<\/p>\n","protected":false},"excerpt":{"rendered":"<p>In Neuss zeigt Raumsechs GmbH \u00fcberwiegend Malerei und Fotografie. Vertreten werden 12 K\u00fcnstlerinnen und K\u00fcnstler.<\/p>\n","protected":false},"author":1,"featured_media":0,"template":"","meta":{"_acf_changed":false,"galerie_place_id":"ChIJTdiB00y1uEcR-Up17zyUgCw","galerie_address":"Gut Vellbr\u00fcggen 16","galerie_city":"Neuss","galerie_zip":"41469","galerie_country":"DE","galerie_latitude":"51.1607801","galerie_longitude":"6.7251711","galerie_phone":"","galerie_url":"http:\/\/www.raumsechs.de\/","galerie_domain":"www.raumsechs.de","galerie_rating_value":"5","galerie_rating_count":"1","galerie_galerist":"","galerie_gruendung":"","galerie_artists_url":"http:\/\/www.raumsechs.de\/kuenstler\/","galerie_about_url":"http:\/\/www.raumsechs.de\/About\/","galerie_quelle_stadt":"D\u00fcsseldorf","galerie_werk_typ":"","galerie_online_shop":"","galerie_werk_signale":"","galerie_ranking_score":"0","galerie_ranking_rang":"7221","galerie_claimed_by":""},"kuenstler":[29163,29166,29165,29157,29158,29160,19832,29164,29162,29161,5930,29159],"galerie_stadt":[250],"galerie_typ":[],"galerie_land":[49],"class_list":["post-41267","galerie","type-galerie","status-publish","hentry","kuenstler-andrea-lehnert","kuenstler-benjamin-vogel","kuenstler-dana-stoelzgen","kuenstler-eberhard-bitter","kuenstler-frank-darius","kuenstler-frank-hinrichs","kuenstler-hans-christian-schink","kuenstler-klaus-sievers","kuenstler-r-j-kirsch","kuenstler-ruth-hommelsheim","kuenstler-stephan-kaluza","kuenstler-wolfgang-grinschgl","galerie_stadt-neuss","galerie_land-de"],"acf":[],"_links":{"self":[{"href":"https:\/\/contemporary-arts.de\/index.php\/wp-json\/wp\/v2\/galerie\/41267","targetHints":{"allow":["GET"]}}],"collection":[{"href":"https:\/\/contemporary-arts.de\/index.php\/wp-json\/wp\/v2\/galerie"}],"about":[{"href":"https:\/\/contemporary-arts.de\/index.php\/wp-json\/wp\/v2\/types\/galerie"}],"author":[{"embeddable":true,"href":"https:\/\/contemporary-arts.de\/index.php\/wp-json\/wp\/v2\/users\/1"}],"wp:attachment":[{"href":"https:\/\/contemporary-arts.de\/index.php\/wp-json\/wp\/v2\/media?parent=41267"}],"wp:term":[{"taxonomy":"kuenstler","embeddable":true,"href":"https:\/\/contemporary-arts.de\/index.php\/wp-json\/wp\/v2\/kuenstler?post=41267"},{"taxonomy":"galerie_stadt","embeddable":true,"href":"https:\/\/contemporary-arts.de\/index.php\/wp-json\/wp\/v2\/galerie_stadt?post=41267"},{"taxonomy":"galerie_typ","embeddable":true,"href":"https:\/\/contemporary-arts.de\/index.php\/wp-json\/wp\/v2\/galerie_typ?post=41267"},{"taxonomy":"galerie_land","embeddable":true,"href":"https:\/\/contemporary-arts.de\/index.php\/wp-json\/wp\/v2\/galerie_land?post=41267"}],"curies":[{"name":"wp","href":"https:\/\/api.w.org\/{rel}","templated":true}]}}

<p>In Neuss zeigt Raumsechs GmbH überwiegend Malerei und Fotografie. Vertreten werden 12 Künstlerinnen und Künstler.</p>

Gut Vellbrüggen 16

Düsseldorf
