{"id":41212,"date":"2026-09-06T10:55:13","date_gmt":"2026-09-06T10:55:13","guid":{"rendered":"https:\/\/contemporary-arts.de\/?post_type=galerie&#038;p=41212"},"modified":"2026-09-06T12:35:39","modified_gmt":"2026-09-06T12:35:39","slug":"galerie-orfevre","status":"publish","type":"galerie","link":"https:\/\/contemporary-arts.de\/index.php\/galerie\/galerie-orfevre\/","title":{"rendered":"Galerie Orfevre"},"content":{"rendered":"<p>Die Galerie Galerie Orfevre sitzt in D\u00fcsseldorf. Gezeigt werden Arbeiten von 15 K\u00fcnstlerinnen und K\u00fcnstlern.<\/p>\n","protected":false},"excerpt":{"rendered":"<p>Die Galerie Galerie Orfevre sitzt in D\u00fcsseldorf. Gezeigt werden Arbeiten von 15 K\u00fcnstlerinnen und K\u00fcnstlern.<\/p>\n","protected":false},"author":1,"featured_media":0,"template":"","meta":{"_acf_changed":false,"galerie_place_id":"ChIJFWNAMBbKuEcRWuj85eWT7Ps","galerie_address":"Bastionstra\u00dfe 31","galerie_city":"D\u00fcsseldorf","galerie_zip":"40213","galerie_country":"DE","galerie_latitude":"51.2213922","galerie_longitude":"6.7749155","galerie_phone":"","galerie_url":"https:\/\/orfevre.de\/","galerie_domain":"orfevre.de","galerie_rating_value":"5","galerie_rating_count":"1","galerie_galerist":"","galerie_gruendung":"","galerie_artists_url":"https:\/\/orfevre.de\/pages\/kunstler","galerie_about_url":"","galerie_quelle_stadt":"D\u00fcsseldorf","galerie_werk_typ":"","galerie_online_shop":"","galerie_werk_signale":"","galerie_ranking_score":"0","galerie_ranking_rang":"7371","galerie_claimed_by":""},"kuenstler":[2104,2105,29438,29446,29442,29440,2106,29445,29437,29439,29444,29447,29443,2107,29441],"galerie_stadt":[139],"galerie_typ":[],"galerie_land":[49],"class_list":["post-41212","galerie","type-galerie","status-publish","hentry","kuenstler-american-express","kuenstler-apple-pay","kuenstler-atelier-ueber","kuenstler-bestellung-wiederrufen","kuenstler-clara-schweers","kuenstler-fritz-adamski","kuenstler-google-pay","kuenstler-help-center","kuenstler-liebe-und-verlobung","kuenstler-lisa-scherebnenko","kuenstler-material-guide","kuenstler-mit-dem-einkaufen-fortfahren","kuenstler-peter-hassenpflug","kuenstler-union-pay","kuenstler-walter-wittek","galerie_stadt-duesseldorf","galerie_land-de"],"acf":[],"_links":{"self":[{"href":"https:\/\/contemporary-arts.de\/index.php\/wp-json\/wp\/v2\/galerie\/41212","targetHints":{"allow":["GET"]}}],"collection":[{"href":"https:\/\/contemporary-arts.de\/index.php\/wp-json\/wp\/v2\/galerie"}],"about":[{"href":"https:\/\/contemporary-arts.de\/index.php\/wp-json\/wp\/v2\/types\/galerie"}],"author":[{"embeddable":true,"href":"https:\/\/contemporary-arts.de\/index.php\/wp-json\/wp\/v2\/users\/1"}],"wp:attachment":[{"href":"https:\/\/contemporary-arts.de\/index.php\/wp-json\/wp\/v2\/media?parent=41212"}],"wp:term":[{"taxonomy":"kuenstler","embeddable":true,"href":"https:\/\/contemporary-arts.de\/index.php\/wp-json\/wp\/v2\/kuenstler?post=41212"},{"taxonomy":"galerie_stadt","embeddable":true,"href":"https:\/\/contemporary-arts.de\/index.php\/wp-json\/wp\/v2\/galerie_stadt?post=41212"},{"taxonomy":"galerie_typ","embeddable":true,"href":"https:\/\/contemporary-arts.de\/index.php\/wp-json\/wp\/v2\/galerie_typ?post=41212"},{"taxonomy":"galerie_land","embeddable":true,"href":"https:\/\/contemporary-arts.de\/index.php\/wp-json\/wp\/v2\/galerie_land?post=41212"}],"curies":[{"name":"wp","href":"https:\/\/api.w.org\/{rel}","templated":true}]}}

<p>Die Galerie Galerie Orfevre sitzt in Düsseldorf. Gezeigt werden Arbeiten von 15 Künstlerinnen und Künstlern.</p>

Bastionstraße 31

Düsseldorf
