{"id":41205,"date":"2026-09-06T10:55:13","date_gmt":"2026-09-06T10:55:13","guid":{"rendered":"https:\/\/contemporary-arts.de\/?post_type=galerie&#038;p=41205"},"modified":"2026-09-06T12:37:15","modified_gmt":"2026-09-06T12:37:15","slug":"atelier-strichstaerke","status":"publish","type":"galerie","link":"https:\/\/contemporary-arts.de\/index.php\/galerie\/atelier-strichstaerke\/","title":{"rendered":"Atelier Strichst\u00e4rke"},"content":{"rendered":"<p>Gezeigt wird bei Atelier Strichst\u00e4rke in M. Gladbach \u00fcberwiegend Druckgrafik. Das Programm umfasst 16 Positionen. Gearbeitet und gezeigt wird am selben Ort, der Weg zum Werk ist damit kurz.<\/p>\n","protected":false},"excerpt":{"rendered":"<p>Gezeigt wird bei Atelier Strichst\u00e4rke in M. Gladbach \u00fcberwiegend Druckgrafik. Das Programm umfasst 16 Positionen. Gearbeitet und gezeigt wird am selben Ort, der Weg zum Werk ist damit kurz.<\/p>\n","protected":false},"author":1,"featured_media":0,"template":"","meta":{"_acf_changed":false,"galerie_place_id":"ChIJpWJrHUtTv0cRwo1rdeQJJvk","galerie_address":"Wallstra\u00dfe 24","galerie_city":"M. Gladbach","galerie_zip":"41061","galerie_country":"DE","galerie_latitude":"51.19483","galerie_longitude":"6.4342892","galerie_phone":"+491722172432","galerie_url":"http:\/\/strichstaerke.eu\/","galerie_domain":"strichstaerke.eu","galerie_rating_value":"4.8","galerie_rating_count":"6","galerie_galerist":"","galerie_gruendung":"","galerie_artists_url":"https:\/\/strichstaerke.eu\/atelier\/kuenstler\/","galerie_about_url":"https:\/\/strichstaerke.eu\/ueber-uns\/","galerie_quelle_stadt":"D\u00fcsseldorf","galerie_werk_typ":"","galerie_online_shop":"","galerie_werk_signale":"","galerie_ranking_score":"0","galerie_ranking_rang":"7364","galerie_claimed_by":""},"kuenstler":[29790,7822,29781,8836,29782,29783,29784,29792,29791,29785,29786,29787,7821,29788,29789,1413],"galerie_stadt":[263],"galerie_typ":[],"galerie_land":[49],"class_list":["post-41205","galerie","type-galerie","status-publish","hentry","kuenstler-detlef-edling","kuenstler-dienste-verwalten","kuenstler-dirk-gerisch","kuenstler-einstellungen-anzeigen","kuenstler-friedhelm-wehnert","kuenstler-hans-dieter-beuster","kuenstler-helmut-schneider","kuenstler-hephata-unternehmen-mensch","kuenstler-ina-strakeljahn","kuenstler-kurt-berndt","kuenstler-marco-houben","kuenstler-mathilde-cremer","kuenstler-optionen-verwalten","kuenstler-peter-sowinski","kuenstler-petra-bleilevens","kuenstler-ueber-uns","galerie_stadt-m-gladbach","galerie_land-de"],"acf":[],"_links":{"self":[{"href":"https:\/\/contemporary-arts.de\/index.php\/wp-json\/wp\/v2\/galerie\/41205","targetHints":{"allow":["GET"]}}],"collection":[{"href":"https:\/\/contemporary-arts.de\/index.php\/wp-json\/wp\/v2\/galerie"}],"about":[{"href":"https:\/\/contemporary-arts.de\/index.php\/wp-json\/wp\/v2\/types\/galerie"}],"author":[{"embeddable":true,"href":"https:\/\/contemporary-arts.de\/index.php\/wp-json\/wp\/v2\/users\/1"}],"wp:attachment":[{"href":"https:\/\/contemporary-arts.de\/index.php\/wp-json\/wp\/v2\/media?parent=41205"}],"wp:term":[{"taxonomy":"kuenstler","embeddable":true,"href":"https:\/\/contemporary-arts.de\/index.php\/wp-json\/wp\/v2\/kuenstler?post=41205"},{"taxonomy":"galerie_stadt","embeddable":true,"href":"https:\/\/contemporary-arts.de\/index.php\/wp-json\/wp\/v2\/galerie_stadt?post=41205"},{"taxonomy":"galerie_typ","embeddable":true,"href":"https:\/\/contemporary-arts.de\/index.php\/wp-json\/wp\/v2\/galerie_typ?post=41205"},{"taxonomy":"galerie_land","embeddable":true,"href":"https:\/\/contemporary-arts.de\/index.php\/wp-json\/wp\/v2\/galerie_land?post=41205"}],"curies":[{"name":"wp","href":"https:\/\/api.w.org\/{rel}","templated":true}]}}

Atelier Strichstärke

<p>Gezeigt wird bei Atelier Strichstärke in M. Gladbach überwiegend Druckgrafik. Das Programm umfasst 16 Positionen. Gearbeitet und gezeigt wird am selben Ort, der Weg zum Werk ist damit kurz.</p>

Wallstraße 24

Düsseldorf
