{"id":41151,"date":"2026-09-06T10:55:15","date_gmt":"2026-09-06T10:55:15","guid":{"rendered":"https:\/\/contemporary-arts.de\/?post_type=galerie&#038;p=41151"},"modified":"2026-09-06T12:33:54","modified_gmt":"2026-09-06T12:33:54","slug":"galerie-cebra","status":"publish","type":"galerie","link":"https:\/\/contemporary-arts.de\/index.php\/galerie\/galerie-cebra\/","title":{"rendered":"Galerie CEBRA"},"content":{"rendered":"<p>Galerie CEBRA konzentriert sich in D\u00fcsseldorf auf Skulptur. Gezeigt werden Arbeiten von 59 K\u00fcnstlerinnen und K\u00fcnstlern.<\/p>\n","protected":false},"excerpt":{"rendered":"<p>Galerie CEBRA konzentriert sich in D\u00fcsseldorf auf Skulptur. Gezeigt werden Arbeiten von 59 K\u00fcnstlerinnen und K\u00fcnstlern.<\/p>\n","protected":false},"author":1,"featured_media":0,"template":"","meta":{"_acf_changed":false,"galerie_place_id":"ChIJyfCxWRjKuEcRZlY5bdeY5No","galerie_address":"Altstadt, gegen\u00fcber der Andreas Kirche, Andreasstra\u00dfe 25","galerie_city":"D\u00fcsseldorf","galerie_zip":"40213","galerie_country":"DE","galerie_latitude":"51.2270519","galerie_longitude":"6.7749788","galerie_phone":"+49211323212","galerie_url":"https:\/\/www.galerie-cebra.de\/","galerie_domain":"www.galerie-cebra.de","galerie_rating_value":"4.9","galerie_rating_count":"63","galerie_galerist":"","galerie_gruendung":"","galerie_artists_url":"https:\/\/www.galerie-cebra.de\/kuenstler\/","galerie_about_url":"","galerie_quelle_stadt":"D\u00fcsseldorf","galerie_werk_typ":"","galerie_online_shop":"","galerie_werk_signale":"","galerie_ranking_score":"0","galerie_ranking_rang":"7421","galerie_claimed_by":""},"kuenstler":[30167,30151,30166,30173,30178,30177,30169,30136,7248,7311,7344,30154,30156,7255,30139,30179,30180,30147,6074,8033,30163,7332,30135,7278,30172,30157,19916,30162,30165,30138,30152,30168,7347,30146,30164,30137,30143,30142,30145,30160,30150,30171,30159,7280,7833,30174,30176,7322,30175,30149,30155,30141,30144,30158,30153,30161,30170,30148,30140],"galerie_stadt":[139],"galerie_typ":[],"galerie_land":[49],"class_list":["post-41151","galerie","type-galerie","status-publish","hentry","kuenstler-ana-hagopian","kuenstler-ana-krol","kuenstler-andrea-borst","kuenstler-andrea-vaggione","kuenstler-anemone-tontsch","kuenstler-anke-henning","kuenstler-ann-cox","kuenstler-anne-rose-regenboog","kuenstler-annette-altenburger","kuenstler-antje-liebscher","kuenstler-antje-stutz","kuenstler-arek-wolski","kuenstler-black-is-beautiful","kuenstler-carola-bauer","kuenstler-cebra-auf-der-ihm","kuenstler-cebra-auf-facebook","kuenstler-cebra-auf-instagram","kuenstler-charcoal-eskimeit","kuenstler-cookie-einstellungen","kuenstler-die-galerie","kuenstler-doris-berner","kuenstler-dorit-schubert","kuenstler-duesseldorf-fashion-days-dfd","kuenstler-elgin-fischer","kuenstler-eva-soerensen","kuenstler-ewa-soerensen","kuenstler-francoise-delaire","kuenstler-goldener-herbst","kuenstler-her-mit-euren-herzen","kuenstler-hoyeon-chung","kuenstler-isabelle-azais","kuenstler-juergen-braeuer","kuenstler-karola-torkos","kuenstler-keiko-fujita","kuenstler-kunst-am-gartenzaun","kuenstler-la-vie-en-rose","kuenstler-liisa-hashimoto","kuenstler-margherita-marchioni","kuenstler-masako-hamaguchi","kuenstler-mondrians-friends","kuenstler-monika-yzchaki","kuenstler-niki-stylianou","kuenstler-november-blues","kuenstler-peter-frank","kuenstler-privacy-overview","kuenstler-renate-sennewald","kuenstler-ria-lins","kuenstler-sabine-mueller","kuenstler-sabine-scheuble","kuenstler-simeon-shomov","kuenstler-simone-frabboni","kuenstler-solange-jakob","kuenstler-sophie-terriere","kuenstler-spaces-of-taiwan","kuenstler-spiel-der-farben","kuenstler-steffi-kalina","kuenstler-susanne-hoegner","kuenstler-ulrike-herrmann","kuenstler-vania-ruiz","galerie_stadt-duesseldorf","galerie_land-de"],"acf":[],"_links":{"self":[{"href":"https:\/\/contemporary-arts.de\/index.php\/wp-json\/wp\/v2\/galerie\/41151","targetHints":{"allow":["GET"]}}],"collection":[{"href":"https:\/\/contemporary-arts.de\/index.php\/wp-json\/wp\/v2\/galerie"}],"about":[{"href":"https:\/\/contemporary-arts.de\/index.php\/wp-json\/wp\/v2\/types\/galerie"}],"author":[{"embeddable":true,"href":"https:\/\/contemporary-arts.de\/index.php\/wp-json\/wp\/v2\/users\/1"}],"wp:attachment":[{"href":"https:\/\/contemporary-arts.de\/index.php\/wp-json\/wp\/v2\/media?parent=41151"}],"wp:term":[{"taxonomy":"kuenstler","embeddable":true,"href":"https:\/\/contemporary-arts.de\/index.php\/wp-json\/wp\/v2\/kuenstler?post=41151"},{"taxonomy":"galerie_stadt","embeddable":true,"href":"https:\/\/contemporary-arts.de\/index.php\/wp-json\/wp\/v2\/galerie_stadt?post=41151"},{"taxonomy":"galerie_typ","embeddable":true,"href":"https:\/\/contemporary-arts.de\/index.php\/wp-json\/wp\/v2\/galerie_typ?post=41151"},{"taxonomy":"galerie_land","embeddable":true,"href":"https:\/\/contemporary-arts.de\/index.php\/wp-json\/wp\/v2\/galerie_land?post=41151"}],"curies":[{"name":"wp","href":"https:\/\/api.w.org\/{rel}","templated":true}]}}

<p>Galerie CEBRA konzentriert sich in Düsseldorf auf Skulptur. Gezeigt werden Arbeiten von 59 Künstlerinnen und Künstlern.</p>

Altstadt, gegenüber der Andreas Kirche, Andreasstraße 25

Düsseldorf
