{"id":41125,"date":"2026-09-06T10:55:14","date_gmt":"2026-09-06T10:55:14","guid":{"rendered":"https:\/\/contemporary-arts.de\/?post_type=galerie&#038;p=41125"},"modified":"2026-09-06T12:34:18","modified_gmt":"2026-09-06T12:34:18","slug":"derveaux-und-messner-kunsthandel-gbr","status":"publish","type":"galerie","link":"https:\/\/contemporary-arts.de\/index.php\/galerie\/derveaux-und-messner-kunsthandel-gbr\/","title":{"rendered":"Derveaux und Me\u00dfner Kunsthandel GbR"},"content":{"rendered":"<p>Gezeigt wird bei Derveaux und Me\u00dfner Kunsthandel GbR in D\u00fcsseldorf \u00fcberwiegend Fotografie. Das Programm umfasst 124 Positionen. Der Blick geht dabei eher auf j\u00fcngere Positionen als auf etablierte Namen.<\/p>\n","protected":false},"excerpt":{"rendered":"<p>Gezeigt wird bei Derveaux und Me\u00dfner Kunsthandel GbR in D\u00fcsseldorf \u00fcberwiegend Fotografie. Das Programm umfasst 124 Positionen. Der Blick geht dabei eher auf j\u00fcngere Positionen als auf etablierte Namen.<\/p>\n","protected":false},"author":1,"featured_media":0,"template":"","meta":{"_acf_changed":false,"galerie_place_id":"ChIJg801m2bJuEcRBPIf1w9cSco","galerie_address":"Irmgardstra\u00dfe 28","galerie_city":"D\u00fcsseldorf","galerie_zip":"40235","galerie_country":"DE","galerie_latitude":"51.2393366","galerie_longitude":"6.8272526","galerie_phone":"+4921169074914","galerie_url":"http:\/\/www.duesseldorf-art.de\/","galerie_domain":"www.duesseldorf-art.de","galerie_rating_value":"5","galerie_rating_count":"18","galerie_galerist":"","galerie_gruendung":"","galerie_artists_url":"https:\/\/www.duesseldorf-art.de\/kuenstler-auf-d-art\/","galerie_about_url":"https:\/\/www.duesseldorf-art.de\/2020\/11\/17\/spielerisch-ueberraschend-und-vertraut-die-fotografische-arbeit-von-andreas-zimmermann\/","galerie_quelle_stadt":"D\u00fcsseldorf","galerie_werk_typ":"","galerie_online_shop":"","galerie_werk_signale":"","galerie_ranking_score":"0","galerie_ranking_rang":"7395","galerie_claimed_by":""},"kuenstler":[30020,30057,21463,30058,28974,30059,30055,30060,30026,30061,30048,30062,30038,30063,28451,28405,30064,30044,30065,30042,30066,30028,30067,9113,30068,30032,30069,29770,30070,30053,30071,30051,30072,30056,30049,30073,30046,30074,30039,30075,30027,30076,24775,30077,30050,30078,30052,30079,30023,30080,29057,30081,30036,30016,30082,30024,30083,30017,30084,30054,30085,30037,30086,25398,30087,30025,30088,30013,30012,30014,30045,30089,30030,30090,30034,30091,9851,30092,29138,30093,30015,11655,30033,30094,30041,30095,30040,30096,16538,30097,30098,30022,30099,29144,30100,30021,30101,8008,30102,30047,30103,30018,30104,30043,30105,16482,30106,30029,30107,17692,30108,30031,30109,30019,30110,30035,30111,12007,30112,28398,30113,22828,30114,21783],"galerie_stadt":[139],"galerie_typ":[],"galerie_land":[49],"class_list":["post-41125","galerie","type-galerie","status-publish","hentry","kuenstler-andreas-bischoff","kuenstler-andreas-bischoff-mehr","kuenstler-andreas-blank","kuenstler-andreas-blank-mehr","kuenstler-andreas-jonak","kuenstler-andreas-jonak-mehr","kuenstler-andreas-zimmermann","kuenstler-andreas-zimmermann-mehr","kuenstler-anica-hauswald","kuenstler-anica-hauswald-mehr","kuenstler-anja-schubert","kuenstler-anja-schubert-mehr","kuenstler-anna-lisei-math","kuenstler-anna-lisei-math-mehr","kuenstler-art-consulting","kuenstler-aurel-dahlgruen","kuenstler-aurel-dahlgruen-mehr","kuenstler-beatrice-richter","kuenstler-beatrice-richter-mehr","kuenstler-ben-post","kuenstler-ben-post-mehr","kuenstler-benjamin-novalis-hofmann","kuenstler-benjamin-novalis-hofmann-mehr","kuenstler-bernard-lokai","kuenstler-bernard-lokai-mehr","kuenstler-carina-klaus","kuenstler-carina-klaus-mehr","kuenstler-carola-eggeling","kuenstler-carola-eggeling-mehr","kuenstler-christian-theiss","kuenstler-christian-theiss-mehr","kuenstler-daria-stass","kuenstler-daria-stass-mehr","kuenstler-das-d-art-prinzip","kuenstler-dorothea-schuele","kuenstler-dorothea-schuele-mehr","kuenstler-eilike-schlenkhoff","kuenstler-eilike-schlenkhoff-mehr","kuenstler-erik-mikaia","kuenstler-erik-mikaia-mehr","kuenstler-felix-hengesbach","kuenstler-felix-hengesbach-mehr","kuenstler-gan-erdene-tsend","kuenstler-gan-erdene-tsend-mehr","kuenstler-hans-vinzenz-seidl","kuenstler-hans-vinzenz-seidl-mehr","kuenstler-hiroki-tanaka","kuenstler-hiroki-tanaka-mehr","kuenstler-inessa-emmer","kuenstler-inessa-emmer-mehr","kuenstler-jaana-caspary","kuenstler-jaana-caspary-mehr","kuenstler-jake-madel","kuenstler-johanna-clara-becker","kuenstler-johanna-clara-becker-mehr","kuenstler-johanna-flammer","kuenstler-johanna-flammer-mehr","kuenstler-joscha-bender","kuenstler-joscha-bender-mehr","kuenstler-josiah-thomas","kuenstler-josiah-thomas-mehr","kuenstler-jovita-majewski","kuenstler-jovita-majewski-mehr","kuenstler-justyna-janetzek","kuenstler-justyna-janetzek-mehr","kuenstler-kira-froese","kuenstler-kira-froese-mehr","kuenstler-kunst-fuer-privatpersonen","kuenstler-kunst-im-unternehmen","kuenstler-kuenstler-auf-d-art","kuenstler-kyra-runkel","kuenstler-kyra-runkel-mehr","kuenstler-lara-kaiser","kuenstler-lara-kaiser-mehr","kuenstler-leander-kresse","kuenstler-leander-kresse-mehr","kuenstler-levente-szuecs","kuenstler-levente-szuecs-mehr","kuenstler-lori-ann-urbanski","kuenstler-lori-ann-urbanski-mehr","kuenstler-mahssa-askari","kuenstler-malte-van-de-water","kuenstler-martin-klimas","kuenstler-martin-klimas-mehr","kuenstler-masatsugu-okada","kuenstler-masatsugu-okada-mehr","kuenstler-milena-milosavljevic","kuenstler-milena-milosavljevic-mehr","kuenstler-miriam-vlaming","kuenstler-miriam-vlaming-mehr","kuenstler-nadja-nafe-mehr","kuenstler-patric-colling","kuenstler-patric-colling-mehr","kuenstler-paula-knaps-loos","kuenstler-paula-knaps-loos-mehr","kuenstler-pia-klara-buerkle","kuenstler-pia-klara-buerkle-mehr","kuenstler-rhea-standke","kuenstler-rhea-standke-mehr","kuenstler-roland-schmitz","kuenstler-roland-schmitz-mehr","kuenstler-salome-berger","kuenstler-salome-berger-mehr","kuenstler-sandra-pulina","kuenstler-sandra-pulina-mehr","kuenstler-sandra-schlipkoeter","kuenstler-sandra-schlipkoeter-mehr","kuenstler-sookyeong-jeong","kuenstler-sookyeong-jeong-mehr","kuenstler-stephan-marienfeld","kuenstler-stephan-marienfeld-mehr","kuenstler-sunyeong-kim-heinzel","kuenstler-sunyeong-kim-heinzel-mehr","kuenstler-sven-raik-bernick","kuenstler-sven-raik-bernick-mehr","kuenstler-thomas-kuehnapfel","kuenstler-thomas-kuehnapfel-mehr","kuenstler-tobias-stutz","kuenstler-tobias-stutz-mehr","kuenstler-tomas-kleiner","kuenstler-tomas-kleiner-mehr","kuenstler-yijie-gong","kuenstler-yijie-gong-mehr","kuenstler-yoana-tuzharova","galerie_stadt-duesseldorf","galerie_land-de"],"acf":[],"_links":{"self":[{"href":"https:\/\/contemporary-arts.de\/index.php\/wp-json\/wp\/v2\/galerie\/41125","targetHints":{"allow":["GET"]}}],"collection":[{"href":"https:\/\/contemporary-arts.de\/index.php\/wp-json\/wp\/v2\/galerie"}],"about":[{"href":"https:\/\/contemporary-arts.de\/index.php\/wp-json\/wp\/v2\/types\/galerie"}],"author":[{"embeddable":true,"href":"https:\/\/contemporary-arts.de\/index.php\/wp-json\/wp\/v2\/users\/1"}],"wp:attachment":[{"href":"https:\/\/contemporary-arts.de\/index.php\/wp-json\/wp\/v2\/media?parent=41125"}],"wp:term":[{"taxonomy":"kuenstler","embeddable":true,"href":"https:\/\/contemporary-arts.de\/index.php\/wp-json\/wp\/v2\/kuenstler?post=41125"},{"taxonomy":"galerie_stadt","embeddable":true,"href":"https:\/\/contemporary-arts.de\/index.php\/wp-json\/wp\/v2\/galerie_stadt?post=41125"},{"taxonomy":"galerie_typ","embeddable":true,"href":"https:\/\/contemporary-arts.de\/index.php\/wp-json\/wp\/v2\/galerie_typ?post=41125"},{"taxonomy":"galerie_land","embeddable":true,"href":"https:\/\/contemporary-arts.de\/index.php\/wp-json\/wp\/v2\/galerie_land?post=41125"}],"curies":[{"name":"wp","href":"https:\/\/api.w.org\/{rel}","templated":true}]}}

Derveaux und Meßner Kunsthandel GbR

<p>Gezeigt wird bei Derveaux und Meßner Kunsthandel GbR in Düsseldorf überwiegend Fotografie. Das Programm umfasst 124 Positionen. Der Blick geht dabei eher auf jüngere Positionen als auf etablierte Namen.</p>

Irmgardstraße 28

Düsseldorf
