{"id":41070,"date":"2026-09-06T10:55:24","date_gmt":"2026-09-06T10:55:24","guid":{"rendered":"https:\/\/contemporary-arts.de\/?post_type=galerie&#038;p=41070"},"modified":"2026-09-06T12:35:16","modified_gmt":"2026-09-06T12:35:16","slug":"galerie-schwarzer-gmbh","status":"publish","type":"galerie","link":"https:\/\/contemporary-arts.de\/index.php\/galerie\/galerie-schwarzer-gmbh\/","title":{"rendered":"Galerie Schwarzer GmbH"},"content":{"rendered":"<p>Galerie Schwarzer GmbH ist eine Galerie in D\u00fcsseldorf. Gezeigt werden Arbeiten von 54 K\u00fcnstlerinnen und K\u00fcnstlern. Neben dem Programm vor Ort ist das Haus auf Kunstmessen vertreten.<\/p>\n","protected":false},"excerpt":{"rendered":"<p>Galerie Schwarzer GmbH ist eine Galerie in D\u00fcsseldorf. Gezeigt werden Arbeiten von 54 K\u00fcnstlerinnen und K\u00fcnstlern. Neben dem Programm vor Ort ist das Haus auf Kunstmessen vertreten.<\/p>\n","protected":false},"author":1,"featured_media":0,"template":"","meta":{"_acf_changed":false,"galerie_place_id":"ChIJI8f_0iLKuEcRMTNgUbwrkrM","galerie_address":"K\u00f6nigsallee 30","galerie_city":"D\u00fcsseldorf","galerie_zip":"40212","galerie_country":"DE","galerie_latitude":"51.2243916","galerie_longitude":"6.7803453","galerie_phone":"+49211374553","galerie_url":"https:\/\/www.galerie-schwarzer.com\/","galerie_domain":"www.galerie-schwarzer.com","galerie_rating_value":"5","galerie_rating_count":"3","galerie_galerist":"","galerie_gruendung":"","galerie_artists_url":"https:\/\/www.galerie-schwarzer.com\/artists\/","galerie_about_url":"https:\/\/www.galerie-schwarzer.com\/ueber-uns\/","galerie_quelle_stadt":"D\u00fcsseldorf","galerie_werk_typ":"","galerie_online_shop":"","galerie_werk_signale":"","galerie_ranking_score":"0","galerie_ranking_rang":"7456","galerie_claimed_by":""},"kuenstler":[6809,2066,3566,1677,5877,30349,30351,5726,4933,10199,4928,5881,30347,8579,5880,30346,3982,29817,1822,6094,1909,5874,13558,7447,30348,1509,6203,3986,4150,7427,25133,6790,3814,13684,4924,1612,1491,1625,2337,4934,8630,10209,1906,1497,1488,1557,1655,5882,1506,6377,1413,30350,25151,21788],"galerie_stadt":[139],"galerie_typ":[],"galerie_land":[49],"class_list":["post-41070","galerie","type-galerie","status-publish","hentry","kuenstler-adolf-luther","kuenstler-alexander-calder","kuenstler-alexej-von-jawlensky","kuenstler-andy-warhol","kuenstler-august-macke","kuenstler-cookies-verwalten","kuenstler-einstellungen-sichern","kuenstler-email-senden","kuenstler-emil-nolde","kuenstler-erich-heckel","kuenstler-ernst-ludwig-kirchner","kuenstler-ernst-wilhelm-nay","kuenstler-ewald-matere","kuenstler-franz-marc","kuenstler-gabriele-muenter","kuenstler-galerie-schwarzer","kuenstler-georg-baselitz","kuenstler-george-rickey","kuenstler-gerhard-richter","kuenstler-gotthard-graubner","kuenstler-guenther-uecker","kuenstler-hans-arp","kuenstler-horst-antes","kuenstler-imi-knoebel","kuenstler-in-google-maps-ansehen","kuenstler-item-added-to-cart","kuenstler-joerg-immendorff","kuenstler-john-chamberlain","kuenstler-joseph-beuys","kuenstler-katharina-fritsch","kuenstler-konrad-klapheck","kuenstler-kurt-schwitters","kuenstler-le-corbusier","kuenstler-lesser-ury","kuenstler-lyonel-feininger","kuenstler-marc-chagall","kuenstler-marino-marini","kuenstler-max-ernst","kuenstler-max-liebermann","kuenstler-max-pechstein","kuenstler-oskar-schlemmer","kuenstler-otto-mueller","kuenstler-otto-piene","kuenstler-pablo-picasso","kuenstler-paul-klee","kuenstler-reject-non-essential","kuenstler-serge-poliakoff","kuenstler-sigmar-polke","kuenstler-skip-to-main-content","kuenstler-stephan-balkenhol","kuenstler-ueber-uns","kuenstler-website-von-artlogic","kuenstler-wilhelm-lehmbruck","kuenstler-willi-baumeister","galerie_stadt-duesseldorf","galerie_land-de"],"acf":[],"_links":{"self":[{"href":"https:\/\/contemporary-arts.de\/index.php\/wp-json\/wp\/v2\/galerie\/41070","targetHints":{"allow":["GET"]}}],"collection":[{"href":"https:\/\/contemporary-arts.de\/index.php\/wp-json\/wp\/v2\/galerie"}],"about":[{"href":"https:\/\/contemporary-arts.de\/index.php\/wp-json\/wp\/v2\/types\/galerie"}],"author":[{"embeddable":true,"href":"https:\/\/contemporary-arts.de\/index.php\/wp-json\/wp\/v2\/users\/1"}],"wp:attachment":[{"href":"https:\/\/contemporary-arts.de\/index.php\/wp-json\/wp\/v2\/media?parent=41070"}],"wp:term":[{"taxonomy":"kuenstler","embeddable":true,"href":"https:\/\/contemporary-arts.de\/index.php\/wp-json\/wp\/v2\/kuenstler?post=41070"},{"taxonomy":"galerie_stadt","embeddable":true,"href":"https:\/\/contemporary-arts.de\/index.php\/wp-json\/wp\/v2\/galerie_stadt?post=41070"},{"taxonomy":"galerie_typ","embeddable":true,"href":"https:\/\/contemporary-arts.de\/index.php\/wp-json\/wp\/v2\/galerie_typ?post=41070"},{"taxonomy":"galerie_land","embeddable":true,"href":"https:\/\/contemporary-arts.de\/index.php\/wp-json\/wp\/v2\/galerie_land?post=41070"}],"curies":[{"name":"wp","href":"https:\/\/api.w.org\/{rel}","templated":true}]}}

<p>Galerie Schwarzer GmbH ist eine Galerie in Düsseldorf. Gezeigt werden Arbeiten von 54 Künstlerinnen und Künstlern. Neben dem Programm vor Ort ist das Haus auf Kunstmessen vertreten.</p>

Königsallee 30

Düsseldorf
