{"id":41010,"date":"2026-09-06T10:55:27","date_gmt":"2026-09-06T10:55:27","guid":{"rendered":"https:\/\/contemporary-arts.de\/?post_type=galerie&#038;p=41010"},"modified":"2026-09-06T12:37:37","modified_gmt":"2026-09-06T12:37:37","slug":"galerie-ute-parduhn","status":"publish","type":"galerie","link":"https:\/\/contemporary-arts.de\/index.php\/galerie\/galerie-ute-parduhn\/","title":{"rendered":"Galerie Ute Parduhn"},"content":{"rendered":"<p>Galerie Ute Parduhn ist eine Galerie in D\u00fcsseldorf. Vertreten werden 48 K\u00fcnstlerinnen und K\u00fcnstler.<\/p>\n","protected":false},"excerpt":{"rendered":"<p>Galerie Ute Parduhn ist eine Galerie in D\u00fcsseldorf. Vertreten werden 48 K\u00fcnstlerinnen und K\u00fcnstler.<\/p>\n","protected":false},"author":1,"featured_media":0,"template":"","meta":{"_acf_changed":false,"galerie_place_id":"ChIJEz1yPpa3uEcR6r3G5OKk-pM","galerie_address":"Kaiserswerther Markt 6","galerie_city":"D\u00fcsseldorf","galerie_zip":"40489","galerie_country":"DE","galerie_latitude":"51.3016533","galerie_longitude":"6.7338377","galerie_phone":"+49211400655","galerie_url":"https:\/\/galerie-parduhn.de\/","galerie_domain":"galerie-parduhn.de","galerie_rating_value":"5","galerie_rating_count":"2","galerie_galerist":"","galerie_gruendung":"","galerie_artists_url":"https:\/\/galerie-parduhn.de\/artists\/","galerie_about_url":"","galerie_quelle_stadt":"D\u00fcsseldorf","galerie_werk_typ":"","galerie_online_shop":"","galerie_werk_signale":"","galerie_ranking_score":"0","galerie_ranking_rang":"7509","galerie_claimed_by":""},"kuenstler":[26474,30366,7492,7782,30371,2410,7464,1590,30367,30357,1614,30369,30364,30352,22735,30361,30368,10820,26672,30015,21592,30354,30372,30353,30360,30363,8994,30356,30362,9003,30365,30355,3628,30358,29275,30359,3709,5608,3496,7488,13761,18412,30373,10782,18432,30374,30370,29387],"galerie_stadt":[139],"galerie_typ":[],"galerie_land":[49],"class_list":["post-41010","galerie","type-galerie","status-publish","hentry","kuenstler-alexander-djikia","kuenstler-alexander-schellow","kuenstler-andreas-slominski","kuenstler-ausgestellte-kuenstler","kuenstler-ayse-erkmen","kuenstler-berta-fischer","kuenstler-bruce-nauman","kuenstler-carol-rama","kuenstler-david-scher","kuenstler-douglas-henderson","kuenstler-eduardo-chillida","kuenstler-fritz-schwegler","kuenstler-gabriele-rothemann","kuenstler-galerie-ute-parduhn","kuenstler-gerhard-mayer","kuenstler-heino-naujoks","kuenstler-henrik-schrat","kuenstler-karin-sander","kuenstler-ludger-gerdes","kuenstler-mahssa-askari","kuenstler-manfred-holtfrerich","kuenstler-max-becher","kuenstler-mona-hatoum","kuenstler-monika-bartholome","kuenstler-nanne-meyer","kuenstler-norbert-radermacher","kuenstler-paloma-varga-weisz","kuenstler-parastou-forouhar","kuenstler-pavel-pepperstein","kuenstler-pia-fries","kuenstler-reiner-ruthenbeck","kuenstler-rui-chafes","kuenstler-silvia-baechli","kuenstler-stefan-hoeller","kuenstler-stefan-kuerten","kuenstler-stefan-loeffelhardt","kuenstler-stefan-marx","kuenstler-thomas-bayrle","kuenstler-thomas-ruff","kuenstler-thomas-schuette","kuenstler-udo-koch","kuenstler-ulrich-erben","kuenstler-ursula-ott","kuenstler-vertretene-kuenstler","kuenstler-via-lewandowsky","kuenstler-wiebke-siem","kuenstler-wolfgang-spanier","kuenstler-yuji-takeoka","galerie_stadt-duesseldorf","galerie_land-de"],"acf":[],"_links":{"self":[{"href":"https:\/\/contemporary-arts.de\/index.php\/wp-json\/wp\/v2\/galerie\/41010","targetHints":{"allow":["GET"]}}],"collection":[{"href":"https:\/\/contemporary-arts.de\/index.php\/wp-json\/wp\/v2\/galerie"}],"about":[{"href":"https:\/\/contemporary-arts.de\/index.php\/wp-json\/wp\/v2\/types\/galerie"}],"author":[{"embeddable":true,"href":"https:\/\/contemporary-arts.de\/index.php\/wp-json\/wp\/v2\/users\/1"}],"wp:attachment":[{"href":"https:\/\/contemporary-arts.de\/index.php\/wp-json\/wp\/v2\/media?parent=41010"}],"wp:term":[{"taxonomy":"kuenstler","embeddable":true,"href":"https:\/\/contemporary-arts.de\/index.php\/wp-json\/wp\/v2\/kuenstler?post=41010"},{"taxonomy":"galerie_stadt","embeddable":true,"href":"https:\/\/contemporary-arts.de\/index.php\/wp-json\/wp\/v2\/galerie_stadt?post=41010"},{"taxonomy":"galerie_typ","embeddable":true,"href":"https:\/\/contemporary-arts.de\/index.php\/wp-json\/wp\/v2\/galerie_typ?post=41010"},{"taxonomy":"galerie_land","embeddable":true,"href":"https:\/\/contemporary-arts.de\/index.php\/wp-json\/wp\/v2\/galerie_land?post=41010"}],"curies":[{"name":"wp","href":"https:\/\/api.w.org\/{rel}","templated":true}]}}

<p>Galerie Ute Parduhn ist eine Galerie in Düsseldorf. Vertreten werden 48 Künstlerinnen und Künstler.</p>

Düsseldorf
