{"id":41007,"date":"2026-09-06T10:55:26","date_gmt":"2026-09-06T10:55:26","guid":{"rendered":"https:\/\/contemporary-arts.de\/?post_type=galerie&#038;p=41007"},"modified":"2026-09-06T12:37:07","modified_gmt":"2026-09-06T12:37:07","slug":"kunstbuedchen","status":"publish","type":"galerie","link":"https:\/\/contemporary-arts.de\/index.php\/galerie\/kunstbuedchen\/","title":{"rendered":"KunstB\u00fcdchen"},"content":{"rendered":"<p>Die Galerie KunstB\u00fcdchen sitzt in D\u00fcsseldorf. Gezeigt werden Arbeiten von 22 K\u00fcnstlerinnen und K\u00fcnstlern.<\/p>\n","protected":false},"excerpt":{"rendered":"<p>Die Galerie KunstB\u00fcdchen sitzt in D\u00fcsseldorf. Gezeigt werden Arbeiten von 22 K\u00fcnstlerinnen und K\u00fcnstlern.<\/p>\n","protected":false},"author":1,"featured_media":0,"template":"","meta":{"_acf_changed":false,"galerie_place_id":"ChIJVxnTM0jHuEcRtV2CX_6Oj5I","galerie_address":"Speestra\u00dfe 43A","galerie_city":"","galerie_zip":"40885","galerie_country":"DE","galerie_latitude":"51.3365766","galerie_longitude":"6.8343934","galerie_phone":"+491727324700","galerie_url":"http:\/\/www.kunstbuedchen.online\/","galerie_domain":"www.kunstbuedchen.online","galerie_rating_value":"4.4","galerie_rating_count":"9","galerie_galerist":"","galerie_gruendung":"","galerie_artists_url":"https:\/\/www.kunstbuedchen.online\/start\/Kuenstler-im-KunstBuedchen\/index.html","galerie_about_url":"https:\/\/www.kunstbuedchen.online\/start\/Das-Buedchen\/Die-Geschichte\/index.html","galerie_quelle_stadt":"D\u00fcsseldorf","galerie_werk_typ":"","galerie_online_shop":"","galerie_werk_signale":"","galerie_ranking_score":"0","galerie_ranking_rang":"7506","galerie_claimed_by":""},"kuenstler":[30502,30499,30498,21793,30490,30491,29078,30497,5613,16644,25471,29386,30495,28273,15978,30501,30496,30503,30494,30492,30500,30493],"galerie_stadt":[139],"galerie_typ":[],"galerie_land":[49],"class_list":["post-41007","galerie","type-galerie","status-publish","hentry","kuenstler-admin-login","kuenstler-birgit-huebner","kuenstler-birgit-jensen","kuenstler-boris-doempke","kuenstler-die-geschichte","kuenstler-die-transformation","kuenstler-gereon-krebber","kuenstler-gudrun-teich","kuenstler-hans-peter-feldmann","kuenstler-irena-paskali","kuenstler-josef-schulz","kuenstler-juergen-staack","kuenstler-liz-bachhuber","kuenstler-notwendige-cookies","kuenstler-paul-schwer","kuenstler-powered-by-abconline","kuenstler-simon-halfmeyer","kuenstler-statistik-cookies","kuenstler-tessa-knapp","kuenstler-tim-ossege","kuenstler-ulrike-kessl","kuenstler-utta-hagen","galerie_stadt-duesseldorf","galerie_land-de"],"acf":[],"_links":{"self":[{"href":"https:\/\/contemporary-arts.de\/index.php\/wp-json\/wp\/v2\/galerie\/41007","targetHints":{"allow":["GET"]}}],"collection":[{"href":"https:\/\/contemporary-arts.de\/index.php\/wp-json\/wp\/v2\/galerie"}],"about":[{"href":"https:\/\/contemporary-arts.de\/index.php\/wp-json\/wp\/v2\/types\/galerie"}],"author":[{"embeddable":true,"href":"https:\/\/contemporary-arts.de\/index.php\/wp-json\/wp\/v2\/users\/1"}],"wp:attachment":[{"href":"https:\/\/contemporary-arts.de\/index.php\/wp-json\/wp\/v2\/media?parent=41007"}],"wp:term":[{"taxonomy":"kuenstler","embeddable":true,"href":"https:\/\/contemporary-arts.de\/index.php\/wp-json\/wp\/v2\/kuenstler?post=41007"},{"taxonomy":"galerie_stadt","embeddable":true,"href":"https:\/\/contemporary-arts.de\/index.php\/wp-json\/wp\/v2\/galerie_stadt?post=41007"},{"taxonomy":"galerie_typ","embeddable":true,"href":"https:\/\/contemporary-arts.de\/index.php\/wp-json\/wp\/v2\/galerie_typ?post=41007"},{"taxonomy":"galerie_land","embeddable":true,"href":"https:\/\/contemporary-arts.de\/index.php\/wp-json\/wp\/v2\/galerie_land?post=41007"}],"curies":[{"name":"wp","href":"https:\/\/api.w.org\/{rel}","templated":true}]}}

KunstBüdchen

<p>Die Galerie KunstBüdchen sitzt in Düsseldorf. Gezeigt werden Arbeiten von 22 Künstlerinnen und Künstlern.</p>

Speestraße 43A

Düsseldorf
