{"id":41006,"date":"2026-09-06T10:55:26","date_gmt":"2026-09-06T10:55:26","guid":{"rendered":"https:\/\/contemporary-arts.de\/?post_type=galerie&#038;p=41006"},"modified":"2026-09-06T12:36:55","modified_gmt":"2026-09-06T12:36:55","slug":"burkhard-eikelmann-galerie","status":"publish","type":"galerie","link":"https:\/\/contemporary-arts.de\/index.php\/galerie\/burkhard-eikelmann-galerie\/","title":{"rendered":"Burkhard Eikelmann Galerie"},"content":{"rendered":"<p>Im Programm von Burkhard Eikelmann Galerie in D\u00fcsseldorf steht vor allem Installation. Gezeigt werden Arbeiten von 28 K\u00fcnstlerinnen und K\u00fcnstlern.<\/p>\n","protected":false},"excerpt":{"rendered":"<p>Im Programm von Burkhard Eikelmann Galerie in D\u00fcsseldorf steht vor allem Installation. Gezeigt werden Arbeiten von 28 K\u00fcnstlerinnen und K\u00fcnstlern.<\/p>\n","protected":false},"author":1,"featured_media":0,"template":"","meta":{"_acf_changed":false,"galerie_place_id":"ChIJiZn3p_i1uEcRitKsEohXdJI","galerie_address":"Dominikanerstra\u00dfe 11","galerie_city":"D\u00fcsseldorf","galerie_zip":"40545","galerie_country":"DE","galerie_latitude":"51.2301343","galerie_longitude":"6.7513086","galerie_phone":"+4921117158920","galerie_url":"https:\/\/burkhardeikelmann.com\/","galerie_domain":"burkhardeikelmann.com","galerie_rating_value":"4.6","galerie_rating_count":"20","galerie_galerist":"","galerie_gruendung":"","galerie_artists_url":"https:\/\/burkhardeikelmann.com\/our-artists","galerie_about_url":"https:\/\/burkhardeikelmann.com\/ueber-uns","galerie_quelle_stadt":"D\u00fcsseldorf","galerie_werk_typ":"","galerie_online_shop":"","galerie_werk_signale":"","galerie_ranking_score":"0","galerie_ranking_rang":"7505","galerie_claimed_by":""},"kuenstler":[30479,3487,6779,22877,30480,1677,7782,11619,30478,30481,30482,30483,30484,22698,30485,4150,30486,12495,30487,3217,1658,18414,30488,16150,30489,2075,25772,1413],"galerie_stadt":[139],"galerie_typ":[],"galerie_land":[49],"class_list":["post-41006","galerie","type-galerie","status-publish","hentry","kuenstler-albana-ejupi","kuenstler-alex-katz","kuenstler-allen-jones","kuenstler-andreas-scholz","kuenstler-andreas-silbermann","kuenstler-andy-warhol","kuenstler-ausgestellte-kuenstler","kuenstler-billi-thanner","kuenstler-burkhard-eikelmann-galerie","kuenstler-david-dalla-venezia","kuenstler-greg-haberny","kuenstler-guido-sieber","kuenstler-heather-morgan","kuenstler-heiner-meyer","kuenstler-heinz-innerhofer","kuenstler-joseph-beuys","kuenstler-juergen-kuhl","kuenstler-kuenstler-der-galerie","kuenstler-manzur-kargar","kuenstler-maxim-wakultschik","kuenstler-mel-ramos","kuenstler-moritz-goetze","kuenstler-nathan-ritterpusch","kuenstler-nikolai-makarov","kuenstler-norbert-thiel","kuenstler-roy-lichtenstein","kuenstler-skip-to-the-content","kuenstler-ueber-uns","galerie_stadt-duesseldorf","galerie_land-de"],"acf":[],"_links":{"self":[{"href":"https:\/\/contemporary-arts.de\/index.php\/wp-json\/wp\/v2\/galerie\/41006","targetHints":{"allow":["GET"]}}],"collection":[{"href":"https:\/\/contemporary-arts.de\/index.php\/wp-json\/wp\/v2\/galerie"}],"about":[{"href":"https:\/\/contemporary-arts.de\/index.php\/wp-json\/wp\/v2\/types\/galerie"}],"author":[{"embeddable":true,"href":"https:\/\/contemporary-arts.de\/index.php\/wp-json\/wp\/v2\/users\/1"}],"wp:attachment":[{"href":"https:\/\/contemporary-arts.de\/index.php\/wp-json\/wp\/v2\/media?parent=41006"}],"wp:term":[{"taxonomy":"kuenstler","embeddable":true,"href":"https:\/\/contemporary-arts.de\/index.php\/wp-json\/wp\/v2\/kuenstler?post=41006"},{"taxonomy":"galerie_stadt","embeddable":true,"href":"https:\/\/contemporary-arts.de\/index.php\/wp-json\/wp\/v2\/galerie_stadt?post=41006"},{"taxonomy":"galerie_typ","embeddable":true,"href":"https:\/\/contemporary-arts.de\/index.php\/wp-json\/wp\/v2\/galerie_typ?post=41006"},{"taxonomy":"galerie_land","embeddable":true,"href":"https:\/\/contemporary-arts.de\/index.php\/wp-json\/wp\/v2\/galerie_land?post=41006"}],"curies":[{"name":"wp","href":"https:\/\/api.w.org\/{rel}","templated":true}]}}

<p>Im Programm von Burkhard Eikelmann Galerie in Düsseldorf steht vor allem Installation. Gezeigt werden Arbeiten von 28 Künstlerinnen und Künstlern.</p>

Dominikanerstraße 11

Düsseldorf
