{"id":41002,"date":"2026-09-06T10:55:25","date_gmt":"2026-09-06T10:55:25","guid":{"rendered":"https:\/\/contemporary-arts.de\/?post_type=galerie&#038;p=41002"},"modified":"2026-09-06T12:34:23","modified_gmt":"2026-09-06T12:34:23","slug":"jvdw-gallery","status":"publish","type":"galerie","link":"https:\/\/contemporary-arts.de\/index.php\/galerie\/jvdw-gallery\/","title":{"rendered":"JVDW gallery"},"content":{"rendered":"<p>Die Galerie JVDW gallery sitzt in D\u00fcsseldorf. Zum Programm geh\u00f6ren 56 K\u00fcnstlerinnen und K\u00fcnstler. Neben dem Programm vor Ort ist das Haus auf Kunstmessen vertreten.<\/p>\n","protected":false},"excerpt":{"rendered":"<p>Die Galerie JVDW gallery sitzt in D\u00fcsseldorf. Zum Programm geh\u00f6ren 56 K\u00fcnstlerinnen und K\u00fcnstler. Neben dem Programm vor Ort ist das Haus auf Kunstmessen vertreten.<\/p>\n","protected":false},"author":1,"featured_media":0,"template":"","meta":{"_acf_changed":false,"galerie_place_id":"ChIJ06v0dtHLuEcR8xEOaeosx44","galerie_address":"Little Tokyo DE, Marienstra\u00dfe 35","galerie_city":"D\u00fcsseldorf","galerie_zip":"40210","galerie_country":"DE","galerie_latitude":"51.223611","galerie_longitude":"6.7860132","galerie_phone":"","galerie_url":"https:\/\/jvdw.gallery\/","galerie_domain":"jvdw.gallery","galerie_rating_value":"5","galerie_rating_count":"14","galerie_galerist":"","galerie_gruendung":"","galerie_artists_url":"https:\/\/jvdw.gallery\/category\/artists\/","galerie_about_url":"","galerie_quelle_stadt":"D\u00fcsseldorf","galerie_werk_typ":"","galerie_online_shop":"","galerie_werk_signale":"","galerie_ranking_score":"0","galerie_ranking_rang":"7501","galerie_claimed_by":""},"kuenstler":[25952,30415,30416,30417,6077,30418,30419,30420,30421,30422,30423,30424,24787,30425,30426,30427,6592,21804,30428,30429,30430,30431,30432,30433,30434,30435,30436,30437,30438,30439,30440,30441,28816,30442,8987,30443,30444,30445,30446,12010,30447,29476,4447,29047,30448,30449,3709,30450,30451,6437,27765,30452,30453,30454,30455,30456],"galerie_stadt":[139],"galerie_typ":[],"galerie_land":[49],"class_list":["post-41002","galerie","type-galerie","status-publish","hentry","kuenstler-alissa-ritter","kuenstler-alyce-ford","kuenstler-amadeus-certa","kuenstler-annabelle-agbo-godeau","kuenstler-anne-fellner","kuenstler-arthur-loewen","kuenstler-billie-clarken","kuenstler-casey-bolding","kuenstler-clara-lane-lens","kuenstler-david-benedikt-wirth","kuenstler-david-ostrowski","kuenstler-david-schiesser","kuenstler-dennis-buck","kuenstler-emma-lokke","kuenstler-enya-burger","kuenstler-gowoon-lee","kuenstler-hannah-sophie-dunkelberg","kuenstler-henning-strassburger","kuenstler-ina-gerken","kuenstler-jan-luka-schmitz","kuenstler-johannes-herrmann","kuenstler-judit-kristensen","kuenstler-judith-dean","kuenstler-kevin-lowenthal","kuenstler-kevin-mcnamee-tweed","kuenstler-kolja-kaertner-sainz","kuenstler-laura-larraz","kuenstler-linus-berg","kuenstler-maja-guenther","kuenstler-manuel-betz","kuenstler-martin-gostner","kuenstler-mathias-weinfurter","kuenstler-matthias-dornfeld","kuenstler-ming-yuan","kuenstler-mona-schulzek","kuenstler-monty-richthofen","kuenstler-neven-allgeier","kuenstler-nora-isabelle-zielinski","kuenstler-oliver-osborne","kuenstler-paola-siri-renard","kuenstler-paul-robas","kuenstler-paulina-hoffmann","kuenstler-ricardo-passaporte","kuenstler-sara-rossi","kuenstler-sascha-brylla","kuenstler-sean-crossley","kuenstler-stefan-marx","kuenstler-stephen-kent","kuenstler-tadashi-toyama","kuenstler-tenki-hiramatsu","kuenstler-thomas-scheibitz","kuenstler-timo-luetke-deckenbrock","kuenstler-tom-krol","kuenstler-tomomi-yamakawa","kuenstler-travis-macdonald","kuenstler-victoria-pidust","galerie_stadt-duesseldorf","galerie_land-de"],"acf":[],"_links":{"self":[{"href":"https:\/\/contemporary-arts.de\/index.php\/wp-json\/wp\/v2\/galerie\/41002","targetHints":{"allow":["GET"]}}],"collection":[{"href":"https:\/\/contemporary-arts.de\/index.php\/wp-json\/wp\/v2\/galerie"}],"about":[{"href":"https:\/\/contemporary-arts.de\/index.php\/wp-json\/wp\/v2\/types\/galerie"}],"author":[{"embeddable":true,"href":"https:\/\/contemporary-arts.de\/index.php\/wp-json\/wp\/v2\/users\/1"}],"wp:attachment":[{"href":"https:\/\/contemporary-arts.de\/index.php\/wp-json\/wp\/v2\/media?parent=41002"}],"wp:term":[{"taxonomy":"kuenstler","embeddable":true,"href":"https:\/\/contemporary-arts.de\/index.php\/wp-json\/wp\/v2\/kuenstler?post=41002"},{"taxonomy":"galerie_stadt","embeddable":true,"href":"https:\/\/contemporary-arts.de\/index.php\/wp-json\/wp\/v2\/galerie_stadt?post=41002"},{"taxonomy":"galerie_typ","embeddable":true,"href":"https:\/\/contemporary-arts.de\/index.php\/wp-json\/wp\/v2\/galerie_typ?post=41002"},{"taxonomy":"galerie_land","embeddable":true,"href":"https:\/\/contemporary-arts.de\/index.php\/wp-json\/wp\/v2\/galerie_land?post=41002"}],"curies":[{"name":"wp","href":"https:\/\/api.w.org\/{rel}","templated":true}]}}

<p>Die Galerie JVDW gallery sitzt in Düsseldorf. Zum Programm gehören 56 Künstlerinnen und Künstler. Neben dem Programm vor Ort ist das Haus auf Kunstmessen vertreten.</p>

Little Tokyo DE, Marienstraße 35

Düsseldorf
