{"id":40943,"date":"2026-09-06T10:55:33","date_gmt":"2026-09-06T10:55:33","guid":{"rendered":"https:\/\/contemporary-arts.de\/?post_type=galerie&#038;p=40943"},"modified":"2026-09-06T12:37:07","modified_gmt":"2026-09-06T12:37:07","slug":"kunsthaus-buehler-gmbh-co-kg","status":"publish","type":"galerie","link":"https:\/\/contemporary-arts.de\/index.php\/galerie\/kunsthaus-buehler-gmbh-co-kg\/","title":{"rendered":"Kunsthaus B\u00fchler GmbH &amp; Co. KG"},"content":{"rendered":"<p>Kunsthaus B\u00fchler GmbH &#038; Co. KG konzentriert sich in Stuttgart auf Malerei. Gezeigt werden Arbeiten von 3 K\u00fcnstlerinnen und K\u00fcnstlern.<\/p>\n","protected":false},"excerpt":{"rendered":"<p>Kunsthaus B\u00fchler GmbH &#038; Co. KG konzentriert sich in Stuttgart auf Malerei. Gezeigt werden Arbeiten von 3 K\u00fcnstlerinnen und K\u00fcnstlern.<\/p>\n","protected":false},"author":1,"featured_media":0,"template":"","meta":{"_acf_changed":false,"galerie_place_id":"ChIJNWkyoMnEmUcRppxkxck-Il4","galerie_address":"Wagenburgstra\u00dfe 4","galerie_city":"Stuttgart","galerie_zip":"70184","galerie_country":"DE","galerie_latitude":"48.7781657","galerie_longitude":"9.1913287","galerie_phone":"+49711240507","galerie_url":"https:\/\/www.buehler-art.de\/","galerie_domain":"www.buehler-art.de","galerie_rating_value":"4.4","galerie_rating_count":"10","galerie_galerist":"","galerie_gruendung":"","galerie_artists_url":"https:\/\/www.buehler-art.de\/programm\/","galerie_about_url":"https:\/\/www.buehler-art.de\/galerie\/geschichte\/","galerie_quelle_stadt":"Stuttgart","galerie_werk_typ":"","galerie_online_shop":"","galerie_werk_signale":"","galerie_ranking_score":"0","galerie_ranking_rang":"7621","galerie_claimed_by":""},"kuenstler":[7651,31017,9633],"galerie_stadt":[199],"galerie_typ":[],"galerie_land":[49],"class_list":["post-40943","galerie","type-galerie","status-publish","hentry","kuenstler-allgemeine-geschaeftsbedingungen","kuenstler-alte-stiche","kuenstler-das-team","galerie_stadt-stuttgart","galerie_land-de"],"acf":[],"_links":{"self":[{"href":"https:\/\/contemporary-arts.de\/index.php\/wp-json\/wp\/v2\/galerie\/40943","targetHints":{"allow":["GET"]}}],"collection":[{"href":"https:\/\/contemporary-arts.de\/index.php\/wp-json\/wp\/v2\/galerie"}],"about":[{"href":"https:\/\/contemporary-arts.de\/index.php\/wp-json\/wp\/v2\/types\/galerie"}],"author":[{"embeddable":true,"href":"https:\/\/contemporary-arts.de\/index.php\/wp-json\/wp\/v2\/users\/1"}],"wp:attachment":[{"href":"https:\/\/contemporary-arts.de\/index.php\/wp-json\/wp\/v2\/media?parent=40943"}],"wp:term":[{"taxonomy":"kuenstler","embeddable":true,"href":"https:\/\/contemporary-arts.de\/index.php\/wp-json\/wp\/v2\/kuenstler?post=40943"},{"taxonomy":"galerie_stadt","embeddable":true,"href":"https:\/\/contemporary-arts.de\/index.php\/wp-json\/wp\/v2\/galerie_stadt?post=40943"},{"taxonomy":"galerie_typ","embeddable":true,"href":"https:\/\/contemporary-arts.de\/index.php\/wp-json\/wp\/v2\/galerie_typ?post=40943"},{"taxonomy":"galerie_land","embeddable":true,"href":"https:\/\/contemporary-arts.de\/index.php\/wp-json\/wp\/v2\/galerie_land?post=40943"}],"curies":[{"name":"wp","href":"https:\/\/api.w.org\/{rel}","templated":true}]}}

Kunsthaus Bühler GmbH &amp; Co. KG

<p>Kunsthaus Bühler GmbH &#038; Co. KG konzentriert sich in Stuttgart auf Malerei. Gezeigt werden Arbeiten von 3 Künstlerinnen und Künstlern.</p>

Wagenburgstraße 4
