{"id":40922,"date":"2026-09-06T10:55:31","date_gmt":"2026-09-06T10:55:31","guid":{"rendered":"https:\/\/contemporary-arts.de\/?post_type=galerie&#038;p=40922"},"modified":"2026-09-06T12:34:39","modified_gmt":"2026-09-06T12:34:39","slug":"kunsthalle-feuerbach-wolfgang-seitz","status":"publish","type":"galerie","link":"https:\/\/contemporary-arts.de\/index.php\/galerie\/kunsthalle-feuerbach-wolfgang-seitz\/","title":{"rendered":"Kunsthalle Feuerbach Wolfgang Seitz"},"content":{"rendered":"<p>Das Ausstellungshaus Kunsthalle Feuerbach Wolfgang Seitz sitzt in Stuttgart. Zum Programm geh\u00f6ren 3 K\u00fcnstlerinnen und K\u00fcnstler.<\/p>\n","protected":false},"excerpt":{"rendered":"<p>Das Ausstellungshaus Kunsthalle Feuerbach Wolfgang Seitz sitzt in Stuttgart. Zum Programm geh\u00f6ren 3 K\u00fcnstlerinnen und K\u00fcnstler.<\/p>\n","protected":false},"author":1,"featured_media":0,"template":"","meta":{"_acf_changed":false,"galerie_place_id":"ChIJUZ_8kZXamUcRHuTr8A1w5VA","galerie_address":"Friedrich-Scholer-Stra\u00dfe 13\/1","galerie_city":"","galerie_zip":"70469","galerie_country":"DE","galerie_latitude":"48.8213525","galerie_longitude":"9.1705784","galerie_phone":"+491792431501","galerie_url":"http:\/\/www.wolfgangseitz.de\/","galerie_domain":"www.wolfgangseitz.de","galerie_rating_value":"4.8","galerie_rating_count":"9","galerie_galerist":"","galerie_gruendung":"","galerie_artists_url":"https:\/\/www.wolfgangseitz.de\/index.php\/kuenstler\/","galerie_about_url":"","galerie_quelle_stadt":"Stuttgart","galerie_werk_typ":"","galerie_online_shop":"","galerie_werk_signale":"","galerie_ranking_score":"0","galerie_ranking_rang":"7600","galerie_claimed_by":""},"kuenstler":[1768,31015,31016],"galerie_stadt":[199],"galerie_typ":[],"galerie_land":[49],"class_list":["post-40922","galerie","type-galerie","status-publish","hentry","kuenstler-cookie-policy","kuenstler-tape-art","kuenstler-zu-meiner-arbeit","galerie_stadt-stuttgart","galerie_land-de"],"acf":[],"_links":{"self":[{"href":"https:\/\/contemporary-arts.de\/index.php\/wp-json\/wp\/v2\/galerie\/40922","targetHints":{"allow":["GET"]}}],"collection":[{"href":"https:\/\/contemporary-arts.de\/index.php\/wp-json\/wp\/v2\/galerie"}],"about":[{"href":"https:\/\/contemporary-arts.de\/index.php\/wp-json\/wp\/v2\/types\/galerie"}],"author":[{"embeddable":true,"href":"https:\/\/contemporary-arts.de\/index.php\/wp-json\/wp\/v2\/users\/1"}],"wp:attachment":[{"href":"https:\/\/contemporary-arts.de\/index.php\/wp-json\/wp\/v2\/media?parent=40922"}],"wp:term":[{"taxonomy":"kuenstler","embeddable":true,"href":"https:\/\/contemporary-arts.de\/index.php\/wp-json\/wp\/v2\/kuenstler?post=40922"},{"taxonomy":"galerie_stadt","embeddable":true,"href":"https:\/\/contemporary-arts.de\/index.php\/wp-json\/wp\/v2\/galerie_stadt?post=40922"},{"taxonomy":"galerie_typ","embeddable":true,"href":"https:\/\/contemporary-arts.de\/index.php\/wp-json\/wp\/v2\/galerie_typ?post=40922"},{"taxonomy":"galerie_land","embeddable":true,"href":"https:\/\/contemporary-arts.de\/index.php\/wp-json\/wp\/v2\/galerie_land?post=40922"}],"curies":[{"name":"wp","href":"https:\/\/api.w.org\/{rel}","templated":true}]}}

<p>Das Ausstellungshaus Kunsthalle Feuerbach Wolfgang Seitz sitzt in Stuttgart. Zum Programm gehören 3 Künstlerinnen und Künstler.</p>

Friedrich-Scholer-Straße 13/1
