{"id":40810,"date":"2026-09-06T10:55:37","date_gmt":"2026-09-06T10:55:37","guid":{"rendered":"https:\/\/contemporary-arts.de\/?post_type=galerie&#038;p=40810"},"modified":"2026-09-06T12:34:59","modified_gmt":"2026-09-06T12:34:59","slug":"galerie-thomas-fuchs-gmbh-co-kg","status":"publish","type":"galerie","link":"https:\/\/contemporary-arts.de\/index.php\/galerie\/galerie-thomas-fuchs-gmbh-co-kg\/","title":{"rendered":"Galerie Thomas Fuchs GmbH &amp; Co. KG"},"content":{"rendered":"<p>Galerie Thomas Fuchs GmbH &#038; Co. KG ist eine Galerie in Stuttgart. Zum Programm geh\u00f6ren 30 K\u00fcnstlerinnen und K\u00fcnstler.<\/p>\n","protected":false},"excerpt":{"rendered":"<p>Galerie Thomas Fuchs GmbH &#038; Co. KG ist eine Galerie in Stuttgart. Zum Programm geh\u00f6ren 30 K\u00fcnstlerinnen und K\u00fcnstler.<\/p>\n","protected":false},"author":1,"featured_media":0,"template":"","meta":{"_acf_changed":false,"galerie_place_id":"ChIJPXK_31HbmUcRtNuZAgSDauI","galerie_address":"Augustenstra\u00dfe 63","galerie_city":"","galerie_zip":"70178","galerie_country":"DE","galerie_latitude":"48.7698566","galerie_longitude":"9.1615279","galerie_phone":"+4971147988661","galerie_url":"https:\/\/www.galeriefuchs.de\/","galerie_domain":"www.galeriefuchs.de","galerie_rating_value":"4.2","galerie_rating_count":"5","galerie_galerist":"","galerie_gruendung":"","galerie_artists_url":"https:\/\/www.galeriefuchs.de\/de\/kuenstler.html","galerie_about_url":"","galerie_quelle_stadt":"Stuttgart","galerie_werk_typ":"","galerie_online_shop":"","galerie_werk_signale":"","galerie_ranking_score":"0","galerie_ranking_rang":"7741","galerie_claimed_by":""},"kuenstler":[31406,31404,5934,31408,31413,31414,31410,31421,31399,31420,31402,31419,31409,8056,31416,10902,31415,31418,31417,31401,25698,31400,13662,31405,31411,24861,31403,31407,3978,31412],"galerie_stadt":[199],"galerie_typ":[],"galerie_land":[49],"class_list":["post-40810","galerie","type-galerie","status-publish","hentry","kuenstler-ashley-norwood-cooper","kuenstler-bastian-boersig","kuenstler-bernd-kirschner","kuenstler-bertram-hasenauer","kuenstler-carlo-krone","kuenstler-dietmar-lutz","kuenstler-dylan-hurwitz","kuenstler-english-website","kuenstler-galerie-thomas-fuchs","kuenstler-guenter-zachariasen","kuenstler-james-bartolacci","kuenstler-jan-de-vliegher","kuenstler-jochen-hein","kuenstler-jochen-muehlenbrink","kuenstler-johannes-mueller","kuenstler-june-hwajung","kuenstler-justin-mortimer","kuenstler-logan-t-sibrel","kuenstler-martin-jan-van-santen","kuenstler-mona-ardeleanu","kuenstler-moritz-schleime","kuenstler-patrick-angus","kuenstler-rainer-fetting","kuenstler-rudy-cremonini","kuenstler-ruprecht-von-kaufmann","kuenstler-steven-black","kuenstler-tirtzah-bassel","kuenstler-tm-davy","kuenstler-viewing-rooms","kuenstler-yongchul-kim","galerie_stadt-stuttgart","galerie_land-de"],"acf":[],"_links":{"self":[{"href":"https:\/\/contemporary-arts.de\/index.php\/wp-json\/wp\/v2\/galerie\/40810","targetHints":{"allow":["GET"]}}],"collection":[{"href":"https:\/\/contemporary-arts.de\/index.php\/wp-json\/wp\/v2\/galerie"}],"about":[{"href":"https:\/\/contemporary-arts.de\/index.php\/wp-json\/wp\/v2\/types\/galerie"}],"author":[{"embeddable":true,"href":"https:\/\/contemporary-arts.de\/index.php\/wp-json\/wp\/v2\/users\/1"}],"wp:attachment":[{"href":"https:\/\/contemporary-arts.de\/index.php\/wp-json\/wp\/v2\/media?parent=40810"}],"wp:term":[{"taxonomy":"kuenstler","embeddable":true,"href":"https:\/\/contemporary-arts.de\/index.php\/wp-json\/wp\/v2\/kuenstler?post=40810"},{"taxonomy":"galerie_stadt","embeddable":true,"href":"https:\/\/contemporary-arts.de\/index.php\/wp-json\/wp\/v2\/galerie_stadt?post=40810"},{"taxonomy":"galerie_typ","embeddable":true,"href":"https:\/\/contemporary-arts.de\/index.php\/wp-json\/wp\/v2\/galerie_typ?post=40810"},{"taxonomy":"galerie_land","embeddable":true,"href":"https:\/\/contemporary-arts.de\/index.php\/wp-json\/wp\/v2\/galerie_land?post=40810"}],"curies":[{"name":"wp","href":"https:\/\/api.w.org\/{rel}","templated":true}]}}

<p>Galerie Thomas Fuchs GmbH &#038; Co. KG ist eine Galerie in Stuttgart. Zum Programm gehören 30 Künstlerinnen und Künstler.</p>

Augustenstraße 63
