{"id":40765,"date":"2026-09-06T10:55:39","date_gmt":"2026-09-06T10:55:39","guid":{"rendered":"https:\/\/contemporary-arts.de\/?post_type=galerie&#038;p=40765"},"modified":"2026-09-06T12:34:22","modified_gmt":"2026-09-06T12:34:22","slug":"kunsthaus-fischer","status":"publish","type":"galerie","link":"https:\/\/contemporary-arts.de\/index.php\/galerie\/kunsthaus-fischer\/","title":{"rendered":"Kunsthaus Fischer"},"content":{"rendered":"<p>Gezeigt wird bei Kunsthaus Fischer in Stuttgart \u00fcberwiegend Malerei, Druckgrafik und Skulptur. Gezeigt werden Arbeiten von 17 K\u00fcnstlerinnen und K\u00fcnstlern.<\/p>\n","protected":false},"excerpt":{"rendered":"<p>Gezeigt wird bei Kunsthaus Fischer in Stuttgart \u00fcberwiegend Malerei, Druckgrafik und Skulptur. Gezeigt werden Arbeiten von 17 K\u00fcnstlerinnen und K\u00fcnstlern.<\/p>\n","protected":false},"author":1,"featured_media":0,"template":"","meta":{"_acf_changed":false,"galerie_place_id":"ChIJSzo-kUvbmUcRQUrZKNvDpLk","galerie_address":"Torstra\u00dfe 23","galerie_city":"Stuttgart","galerie_zip":"70173","galerie_country":"DE","galerie_latitude":"48.7726584","galerie_longitude":"9.1768686","galerie_phone":"+49711244163","galerie_url":"https:\/\/www.kunsthaus-fischer.de\/","galerie_domain":"www.kunsthaus-fischer.de","galerie_rating_value":"3.9","galerie_rating_count":"16","galerie_galerist":"","galerie_gruendung":"","galerie_artists_url":"https:\/\/www.kunsthaus-fischer.de\/kuenstler\/","galerie_about_url":"https:\/\/www.kunsthaus-fischer.de\/ueber-die-galerie\/","galerie_quelle_stadt":"Stuttgart","galerie_werk_typ":"","galerie_online_shop":"","galerie_werk_signale":"","galerie_ranking_score":"0","galerie_ranking_rang":"7794","galerie_claimed_by":""},"kuenstler":[31510,17278,31507,6401,16866,15563,20416,31505,31506,31092,2938,9768,8838,31508,15769,31509,18057],"galerie_stadt":[199],"galerie_typ":[],"galerie_land":[49],"class_list":["post-40765","galerie","type-galerie","status-publish","hentry","kuenstler-alireza-varzandeh","kuenstler-basilius-kleinhans","kuenstler-beatriz-von-eidlitz","kuenstler-dieter-kraenzlein","kuenstler-eberhard-ross","kuenstler-gerd-kanz","kuenstler-juergen-reichert","kuenstler-kunsthaus-fischer","kuenstler-matthias-eder","kuenstler-mirja-wellmann","kuenstler-patrizia-casagranda","kuenstler-stolz-praesentiert-von-wordpress","kuenstler-ueber-die-galerie","kuenstler-ulrich-haug","kuenstler-ulrike-hansen","kuenstler-wolf-nkole-helzle","kuenstler-zum-primaeren-inhalt-springen","galerie_stadt-stuttgart","galerie_land-de"],"acf":[],"_links":{"self":[{"href":"https:\/\/contemporary-arts.de\/index.php\/wp-json\/wp\/v2\/galerie\/40765","targetHints":{"allow":["GET"]}}],"collection":[{"href":"https:\/\/contemporary-arts.de\/index.php\/wp-json\/wp\/v2\/galerie"}],"about":[{"href":"https:\/\/contemporary-arts.de\/index.php\/wp-json\/wp\/v2\/types\/galerie"}],"author":[{"embeddable":true,"href":"https:\/\/contemporary-arts.de\/index.php\/wp-json\/wp\/v2\/users\/1"}],"wp:attachment":[{"href":"https:\/\/contemporary-arts.de\/index.php\/wp-json\/wp\/v2\/media?parent=40765"}],"wp:term":[{"taxonomy":"kuenstler","embeddable":true,"href":"https:\/\/contemporary-arts.de\/index.php\/wp-json\/wp\/v2\/kuenstler?post=40765"},{"taxonomy":"galerie_stadt","embeddable":true,"href":"https:\/\/contemporary-arts.de\/index.php\/wp-json\/wp\/v2\/galerie_stadt?post=40765"},{"taxonomy":"galerie_typ","embeddable":true,"href":"https:\/\/contemporary-arts.de\/index.php\/wp-json\/wp\/v2\/galerie_typ?post=40765"},{"taxonomy":"galerie_land","embeddable":true,"href":"https:\/\/contemporary-arts.de\/index.php\/wp-json\/wp\/v2\/galerie_land?post=40765"}],"curies":[{"name":"wp","href":"https:\/\/api.w.org\/{rel}","templated":true}]}}

<p>Gezeigt wird bei Kunsthaus Fischer in Stuttgart überwiegend Malerei, Druckgrafik und Skulptur. Gezeigt werden Arbeiten von 17 Künstlerinnen und Künstlern.</p>

Torstraße 23
